CRAN Package Check Results for Package Bolstad2

Last updated on 2015-03-28 16:47:05.

Flavor Version Tinstall Tcheck Ttotal Status Flags
r-devel-linux-x86_64-debian-clang 1.0-28 0.76 18.07 18.83 NOTE
r-devel-linux-x86_64-debian-gcc 1.0-28 0.69 18.12 18.81 NOTE
r-devel-linux-x86_64-fedora-clang 1.0-28 37.96 NOTE
r-devel-linux-x86_64-fedora-gcc 1.0-28 35.49 NOTE
r-devel-osx-x86_64-clang 1.0-28 41.27 NOTE
r-prerel-windows-ix86+x86_64 1.0-28 3.00 30.00 33.00 NOTE
r-prerel-linux-x86_64 1.0-28 0.69 18.18 18.87 NOTE
r-prerel-solaris-sparc 1.0-28 250.90 NOTE
r-prerel-solaris-x86 1.0-28 47.50 NOTE
r-release-linux-x86_64 1.0-28 0.80 20.38 21.18 OK
r-release-osx-x86_64-mavericks 1.0-28 OK
r-release-windows-ix86+x86_64 1.0-28 4.00 41.00 45.00 OK
r-oldrel-windows-ix86+x86_64 1.0-28 2.00 30.00 32.00 OK

Check Details

Version: 1.0-28
Check: DESCRIPTION meta-information
Result: NOTE
    Malformed Description field: should contain one or more complete sentences.
Flavors: r-devel-linux-x86_64-debian-clang, r-devel-linux-x86_64-debian-gcc, r-devel-linux-x86_64-fedora-clang, r-devel-linux-x86_64-fedora-gcc, r-devel-osx-x86_64-clang, r-prerel-windows-ix86+x86_64, r-prerel-linux-x86_64, r-prerel-solaris-sparc, r-prerel-solaris-x86