CRAN Package Check Results for Package Bolstad2

Last updated on 2015-04-27 21:46:27.

Flavor Version Tinstall Tcheck Ttotal Status Flags
r-devel-linux-x86_64-debian-clang 1.0-28 0.73 18.06 18.79 NOTE
r-devel-linux-x86_64-debian-gcc 1.0-28 0.74 18.74 19.48 NOTE
r-devel-linux-x86_64-fedora-clang 1.0-28 38.28 NOTE
r-devel-linux-x86_64-fedora-gcc 1.0-28 35.75 NOTE
r-devel-osx-x86_64-clang 1.0-28 36.76 NOTE
r-devel-windows-ix86+x86_64 1.0-28 3.00 30.00 33.00 NOTE
r-patched-linux-x86_64 1.0-28 0.73 17.95 18.68 NOTE
r-patched-solaris-sparc 1.0-28 250.90 NOTE
r-patched-solaris-x86 1.0-28 47.60 NOTE
r-release-linux-x86_64 1.0-28 0.70 17.86 18.56 NOTE
r-release-osx-x86_64-mavericks 1.0-28 NOTE
r-release-osx-x86_64-snowleopard 1.0-28 NOTE
r-release-windows-ix86+x86_64 1.0-28 2.00 27.00 29.00 NOTE
r-oldrel-windows-ix86+x86_64 1.0-28 4.00 41.00 45.00 OK

Check Details

Version: 1.0-28
Check: DESCRIPTION meta-information
Result: NOTE
    Malformed Description field: should contain one or more complete sentences.
Flavors: r-devel-linux-x86_64-debian-clang, r-devel-linux-x86_64-debian-gcc, r-devel-linux-x86_64-fedora-clang, r-devel-linux-x86_64-fedora-gcc, r-devel-osx-x86_64-clang, r-devel-windows-ix86+x86_64, r-patched-solaris-sparc, r-patched-solaris-x86, r-release-linux-x86_64, r-release-osx-x86_64-mavericks, r-release-osx-x86_64-snowleopard, r-release-windows-ix86+x86_64