CRAN Package Check Results for Package Bolstad2

Last updated on 2015-07-02 19:46:58.

Flavor Version Tinstall Tcheck Ttotal Status Flags
r-devel-linux-x86_64-debian-clang 1.0-28 0.94 17.20 18.14 NOTE
r-devel-linux-x86_64-debian-gcc 1.0-28 0.71 17.79 18.50 NOTE
r-devel-linux-x86_64-fedora-clang 1.0-28 34.76 NOTE
r-devel-linux-x86_64-fedora-gcc 1.0-28 32.76 NOTE
r-devel-osx-x86_64-clang 1.0-28 35.35 NOTE
r-devel-windows-ix86+x86_64 1.0-28 5.00 29.00 34.00 NOTE
r-patched-linux-x86_64 1.0-28 0.67 17.62 18.29 NOTE
r-patched-solaris-sparc 1.0-28 229.10 NOTE
r-patched-solaris-x86 1.0-28 46.90 NOTE
r-release-linux-x86_64 1.0-28 0.98 17.89 18.87 NOTE
r-release-osx-x86_64-mavericks 1.0-28 NOTE
r-release-windows-ix86+x86_64 1.0-28 3.00 29.00 32.00 NOTE
r-oldrel-windows-ix86+x86_64 1.0-28 4.00 41.00 45.00 OK

Check Details

Version: 1.0-28
Check: DESCRIPTION meta-information
Result: NOTE
    Malformed Description field: should contain one or more complete sentences.
Flavors: r-devel-linux-x86_64-debian-clang, r-devel-linux-x86_64-debian-gcc, r-devel-linux-x86_64-fedora-clang, r-devel-linux-x86_64-fedora-gcc, r-devel-osx-x86_64-clang, r-devel-windows-ix86+x86_64, r-patched-linux-x86_64, r-patched-solaris-sparc, r-patched-solaris-x86, r-release-linux-x86_64, r-release-osx-x86_64-mavericks, r-release-windows-ix86+x86_64

Version: 1.0-28
Check: R code for possible problems
Result: NOTE
    BayesCPH: no visible global function definition for ‘rt’
    BayesCPH: no visible global function definition for ‘cov’
    BayesCPH: no visible global function definition for ‘dt’
    BayesCPH: no visible global function definition for ‘dnorm’
    BayesCPH: no visible global function definition for ‘runif’
    BayesCPH: no visible binding for global variable ‘sd’
    BayesCPH: no visible global function definition for ‘par’
    BayesCPH: no visible global function definition for ‘plot’
    BayesCPH: no visible global function definition for ‘ts’
    BayesCPH: no visible global function definition for ‘acf’
    BayesLogistic: no visible global function definition for ‘rt’
    BayesLogistic: no visible global function definition for ‘cov’
    BayesLogistic: no visible global function definition for ‘dt’
    BayesLogistic: no visible global function definition for ‘dnorm’
    BayesLogistic: no visible global function definition for ‘plot’
    BayesLogistic: no visible global function definition for ‘runif’
    BayesLogistic: no visible binding for global variable ‘sd’
    BayesLogistic: no visible global function definition for ‘par’
    BayesLogistic: no visible global function definition for ‘ts’
    BayesLogistic: no visible global function definition for ‘acf’
    BayesPois: no visible global function definition for ‘rt’
    BayesPois: no visible global function definition for ‘cov’
    BayesPois: no visible global function definition for ‘dt’
    BayesPois: no visible global function definition for ‘dnorm’
    BayesPois: no visible global function definition for ‘runif’
    BayesPois: no visible binding for global variable ‘sd’
    BayesPois: no visible global function definition for ‘par’
    BayesPois: no visible global function definition for ‘plot’
    BayesPois: no visible global function definition for ‘ts’
    BayesPois: no visible global function definition for ‘acf’
    GelmanRubin: no visible binding for global variable ‘var’
    bivnormMH: no visible global function definition for ‘runif’
    bivnormMH: no visible global function definition for ‘rnorm’
    bivnormMH: no visible global function definition for ‘plot’
    credInt: no visible global function definition for ‘approxfun’
    credInt: no visible global function definition for ‘quantile’
    credIntNum: no visible global function definition for ‘approxfun’
    credIntSamp: no visible global function definition for ‘quantile’
    describe: no visible binding for global variable ‘sd’
    describe: no visible binding for global variable ‘quantile’
    describe: no visible binding for global variable ‘median’
    hierMeanReg: no visible global function definition for ‘rnorm’
    hierMeanReg: no visible global function definition for ‘rchisq’
    hierMeanReg: no visible global function definition for ‘coef’
    hierMeanReg: no visible global function definition for ‘lm’
    normGibbs: no visible global function definition for ‘rchisq’
    normGibbs: no visible global function definition for ‘rnorm’
    normGibbs: no visible global function definition for ‘par’
    normGibbs: no visible global function definition for ‘plot’
    normGibbs: no visible global function definition for ‘ts’
    normGibbs: no visible global function definition for ‘hist’
    normGibbs: no visible global function definition for ‘sd’
    normGibbs: no visible global function definition for ‘dnorm’
    normGibbs: no visible global function definition for ‘lines’
    normMixMH: no visible global function definition for ‘dnorm’
    normMixMH: no visible global function definition for ‘rnorm’
    normMixMH: no visible global function definition for ‘runif’
    normMixMH: no visible global function definition for ‘par’
    normMixMH: no visible global function definition for ‘hist’
    normMixMH: no visible global function definition for ‘lines’
    normMixMH: no visible global function definition for ‘box’
    normMixMH: no visible global function definition for ‘plot’
    pNull: no visible global function definition for ‘ecdf’
    pNull: no visible global function definition for ‘approxfun’
    pnullNum: no visible global function definition for ‘approxfun’
    pnullSamp: no visible global function definition for ‘ecdf’
    sintegral: no visible global function definition for ‘approx’
    Undefined global functions or variables:
     acf approx approxfun box coef cov dnorm dt ecdf hist lines lm median
     par plot quantile rchisq rnorm rt runif sd ts var
Flavors: r-devel-linux-x86_64-debian-clang, r-devel-linux-x86_64-fedora-clang, r-devel-linux-x86_64-fedora-gcc

Version: 1.0-28
Check: R code for possible problems
Result: NOTE
    BayesCPH: no visible global function definition for ‘rt’
    BayesCPH: no visible global function definition for ‘cov’
    BayesCPH: no visible global function definition for ‘dt’
    BayesCPH: no visible global function definition for ‘dnorm’
    BayesCPH: no visible global function definition for ‘runif’
    BayesCPH: no visible binding for global variable ‘sd’
    BayesCPH: no visible global function definition for ‘par’
    BayesCPH: no visible global function definition for ‘plot’
    BayesCPH: no visible global function definition for ‘ts’
    BayesCPH: no visible global function definition for ‘acf’
    BayesLogistic: no visible global function definition for ‘rt’
    BayesLogistic: no visible global function definition for ‘cov’
    BayesLogistic: no visible global function definition for ‘dt’
    BayesLogistic: no visible global function definition for ‘dnorm’
    BayesLogistic: no visible global function definition for ‘plot’
    BayesLogistic: no visible global function definition for ‘runif’
    BayesLogistic: no visible binding for global variable ‘sd’
    BayesLogistic: no visible global function definition for ‘par’
    BayesLogistic: no visible global function definition for ‘ts’
    BayesLogistic: no visible global function definition for ‘acf’
    BayesPois: no visible global function definition for ‘rt’
    BayesPois: no visible global function definition for ‘cov’
    BayesPois: no visible global function definition for ‘dt’
    BayesPois: no visible global function definition for ‘dnorm’
    BayesPois: no visible global function definition for ‘runif’
    BayesPois: no visible binding for global variable ‘sd’
    BayesPois: no visible global function definition for ‘par’
    BayesPois: no visible global function definition for ‘plot’
    BayesPois: no visible global function definition for ‘ts’
    BayesPois: no visible global function definition for ‘acf’
    GelmanRubin: no visible binding for global variable ‘var’
    bivnormMH: no visible global function definition for ‘runif’
    bivnormMH: no visible global function definition for ‘rnorm’
    bivnormMH: no visible global function definition for ‘plot’
    credInt: no visible global function definition for ‘approxfun’
    credInt: no visible global function definition for ‘quantile’
    credIntNum: no visible global function definition for ‘approxfun’
    credIntSamp: no visible global function definition for ‘quantile’
    describe: no visible binding for global variable ‘sd’
    describe: no visible binding for global variable ‘quantile’
    describe: no visible binding for global variable ‘median’
    hierMeanReg: no visible global function definition for ‘rnorm’
    hierMeanReg: no visible global function definition for ‘rchisq’
    hierMeanReg: no visible global function definition for ‘coef’
    hierMeanReg: no visible global function definition for ‘lm’
    normGibbs: no visible global function definition for ‘rchisq’
    normGibbs: no visible global function definition for ‘rnorm’
    normGibbs: no visible global function definition for ‘par’
    normGibbs: no visible global function definition for ‘plot’
    normGibbs: no visible global function definition for ‘ts’
    normGibbs: no visible global function definition for ‘hist’
    normGibbs: no visible global function definition for ‘sd’
    normGibbs: no visible global function definition for ‘dnorm’
    normGibbs: no visible global function definition for ‘lines’
    normMixMH: no visible global function definition for ‘dnorm’
    normMixMH: no visible global function definition for ‘rnorm’
    normMixMH: no visible global function definition for ‘runif’
    normMixMH: no visible global function definition for ‘par’
    normMixMH: no visible global function definition for ‘hist’
    normMixMH: no visible global function definition for ‘lines’
    normMixMH: no visible global function definition for ‘box’
    normMixMH: no visible global function definition for ‘plot’
    pNull: no visible global function definition for ‘ecdf’
    pNull: no visible global function definition for ‘approxfun’
    pnullNum: no visible global function definition for ‘approxfun’
    pnullSamp: no visible global function definition for ‘ecdf’
    sintegral: no visible global function definition for ‘approx’
Flavor: r-devel-linux-x86_64-debian-gcc