CRAN Package Check Results for Package BoolNet

Last updated on 2016-12-11 06:57:12.

Flavor Version Tinstall Tcheck Ttotal Status Flags
r-devel-linux-x86_64-debian-clang 2.1.3 12.75 115.06 127.81 OK
r-devel-linux-x86_64-debian-gcc 2.1.3 18.72 116.34 135.06 OK
r-devel-linux-x86_64-fedora-clang 2.1.3 237.25 OK --no-stop-on-test-error
r-devel-linux-x86_64-fedora-gcc 2.1.3 240.85 OK --no-stop-on-test-error
r-devel-macos-x86_64-clang 2.1.3 172.93 OK --no-stop-on-test-error
r-devel-windows-ix86+x86_64 2.1.3 48.00 166.00 214.00 WARN
r-patched-linux-x86_64 2.1.3 15.76 109.16 124.92 OK
r-patched-solaris-sparc 2.1.3 1306.00 OK
r-patched-solaris-x86 2.1.3 277.20 OK
r-release-linux-x86_64 2.1.3 16.18 109.86 126.04 OK
r-release-osx-x86_64-mavericks 2.1.3 OK
r-release-windows-ix86+x86_64 2.1.3 66.00 197.00 263.00 OK
r-oldrel-windows-ix86+x86_64 2.1.3 55.00 260.00 315.00 OK

Check Details

Version: 2.1.3
Check: re-building of vignette outputs
Result: WARN
    Error in re-building vignettes:
     ...
    Warning in res[ord[idx]] <- r :
     number of items to replace is not a multiple of replacement length
    Warning in res[ord[idx]] <- r :
     number of items to replace is not a multiple of replacement length
    Warning in plotStateGraph(sim) :
     The parameter "highlightAttractors" is set to true although not enough information is available in stateGraph. Highlightning of attractors will be set to FALSE.
    
    Error: processing vignette 'BoolNet_package_vignette.Snw' failed with diagnostics:
     chunk 112
    Error in if (file.exists(dest) && file.mtime(dest) > file.mtime(lib) && :
     missing value where TRUE/FALSE needed
    Execution halted
Flavor: r-devel-windows-ix86+x86_64