CRAN Package Check Results for Package BoolNet

Last updated on 2018-06-22 03:49:18 CEST.

Flavor Version Tinstall Tcheck Ttotal Status Flags
r-devel-linux-x86_64-debian-clang 2.1.4 19.97 143.26 163.23 OK
r-devel-linux-x86_64-debian-gcc 2.1.4 21.86 129.69 151.55 OK
r-devel-linux-x86_64-fedora-clang 2.1.4 199.03 OK
r-devel-linux-x86_64-fedora-gcc 2.1.4 196.29 OK
r-devel-windows-ix86+x86_64 2.1.4 51.00 178.00 229.00 OK
r-patched-linux-x86_64 2.1.4 21.14 167.59 188.73 OK
r-patched-solaris-x86 2.1.4 120.40 WARN
r-release-linux-x86_64 2.1.4 26.95 167.09 194.04 OK
r-release-windows-ix86+x86_64 2.1.4 51.00 158.00 209.00 OK
r-release-osx-x86_64 2.1.4 OK
r-oldrel-windows-ix86+x86_64 2.1.4 67.00 224.00 291.00 OK
r-oldrel-osx-x86_64 2.1.3 NOTE

Check Details

Version: 2.1.4
Check: re-building of vignette outputs
Result: WARN
    Error in re-building vignettes:
     ...
    
    Error: processing vignette 'BoolNet_package_vignette.Snw' failed with diagnostics:
     chunk 13
    Error in (function (interaction, index, gene) :
     No values for the "don't care" entries were specified for gene "Fkh2"!
    Execution halted
Flavor: r-patched-solaris-x86

Version: 2.1.3
Check: re-building of vignette outputs
Result: NOTE
    Error in re-building vignettes:
     ...
    Warning in structure(x$children, class = "XMLNodeList") :
     Calling 'structure(NULL, *)' is deprecated, as NULL cannot have attributes.
     Consider 'structure(list(), *)' instead.
    Warning in structure(x$children, class = "XMLNodeList") :
     Calling 'structure(NULL, *)' is deprecated, as NULL cannot have attributes.
     Consider 'structure(list(), *)' instead.
    Warning in structure(x$children, class = "XMLNodeList") :
     Calling 'structure(NULL, *)' is deprecated, as NULL cannot have attributes.
     Consider 'structure(list(), *)' instead.
    Error in texi2dvi(file = file, pdf = TRUE, clean = clean, quiet = quiet, :
     Running 'texi2dvi' on 'BoolNet_package_vignette.tex' failed.
    LaTeX errors:
    ! LaTeX Error: File `a4wide.sty' not found.
    
    Type X to quit or <RETURN> to proceed,
    or enter new name. (Default extension: sty)
    
    ! Emergency stop.
    <read *>
    
    l.7 ^^M
    
    ! ==> Fatal error occurred, no output PDF file produced!
    Calls: buildVignettes -> texi2pdf -> texi2dvi
    Execution halted
Flavor: r-oldrel-osx-x86_64