CRAN Package Check Results for Package BoolNet

Last updated on 2017-01-20 13:46:49.

Flavor Version Tinstall Tcheck Ttotal Status Flags
r-devel-linux-x86_64-debian-clang 2.1.3 12.85 118.90 131.75 OK
r-devel-linux-x86_64-debian-gcc 2.1.3 18.04 113.14 131.18 OK
r-devel-linux-x86_64-fedora-clang 2.1.3 233.34 OK --no-stop-on-test-error
r-devel-linux-x86_64-fedora-gcc 2.1.3 260.06 OK --no-stop-on-test-error
r-devel-macos-x86_64-clang 2.1.3 173.33 OK --no-stop-on-test-error
r-devel-windows-ix86+x86_64 2.1.3 69.00 219.00 288.00 WARN
r-patched-linux-x86_64 2.1.3 15.60 117.16 132.75 OK
r-patched-solaris-sparc 2.1.3 1361.80 OK
r-patched-solaris-x86 2.1.3 335.70 OK
r-release-linux-x86_64 2.1.3 15.92 111.15 127.07 OK
r-release-osx-x86_64-mavericks 2.1.3 OK
r-release-windows-ix86+x86_64 2.1.3 48.00 314.00 362.00 OK
r-oldrel-windows-ix86+x86_64 2.1.3 49.00 284.00 333.00 OK

Check Details

Version: 2.1.3
Check: re-building of vignette outputs
Result: WARN
    Error in re-building vignettes:
     ...
    Warning in res[ord[idx]] <- r :
     number of items to replace is not a multiple of replacement length
    Warning in res[ord[idx]] <- r :
     number of items to replace is not a multiple of replacement length
    Warning in plotStateGraph(sim) :
     The parameter "highlightAttractors" is set to true although not enough information is available in stateGraph. Highlightning of attractors will be set to FALSE.
    
    Error: processing vignette 'BoolNet_package_vignette.Snw' failed with diagnostics:
     chunk 112
    Error in if (file.exists(dest) && file.mtime(dest) > file.mtime(lib) && :
     missing value where TRUE/FALSE needed
    Execution halted
Flavor: r-devel-windows-ix86+x86_64