CRAN Package Check Results for Package BoolNet

Last updated on 2015-08-28 06:47:10.

Flavor Version Tinstall Tcheck Ttotal Status Flags
r-devel-linux-x86_64-debian-clang 2.1.1 6.76 137.74 144.50 NOTE
r-devel-linux-x86_64-debian-gcc 2.1.1 13.66 127.63 141.28 NOTE
r-devel-linux-x86_64-fedora-clang 2.1.1 283.69 NOTE
r-devel-linux-x86_64-fedora-gcc 2.1.1 282.96 NOTE
r-devel-osx-x86_64-clang 2.1.1 240.98 OK
r-devel-windows-ix86+x86_64 2.1.1 61.00 335.00 396.00 NOTE
r-patched-linux-x86_64 2.1.1 13.66 133.96 147.63 OK
r-patched-solaris-sparc 2.1.1 1755.30 OK
r-patched-solaris-x86 2.1.1 330.40 OK
r-release-linux-x86_64 2.1.1 13.60 130.21 143.81 OK
r-release-osx-x86_64-mavericks 2.1.1 OK
r-release-windows-ix86+x86_64 2.1.1 53.00 252.00 305.00 OK
r-oldrel-windows-ix86+x86_64 2.1.1 53.00 283.00 336.00 OK

Check Details

Version: 2.1.1
Check: R code for possible problems
Result: NOTE
    binarizeTimeSeries : <anonymous>: no visible global function definition
     for ‘kmeans’
    binarizeTimeSeries : <anonymous>: no visible global function definition
     for ‘dist’
    generateCanalyzing: no visible global function definition for ‘runif’
    generateRandomNKNetwork: no visible global function definition for
     ‘rpois’
    generateRandomNKNetwork : <anonymous>: no visible global function
     definition for ‘runif’
    generateRandomStartStates: no visible global function definition for
     ‘runif’
    generateTimeSeries : <anonymous>: no visible global function definition
     for ‘runif’
    generateTimeSeries : <anonymous>: no visible global function definition
     for ‘rnorm’
    perturbNetwork: no visible global function definition for ‘runif’
    perturbNetwork : <anonymous>: no visible global function definition for
     ‘runif’
    perturbTrajectories : <anonymous>: no visible global function
     definition for ‘runif’
    plotAttractors: no visible global function definition for ‘par’
    plotAttractors : <anonymous>: no visible global function definition for
     ‘par’
    plotAttractors : <anonymous>: no visible global function definition for
     ‘dev.interactive’
    plotAttractors : <anonymous>: no visible global function definition for
     ‘plot’
    plotAttractors : <anonymous>: no visible global function definition for
     ‘axis’
    plotAttractors : <anonymous>: no visible global function definition for
     ‘rect’
    plotAttractors : <anonymous>: no visible global function definition for
     ‘abline’
    plotAttractors : <anonymous>: no visible global function definition for
     ‘text’
    plotAttractors : <anonymous>: no visible global function definition for
     ‘legend’
    plotNetworkWiring: no visible global function definition for
     ‘installed.packages’
    plotNetworkWiring: no visible global function definition for ‘plot’
    plotPBNTransitions: no visible global function definition for ‘plot’
    plotSequence: no visible global function definition for ‘plot’
    plotSequence: no visible global function definition for ‘axis’
    plotSequence: no visible global function definition for ‘rect’
    plotSequence: no visible global function definition for ‘abline’
    plotSequence: no visible global function definition for ‘text’
    plotSequence: no visible global function definition for ‘lines’
    plotSequence: no visible global function definition for ‘arrows’
    plotSequence: no visible global function definition for ‘legend’
    plotSequence: no visible global function definition for
     ‘installed.packages’
    plotStateGraph: no visible global function definition for
     ‘installed.packages’
    plotStateGraph: no visible global function definition for ‘legend’
    rzeta: no visible global function definition for ‘runif’
    scanStatistic: no visible global function definition for ‘tail’
    stateTransition : <anonymous>: no visible global function definition
     for ‘runif’
    stateTransition: no visible global function definition for ‘runif’
    testNetworkProperties: no visible global function definition for ‘hist’
    testNetworkProperties: no visible global function definition for ‘axis’
    testNetworkProperties: no visible global function definition for
     ‘abline’
    testNetworkProperties: no visible global function definition for ‘text’
    testNetworkProperties: no visible global function definition for
     ‘quantile’
    Undefined global functions or variables:
     abline arrows axis dev.interactive dist hist installed.packages
     kmeans legend lines par plot quantile rect rnorm rpois runif tail
     text
    Consider adding
     importFrom("grDevices", "dev.interactive")
     importFrom("graphics", "abline", "arrows", "axis", "hist", "legend",
     "lines", "par", "plot", "rect", "text")
     importFrom("stats", "dist", "kmeans", "quantile", "rnorm", "rpois",
     "runif")
     importFrom("utils", "installed.packages", "tail")
    to your NAMESPACE.
Flavors: r-devel-linux-x86_64-debian-clang, r-devel-linux-x86_64-debian-gcc, r-devel-linux-x86_64-fedora-clang, r-devel-linux-x86_64-fedora-gcc, r-devel-windows-ix86+x86_64