CRAN Package Check Results for Package BoolNet

Last updated on 2017-02-26 10:47:46.

Flavor Version Tinstall Tcheck Ttotal Status Flags
r-devel-linux-x86_64-debian-clang 2.1.3 12.72 114.25 126.97 NOTE
r-devel-linux-x86_64-debian-gcc 2.1.3 17.92 116.61 134.53 NOTE
r-devel-linux-x86_64-fedora-clang 2.1.3 229.29 NOTE --no-stop-on-test-error
r-devel-linux-x86_64-fedora-gcc 2.1.3 261.81 NOTE --no-stop-on-test-error
r-devel-macos-x86_64-clang 2.1.3 175.26 NOTE --no-stop-on-test-error
r-devel-windows-ix86+x86_64 2.1.3 69.00 285.00 354.00 OK
r-patched-linux-x86_64 2.1.3 15.92 108.89 124.81 OK
r-patched-solaris-sparc 2.1.3 1361.80 OK
r-patched-solaris-x86 2.1.3 281.90 OK
r-release-linux-x86_64 2.1.3 15.79 114.02 129.81 OK
r-release-osx-x86_64-mavericks 2.1.3 OK
r-release-windows-ix86+x86_64 2.1.3 70.00 294.00 364.00 OK
r-oldrel-windows-ix86+x86_64 2.1.3 55.00 294.00 349.00 OK

Check Details

Version: 2.1.3
Check: compiled code
Result: NOTE
    File ‘BoolNet/libs/BoolNet.so’:
     Found no calls to: ‘R_registerRoutines’, ‘R_useDynamicSymbols’
    
    It is good practice to register native routines and to disable symbol
    search.
    
    See ‘Writing portable packages’ in the ‘Writing R Extensions’ manual.
Flavors: r-devel-linux-x86_64-debian-clang, r-devel-linux-x86_64-debian-gcc

Version: 2.1.3
Flags: --no-stop-on-test-error
Check: compiled code
Result: NOTE
    File ‘BoolNet/libs/BoolNet.so’:
     Found no calls to: ‘R_registerRoutines’, ‘R_useDynamicSymbols’
    
    It is good practice to register native routines and to disable symbol
    search.
    
    See ‘Writing portable packages’ in the ‘Writing R Extensions’ manual.
Flavors: r-devel-linux-x86_64-fedora-clang, r-devel-linux-x86_64-fedora-gcc, r-devel-macos-x86_64-clang