CRAN Package Check Results for Package BoolNet

Last updated on 2014-07-25 01:48:42.

Flavor Version Tinstall Tcheck Ttotal Status Flags
r-devel-linux-x86_64-debian-clang 2.0 2.77 152.69 155.46 OK
r-devel-linux-x86_64-debian-gcc 2.0 8.61 149.20 157.81 OK
r-devel-linux-x86_64-fedora-clang 2.0 166.14 OK
r-devel-linux-x86_64-fedora-gcc 2.0 167.92 OK
r-devel-osx-x86_64-clang 2.0 239.91 OK
r-devel-windows-ix86+x86_64 2.0 24.00 238.00 262.00 OK
r-patched-linux-x86_64 2.0 8.82 150.68 159.50 OK
r-patched-solaris-sparc 2.0 1814.10 OK
r-patched-solaris-x86 2.0 339.50 OK
r-release-linux-ix86 2.0 10.81 190.78 201.60 OK
r-release-linux-x86_64 2.0 8.82 150.90 159.72 OK
r-release-osx-x86_64-mavericks 2.0 NOTE
r-release-osx-x86_64-snowleopard 2.0 OK
r-release-windows-ix86+x86_64 2.0 23.00 238.00 261.00 OK
r-oldrel-windows-ix86+x86_64 2.0 23.00 238.00 261.00 OK

Memtest notes: UBSAN UBSAN

Check Details

Version: 2.0
Check: re-building of vignette outputs
Result: NOTE
    Error in re-building vignettes:
     ...
    Loading required package: igraph
    Warning in res[ord[idx]] <- r :
     number of items to replace is not a multiple of replacement length
    Warning in res[ord[idx]] <- r :
     number of items to replace is not a multiple of replacement length
    Loading required package: XML
    
    Attaching package: ‘XML’
    
    The following object is masked from ‘package:tools’:
    
     toHTML
    
    Error in texi2dvi(file = file, pdf = TRUE, clean = clean, quiet = quiet, :
     Running 'texi2dvi' on 'BoolNet_package_vignette.tex' failed.
    LaTeX errors:
    ! LaTeX Error: File `a4wide.sty' not found.
    
    Type X to quit or <RETURN> to proceed,
    or enter new name. (Default extension: sty)
    
    _test/BoolNet/vignettes/BoolNet_package_vignette.tex:7: ==> Fatal error occurr
    ed, no output PDF file produced!
    Calls: buildVignettes -> texi2pdf -> texi2dvi
    Execution halted
Flavor: r-release-osx-x86_64-mavericks