CRAN Package Check Results for Package BoolNet

Last updated on 2014-12-22 21:47:11.

Flavor Version Tinstall Tcheck Ttotal Status Flags
r-devel-linux-x86_64-debian-clang 2.0.2 3.69 155.92 159.60 OK
r-devel-linux-x86_64-debian-gcc 2.0.2 9.42 151.43 160.85 OK
r-devel-linux-x86_64-fedora-clang 2.0.2 314.76 OK
r-devel-linux-x86_64-fedora-gcc 2.0.2 311.64 OK
r-devel-osx-x86_64-clang 2.0.2 261.62 OK
r-devel-windows-ix86+x86_64 2.0.2 26.00 255.00 281.00 OK
r-patched-linux-x86_64 2.0.2 9.48 167.32 176.80 OK
r-patched-solaris-sparc 2.0.2 2102.80 OK
r-patched-solaris-x86 2.0.2 352.50 OK
r-release-linux-ix86 2.0.2 10.89 206.45 217.34 OK
r-release-linux-x86_64 2.0.2 9.61 167.82 177.43 OK
r-release-osx-x86_64-mavericks 2.0.2 NOTE
r-release-osx-x86_64-snowleopard 2.0.2 OK
r-release-windows-ix86+x86_64 2.0.2 26.00 264.00 290.00 OK
r-oldrel-windows-ix86+x86_64 2.0.2 25.00 257.00 282.00 OK

Check Details

Version: 2.0.2
Check: re-building of vignette outputs
Result: NOTE
    Error in re-building vignettes:
     ...
    Warning in res[ord[idx]] <- r :
     number of items to replace is not a multiple of replacement length
    Warning in res[ord[idx]] <- r :
     number of items to replace is not a multiple of replacement length
    Error in texi2dvi(file = file, pdf = TRUE, clean = clean, quiet = quiet, :
     Running 'texi2dvi' on 'BoolNet_package_vignette.tex' failed.
    LaTeX errors:
    ! LaTeX Error: File `a4wide.sty' not found.
    
    Type X to quit or <RETURN> to proceed,
    or enter new name. (Default extension: sty)
    
    _test/BoolNet/vignettes/BoolNet_package_vignette.tex:7: ==> Fatal error occurr
    ed, no output PDF file produced!
    Calls: buildVignettes -> texi2pdf -> texi2dvi
    Execution halted
Flavor: r-release-osx-x86_64-mavericks