CRAN Package Check Results for Package BoolNet

Last updated on 2015-06-30 04:46:26.

Flavor Version Tinstall Tcheck Ttotal Status Flags
r-devel-linux-x86_64-debian-clang 2.1.1 6.77 136.65 143.42 NOTE
r-devel-linux-x86_64-debian-gcc 2.1.1 13.47 133.12 146.59 NOTE
r-devel-linux-x86_64-fedora-clang 2.1.1 284.08 OK
r-devel-linux-x86_64-fedora-gcc 2.1.1 289.41 OK
r-devel-osx-x86_64-clang 2.1.1 259.71 OK
r-devel-windows-ix86+x86_64 2.1.1 53.00 248.00 301.00 NOTE
r-patched-linux-x86_64 2.1.1 13.91 136.46 150.37 OK
r-patched-solaris-sparc 2.1.1 1993.80 OK
r-patched-solaris-x86 2.1.1 345.60 OK
r-release-linux-x86_64 2.1.1 14.39 130.22 144.61 OK
r-release-osx-x86_64-mavericks 2.1.1 OK
r-release-windows-ix86+x86_64 2.1.1 54.00 224.00 278.00 OK
r-oldrel-windows-ix86+x86_64 2.1.1 39.00 248.00 287.00 OK

Check Details

Version: 2.1.1
Check: R code for possible problems
Result: NOTE
    binarizeTimeSeries : <anonymous>: no visible global function definition
     for ‘kmeans’
    binarizeTimeSeries : <anonymous>: no visible global function definition
     for ‘dist’
    generateCanalyzing: no visible global function definition for ‘runif’
    generateRandomNKNetwork: no visible global function definition for
     ‘rpois’
    generateRandomNKNetwork : <anonymous>: no visible global function
     definition for ‘runif’
    generateRandomStartStates: no visible global function definition for
     ‘runif’
    generateTimeSeries : <anonymous>: no visible global function definition
     for ‘runif’
    generateTimeSeries : <anonymous>: no visible global function definition
     for ‘rnorm’
    perturbNetwork: no visible global function definition for ‘runif’
    perturbNetwork : <anonymous>: no visible global function definition for
     ‘runif’
    perturbTrajectories : <anonymous>: no visible global function
     definition for ‘runif’
    plotAttractors: no visible global function definition for ‘par’
    plotAttractors : <anonymous>: no visible global function definition for
     ‘par’
    plotAttractors : <anonymous>: no visible global function definition for
     ‘dev.interactive’
    plotAttractors : <anonymous>: no visible global function definition for
     ‘plot’
    plotAttractors : <anonymous>: no visible global function definition for
     ‘axis’
    plotAttractors : <anonymous>: no visible global function definition for
     ‘rect’
    plotAttractors : <anonymous>: no visible global function definition for
     ‘abline’
    plotAttractors : <anonymous>: no visible global function definition for
     ‘text’
    plotAttractors : <anonymous>: no visible global function definition for
     ‘legend’
    plotNetworkWiring: no visible global function definition for
     ‘installed.packages’
    plotNetworkWiring: no visible global function definition for ‘plot’
    plotPBNTransitions: no visible global function definition for ‘plot’
    plotSequence: no visible global function definition for ‘plot’
    plotSequence: no visible global function definition for ‘axis’
    plotSequence: no visible global function definition for ‘rect’
    plotSequence: no visible global function definition for ‘abline’
    plotSequence: no visible global function definition for ‘text’
    plotSequence: no visible global function definition for ‘lines’
    plotSequence: no visible global function definition for ‘arrows’
    plotSequence: no visible global function definition for ‘legend’
    plotSequence: no visible global function definition for
     ‘installed.packages’
    plotStateGraph: no visible global function definition for
     ‘installed.packages’
    plotStateGraph: no visible global function definition for ‘legend’
    rzeta: no visible global function definition for ‘runif’
    scanStatistic: no visible global function definition for ‘tail’
    stateTransition : <anonymous>: no visible global function definition
     for ‘runif’
    stateTransition: no visible global function definition for ‘runif’
    testNetworkProperties: no visible global function definition for ‘hist’
    testNetworkProperties: no visible global function definition for ‘axis’
    testNetworkProperties: no visible global function definition for
     ‘abline’
    testNetworkProperties: no visible global function definition for ‘text’
    testNetworkProperties: no visible global function definition for
     ‘quantile’
Flavors: r-devel-linux-x86_64-debian-clang, r-devel-linux-x86_64-debian-gcc, r-devel-windows-ix86+x86_64