CRAN Package Check Results for Package BoolNet

Last updated on 2014-10-31 15:50:04.

Flavor Version Tinstall Tcheck Ttotal Status Flags
r-devel-linux-x86_64-debian-clang 2.0.1 3.85 157.87 161.72 OK
r-devel-linux-x86_64-debian-gcc 2.0.1 9.25 153.70 162.95 OK
r-devel-linux-x86_64-fedora-clang 2.0.1 591.89 OK
r-devel-linux-x86_64-fedora-gcc 2.0.1 317.89 OK
r-devel-osx-x86_64-clang 2.0.1 262.88 OK
r-devel-windows-ix86+x86_64 2.0.1 25.00 233.00 258.00 OK
r-patched-linux-x86_64 2.0.1 10.92 163.63 174.56 OK
r-patched-solaris-sparc 2.0.1 1946.50 OK
r-patched-solaris-x86 2.0.1 363.70 OK
r-release-linux-ix86 2.0.1 11.58 215.68 227.26 OK
r-release-linux-x86_64 2.0.1 9.42 164.87 174.29 OK
r-release-osx-x86_64-mavericks 2.0.1 NOTE
r-release-osx-x86_64-snowleopard 2.0.1 OK
r-release-windows-ix86+x86_64 2.0.1 24.00 253.00 277.00 OK
r-oldrel-windows-ix86+x86_64 2.0.1 26.00 260.00 286.00 OK

Memtest notes: UBSAN-gcc UBSAN-gcc

Check Details

Version: 2.0.1
Check: re-building of vignette outputs
Result: NOTE
    Error in re-building vignettes:
     ...
    Warning in res[ord[idx]] <- r :
     number of items to replace is not a multiple of replacement length
    Warning in res[ord[idx]] <- r :
     number of items to replace is not a multiple of replacement length
    Error in texi2dvi(file = file, pdf = TRUE, clean = clean, quiet = quiet, :
     Running 'texi2dvi' on 'BoolNet_package_vignette.tex' failed.
    LaTeX errors:
    ! LaTeX Error: File `a4wide.sty' not found.
    
    Type X to quit or <RETURN> to proceed,
    or enter new name. (Default extension: sty)
    
    _test/BoolNet/vignettes/BoolNet_package_vignette.tex:7: ==> Fatal error occurr
    ed, no output PDF file produced!
    Calls: buildVignettes -> texi2pdf -> texi2dvi
    Execution halted
Flavor: r-release-osx-x86_64-mavericks