CRAN Package Check Results for Package BoolNet

Last updated on 2017-03-22 23:53:01.

Flavor Version Tinstall Tcheck Ttotal Status Flags
r-devel-linux-x86_64-debian-clang 2.1.3 13.37 118.40 131.77 NOTE
r-devel-linux-x86_64-debian-gcc 2.1.3 17.83 113.30 131.13 NOTE
r-devel-linux-x86_64-fedora-clang 2.1.3 230.85 NOTE --no-stop-on-test-error
r-devel-linux-x86_64-fedora-gcc 2.1.3 263.99 NOTE --no-stop-on-test-error
r-devel-macos-x86_64-clang 2.1.3 175.58 NOTE --no-stop-on-test-error
r-devel-windows-ix86+x86_64 2.1.3 52.00 159.00 211.00 WARN
r-patched-linux-x86_64 2.1.3 15.74 116.66 132.40 OK
r-patched-solaris-sparc 2.1.3 1744.30 OK
r-patched-solaris-x86 2.1.3 134.10 WARN
r-release-linux-x86_64 2.1.3 15.92 114.54 130.46 OK
r-release-osx-x86_64-mavericks 2.1.3 OK
r-release-windows-ix86+x86_64 2.1.3 88.00 204.00 292.00 OK
r-oldrel-windows-ix86+x86_64 2.1.3 57.00 394.00 451.00 OK

Check Details

Version: 2.1.3
Check: compiled code
Result: NOTE
    File ‘BoolNet/libs/BoolNet.so’:
     Found no calls to: ‘R_registerRoutines’, ‘R_useDynamicSymbols’
    
    It is good practice to register native routines and to disable symbol
    search.
    
    See ‘Writing portable packages’ in the ‘Writing R Extensions’ manual.
Flavors: r-devel-linux-x86_64-debian-clang, r-devel-linux-x86_64-debian-gcc

Version: 2.1.3
Flags: --no-stop-on-test-error
Check: compiled code
Result: NOTE
    File ‘BoolNet/libs/BoolNet.so’:
     Found no calls to: ‘R_registerRoutines’, ‘R_useDynamicSymbols’
    
    It is good practice to register native routines and to disable symbol
    search.
    
    See ‘Writing portable packages’ in the ‘Writing R Extensions’ manual.
Flavors: r-devel-linux-x86_64-fedora-clang, r-devel-linux-x86_64-fedora-gcc, r-devel-macos-x86_64-clang

Version: 2.1.3
Check: re-building of vignette outputs
Result: WARN
    Error in re-building vignettes:
     ...
    Warning in res[ord[idx]] <- r :
     number of items to replace is not a multiple of replacement length
    Warning in res[ord[idx]] <- r :
     number of items to replace is not a multiple of replacement length
    Warning in plotStateGraph(sim) :
     The parameter "highlightAttractors" is set to true although not enough information is available in stateGraph. Highlightning of attractors will be set to FALSE.
    
    Error: processing vignette 'BoolNet_package_vignette.Snw' failed with diagnostics:
     chunk 112
    Error in if (file.exists(dest) && file.mtime(dest) > file.mtime(lib) && :
     missing value where TRUE/FALSE needed
    Execution halted
Flavor: r-devel-windows-ix86+x86_64

Version: 2.1.3
Check: re-building of vignette outputs
Result: WARN
    Error in re-building vignettes:
     ...
    
    Error: processing vignette 'BoolNet_package_vignette.Snw' failed with diagnostics:
     chunk 13
    Error in (function (interaction, index, gene) :
     No values for the "don't care" entries were specified for gene "Fkh2"!
    Execution halted
Flavor: r-patched-solaris-x86