CRAN Package Check Results for Package BoolNet

Last updated on 2015-05-28 23:47:21.

Flavor Version Tinstall Tcheck Ttotal Status Flags
r-devel-linux-x86_64-debian-clang 2.1.1 6.37 150.81 157.18 OK
r-devel-linux-x86_64-debian-gcc 2.1.1 14.51 145.76 160.26 OK
r-devel-linux-x86_64-fedora-clang 2.1.1 304.08 OK
r-devel-linux-x86_64-fedora-gcc 2.1.1 305.84 OK
r-devel-osx-x86_64-clang 2.1.1 263.72 OK
r-devel-windows-ix86+x86_64 2.1.1 40.00 256.00 296.00 OK
r-patched-linux-x86_64 2.1.1 13.62 146.11 159.73 OK
r-patched-solaris-sparc 2.1.1 1993.80 OK
r-patched-solaris-x86 2.1.1 342.20 OK
r-release-linux-x86_64 2.1.1 14.40 150.05 164.46 OK
r-release-osx-x86_64-mavericks 2.1.1 OK
r-release-osx-x86_64-snowleopard 2.1.1 ERROR
r-release-windows-ix86+x86_64 2.1.1 42.00 240.00 282.00 OK
r-oldrel-windows-ix86+x86_64 2.1.1 39.00 237.00 276.00 OK

Check Details

Version: 2.1.1
Check: package dependencies
Result: ERROR
    Packages required but not available: ‘igraph’ ‘XML’
    
    See section ‘The DESCRIPTION file’ in the ‘Writing R Extensions’
    manual.
Flavor: r-release-osx-x86_64-snowleopard