CRAN Package Check Results for Package BoolNet

Last updated on 2014-09-18 14:46:49.

Flavor Version Tinstall Tcheck Ttotal Status Flags
r-devel-linux-x86_64-debian-clang 2.0.1 3.76 155.42 159.18 OK
r-devel-linux-x86_64-debian-gcc 2.0.1 9.30 150.49 159.79 OK
r-devel-linux-x86_64-fedora-clang 2.0.1 318.72 OK
r-devel-linux-x86_64-fedora-gcc 2.0.1 294.85 OK
r-devel-osx-x86_64-clang 2.0.1 243.81 OK
r-devel-windows-ix86+x86_64 2.0.1 26.00 244.00 270.00 OK
r-patched-linux-x86_64 2.0.1 10.17 160.31 170.48 OK
r-patched-solaris-sparc 2.0.1 1946.50 OK
r-patched-solaris-x86 2.0.1 406.50 OK
r-release-linux-ix86 2.0.1 11.62 216.08 227.69 OK
r-release-linux-x86_64 2.0.1 10.24 160.96 171.20 OK
r-release-osx-x86_64-mavericks 2.0.1 NOTE
r-release-osx-x86_64-snowleopard 2.0.1 OK
r-release-windows-ix86+x86_64 2.0.1 24.00 254.00 278.00 OK
r-oldrel-windows-ix86+x86_64 2.0.1 26.00 262.00 288.00 OK

Memtest notes: UBSAN-gcc UBSAN-gcc

Check Details

Version: 2.0.1
Check: re-building of vignette outputs
Result: NOTE
    Error in re-building vignettes:
     ...
    Warning in res[ord[idx]] <- r :
     number of items to replace is not a multiple of replacement length
    Warning in res[ord[idx]] <- r :
     number of items to replace is not a multiple of replacement length
    Error in texi2dvi(file = file, pdf = TRUE, clean = clean, quiet = quiet, :
     Running 'texi2dvi' on 'BoolNet_package_vignette.tex' failed.
    LaTeX errors:
    ! LaTeX Error: File `a4wide.sty' not found.
    
    Type X to quit or <RETURN> to proceed,
    or enter new name. (Default extension: sty)
    
    _test/BoolNet/vignettes/BoolNet_package_vignette.tex:7: ==> Fatal error occurr
    ed, no output PDF file produced!
    Calls: buildVignettes -> texi2pdf -> texi2dvi
    Execution halted
Flavor: r-release-osx-x86_64-mavericks