CRAN Package Check Results for Package BoolNet

Last updated on 2015-04-28 08:50:14.

Flavor Version Tinstall Tcheck Ttotal Status Flags
r-devel-linux-x86_64-debian-clang 2.1.1 6.56 153.40 159.96 OK
r-devel-linux-x86_64-debian-gcc 2.1.1 13.64 149.92 163.56 OK
r-devel-linux-x86_64-fedora-clang 2.1.1 314.37 OK
r-devel-linux-x86_64-fedora-gcc 2.1.1 315.45 OK
r-devel-osx-x86_64-clang 2.1.1 265.08 OK
r-devel-windows-ix86+x86_64 2.1.1 42.00 260.00 302.00 OK
r-patched-linux-x86_64 2.1.1 13.42 150.15 163.57 OK
r-patched-solaris-sparc 2.1.1 2097.90 OK
r-patched-solaris-x86 2.1.1 349.00 OK
r-release-linux-x86_64 2.1.1 13.36 157.70 171.07 OK
r-release-osx-x86_64-mavericks 2.1.1 ERROR
r-release-osx-x86_64-snowleopard 2.1.1 ERROR
r-release-windows-ix86+x86_64 2.1.1 43.00 252.00 295.00 OK
r-oldrel-windows-ix86+x86_64 2.1.1 34.00 267.00 301.00 OK

Check Details

Version: 2.1.1
Check: PDF version of manual
Result: WARN
    LaTeX errors when creating PDF version.
    This typically indicates Rd problems.
    LaTeX errors found:
    ! LaTeX Error: File `Rd.sty' not found.
    
    Type X to quit or <RETURN> to proceed,
    or enter new name. (Default extension: sty)
    
    ! Emergency stop.
    <read *>
    
    l.4 \usepackage
     {makeidx}^^M
    ! ==> Fatal error occurred, no output PDF file produced!
Flavor: r-release-osx-x86_64-mavericks

Version: 2.1.1
Check: PDF version of manual without hyperrefs or index
Result: ERROR
    Re-running with no redirection of stdout/stderr.
    * DONE
Flavor: r-release-osx-x86_64-mavericks

Version: 2.1.1
Check: package dependencies
Result: ERROR
    Packages required but not available: ‘igraph’ ‘XML’
    
    See section ‘The DESCRIPTION file’ in the ‘Writing R Extensions’
    manual.
Flavor: r-release-osx-x86_64-snowleopard