CRAN Package Check Results for Package BoostMLR

Last updated on 2022-12-07 17:50:22 CET.

Flavor Version Tinstall Tcheck Ttotal Status Flags
r-devel-linux-x86_64-debian-clang 1.0.3 65.28 42.99 108.27 OK
r-devel-linux-x86_64-debian-gcc 1.0.3 57.37 33.90 91.27 OK
r-devel-linux-x86_64-fedora-clang 1.0.3 157.77 OK
r-devel-linux-x86_64-fedora-gcc 1.0.3 156.25 OK
r-devel-windows-x86_64 1.0.3 54.00 94.00 148.00 OK
r-patched-linux-x86_64 1.0.3 57.23 42.94 100.17 OK
r-release-linux-x86_64 1.0.3 53.99 42.36 96.35 OK
r-release-macos-arm64 1.0.3 97.00 OK
r-release-macos-x86_64 1.0.3 190.00 NOTE
r-release-windows-x86_64 1.0.3 61.00 98.00 159.00 OK
r-oldrel-macos-arm64 1.0.3 50.00 NOTE
r-oldrel-macos-x86_64 1.0.3 78.00 NOTE
r-oldrel-windows-ix86+x86_64 1.0.3 141.00 96.00 237.00 OK

Check Details

Version: 1.0.3
Check: installed package size
Result: NOTE
     installed size is 6.3Mb
     sub-directories of 1Mb or more:
     libs 6.0Mb
Flavors: r-release-macos-x86_64, r-oldrel-macos-arm64, r-oldrel-macos-x86_64