CRAN Package Check Results for Package BootPR

Last updated on 2015-05-24 19:47:47.

Flavor Version Tinstall Tcheck Ttotal Status Flags
r-devel-linux-x86_64-debian-clang 0.60 0.66 19.07 19.73 NOTE
r-devel-linux-x86_64-debian-gcc 0.60 0.64 18.94 19.59 NOTE
r-devel-linux-x86_64-fedora-clang 0.60 37.91 NOTE
r-devel-linux-x86_64-fedora-gcc 0.60 35.69 NOTE
r-devel-osx-x86_64-clang 0.60 38.82 NOTE
r-devel-windows-ix86+x86_64 0.60 3.00 30.00 33.00 NOTE
r-patched-linux-x86_64 0.60 0.72 18.96 19.68 NOTE
r-patched-solaris-sparc 0.60 234.30 NOTE
r-patched-solaris-x86 0.60 46.00 NOTE
r-release-linux-x86_64 0.60 0.64 18.78 19.42 NOTE
r-release-osx-x86_64-mavericks 0.60 NOTE
r-release-osx-x86_64-snowleopard 0.60 NOTE
r-release-windows-ix86+x86_64 0.60 2.00 27.00 29.00 NOTE
r-oldrel-windows-ix86+x86_64 0.60 4.00 43.00 47.00 OK

Check Details

Version: 0.60
Check: DESCRIPTION meta-information
Result: NOTE
    Malformed Description field: should contain one or more complete sentences.
Flavors: r-devel-linux-x86_64-debian-clang, r-devel-linux-x86_64-debian-gcc, r-devel-linux-x86_64-fedora-clang, r-devel-linux-x86_64-fedora-gcc, r-devel-osx-x86_64-clang, r-devel-windows-ix86+x86_64, r-patched-linux-x86_64, r-patched-solaris-sparc, r-patched-solaris-x86, r-release-linux-x86_64, r-release-osx-x86_64-mavericks, r-release-osx-x86_64-snowleopard, r-release-windows-ix86+x86_64