CRAN Package Check Results for Package BootPR

Last updated on 2017-03-29 18:46:57.

Flavor Version Tinstall Tcheck Ttotal Status Flags
r-devel-linux-x86_64-debian-clang 0.60 0.77 21.42 22.19 NOTE
r-devel-linux-x86_64-debian-gcc 0.60 0.69 20.74 21.43 NOTE
r-devel-linux-x86_64-fedora-clang 0.60 37.69 NOTE --no-stop-on-test-error
r-devel-linux-x86_64-fedora-gcc 0.60 41.40 NOTE --no-stop-on-test-error
r-devel-macos-x86_64-clang 0.60 31.80 NOTE --no-stop-on-test-error
r-devel-windows-ix86+x86_64 0.60 3.00 38.00 41.00 NOTE
r-patched-linux-x86_64 0.60 0.72 21.03 21.75 NOTE
r-patched-solaris-sparc 0.60 231.30 NOTE
r-patched-solaris-x86 0.60 48.00 NOTE
r-release-linux-x86_64 0.60 0.65 19.14 19.79 NOTE
r-release-osx-x86_64-mavericks 0.60 NOTE
r-release-windows-ix86+x86_64 0.60 2.00 41.00 43.00 NOTE
r-oldrel-windows-ix86+x86_64 0.60 2.00 38.00 40.00 NOTE

Check Details

Version: 0.60
Check: DESCRIPTION meta-information
Result: NOTE
    Malformed Description field: should contain one or more complete sentences.
Flavors: r-devel-linux-x86_64-debian-clang, r-devel-linux-x86_64-debian-gcc, r-devel-windows-ix86+x86_64, r-patched-linux-x86_64, r-patched-solaris-sparc, r-patched-solaris-x86, r-release-linux-x86_64, r-release-osx-x86_64-mavericks, r-release-windows-ix86+x86_64, r-oldrel-windows-ix86+x86_64

Version: 0.60
Check: R code for possible problems
Result: NOTE
    AR.ForeB: no visible global function definition for ‘runif’
    ART.ForeB: no visible global function definition for ‘runif’
    Boot.PI: no visible global function definition for ‘runif’
    Boot.PI: no visible global function definition for ‘quantile’
    BootAfterBoot.PI: no visible global function definition for ‘runif’
    BootAfterBoot.PI: no visible global function definition for ‘quantile’
    BootAfterBootT.PI: no visible global function definition for ‘runif’
    BootAfterBootT.PI: no visible global function definition for ‘quantile’
    BootT.PI: no visible global function definition for ‘runif’
    BootT.PI: no visible global function definition for ‘quantile’
    Bootstrap: no visible global function definition for ‘runif’
    BootstrapB: no visible global function definition for ‘runif’
    BootstrapT: no visible global function definition for ‘runif’
    BootstrapTB: no visible global function definition for ‘runif’
    OLS.AR: no visible global function definition for ‘qnorm’
    OLS.ART: no visible global function definition for ‘qnorm’
    Plot.Fore: no visible global function definition for ‘ts’
    Plot.Fore: no visible global function definition for ‘ts.plot’
    Plot.Fore: no visible global function definition for ‘title’
    Plot.Fore: no visible global function definition for ‘time’
    Plot.Fore: no visible global function definition for ‘abline’
    Plot.PI: no visible global function definition for ‘ts’
    Plot.PI: no visible global function definition for ‘ts.plot’
    Plot.PI: no visible global function definition for ‘title’
    Plot.PI: no visible global function definition for ‘time’
    Plot.PI: no visible global function definition for ‘abline’
    RoyFuller1.PI: no visible global function definition for ‘runif’
    RoyFuller1.PI: no visible global function definition for ‘quantile’
    RoyFuller1T.PI: no visible global function definition for ‘runif’
    RoyFuller1T.PI: no visible global function definition for ‘quantile’
    RoyFuller2.PI: no visible global function definition for ‘runif’
    RoyFuller2.PI: no visible global function definition for ‘quantile’
    RoyFuller2T.PI: no visible global function definition for ‘runif’
    RoyFuller2T.PI: no visible global function definition for ‘quantile’
    ShamanStine1.PI: no visible global function definition for ‘runif’
    ShamanStine1.PI: no visible global function definition for ‘quantile’
    ShamanStine1T.PI: no visible global function definition for ‘runif’
    ShamanStine1T.PI: no visible global function definition for ‘quantile’
    ShamanStine2.PI: no visible global function definition for ‘runif’
    ShamanStine2.PI: no visible global function definition for ‘quantile’
    ShamanStine2T.PI: no visible global function definition for ‘runif’
    ShamanStine2T.PI: no visible global function definition for ‘quantile’
    alphas: no visible global function definition for ‘rnorm’
    alphas: no visible global function definition for ‘median’
    alphas0: no visible global function definition for ‘rnorm’
    alphas0: no visible global function definition for ‘median’
    Undefined global functions or variables:
     abline median qnorm quantile rnorm runif time title ts ts.plot
    Consider adding
     importFrom("graphics", "abline", "title")
     importFrom("stats", "median", "qnorm", "quantile", "rnorm", "runif",
     "time", "ts", "ts.plot")
    to your NAMESPACE file.
Flavors: r-devel-linux-x86_64-debian-clang, r-devel-linux-x86_64-debian-gcc, r-devel-windows-ix86+x86_64, r-patched-linux-x86_64, r-patched-solaris-sparc, r-patched-solaris-x86, r-release-linux-x86_64, r-release-osx-x86_64-mavericks, r-release-windows-ix86+x86_64

Version: 0.60
Flags: --no-stop-on-test-error
Check: DESCRIPTION meta-information
Result: NOTE
    Malformed Description field: should contain one or more complete sentences.
Flavors: r-devel-linux-x86_64-fedora-clang, r-devel-linux-x86_64-fedora-gcc, r-devel-macos-x86_64-clang

Version: 0.60
Flags: --no-stop-on-test-error
Check: R code for possible problems
Result: NOTE
    AR.ForeB: no visible global function definition for ‘runif’
    ART.ForeB: no visible global function definition for ‘runif’
    Boot.PI: no visible global function definition for ‘runif’
    Boot.PI: no visible global function definition for ‘quantile’
    BootAfterBoot.PI: no visible global function definition for ‘runif’
    BootAfterBoot.PI: no visible global function definition for ‘quantile’
    BootAfterBootT.PI: no visible global function definition for ‘runif’
    BootAfterBootT.PI: no visible global function definition for ‘quantile’
    BootT.PI: no visible global function definition for ‘runif’
    BootT.PI: no visible global function definition for ‘quantile’
    Bootstrap: no visible global function definition for ‘runif’
    BootstrapB: no visible global function definition for ‘runif’
    BootstrapT: no visible global function definition for ‘runif’
    BootstrapTB: no visible global function definition for ‘runif’
    OLS.AR: no visible global function definition for ‘qnorm’
    OLS.ART: no visible global function definition for ‘qnorm’
    Plot.Fore: no visible global function definition for ‘ts’
    Plot.Fore: no visible global function definition for ‘ts.plot’
    Plot.Fore: no visible global function definition for ‘title’
    Plot.Fore: no visible global function definition for ‘time’
    Plot.Fore: no visible global function definition for ‘abline’
    Plot.PI: no visible global function definition for ‘ts’
    Plot.PI: no visible global function definition for ‘ts.plot’
    Plot.PI: no visible global function definition for ‘title’
    Plot.PI: no visible global function definition for ‘time’
    Plot.PI: no visible global function definition for ‘abline’
    RoyFuller1.PI: no visible global function definition for ‘runif’
    RoyFuller1.PI: no visible global function definition for ‘quantile’
    RoyFuller1T.PI: no visible global function definition for ‘runif’
    RoyFuller1T.PI: no visible global function definition for ‘quantile’
    RoyFuller2.PI: no visible global function definition for ‘runif’
    RoyFuller2.PI: no visible global function definition for ‘quantile’
    RoyFuller2T.PI: no visible global function definition for ‘runif’
    RoyFuller2T.PI: no visible global function definition for ‘quantile’
    ShamanStine1.PI: no visible global function definition for ‘runif’
    ShamanStine1.PI: no visible global function definition for ‘quantile’
    ShamanStine1T.PI: no visible global function definition for ‘runif’
    ShamanStine1T.PI: no visible global function definition for ‘quantile’
    ShamanStine2.PI: no visible global function definition for ‘runif’
    ShamanStine2.PI: no visible global function definition for ‘quantile’
    ShamanStine2T.PI: no visible global function definition for ‘runif’
    ShamanStine2T.PI: no visible global function definition for ‘quantile’
    alphas: no visible global function definition for ‘rnorm’
    alphas: no visible global function definition for ‘median’
    alphas0: no visible global function definition for ‘rnorm’
    alphas0: no visible global function definition for ‘median’
    Undefined global functions or variables:
     abline median qnorm quantile rnorm runif time title ts ts.plot
    Consider adding
     importFrom("graphics", "abline", "title")
     importFrom("stats", "median", "qnorm", "quantile", "rnorm", "runif",
     "time", "ts", "ts.plot")
    to your NAMESPACE file.
Flavors: r-devel-linux-x86_64-fedora-clang, r-devel-linux-x86_64-fedora-gcc, r-devel-macos-x86_64-clang