CRAN Package Check Results for Package BootPR

Last updated on 2015-03-05 19:47:48.

Flavor Version Tinstall Tcheck Ttotal Status Flags
r-devel-linux-x86_64-debian-clang 0.60 0.66 19.27 19.92 NOTE
r-devel-linux-x86_64-debian-gcc 0.60 0.64 19.41 20.04 NOTE
r-devel-linux-x86_64-fedora-clang 0.60 38.18 NOTE
r-devel-linux-x86_64-fedora-gcc 0.60 35.29 NOTE
r-devel-osx-x86_64-clang 0.60 38.97 NOTE
r-devel-windows-ix86+x86_64 0.60 4.00 30.00 34.00 NOTE
r-patched-linux-x86_64 0.60 0.69 21.46 22.16 OK
r-patched-solaris-sparc 0.60 283.90 OK
r-patched-solaris-x86 0.60 52.40 OK
r-release-linux-ix86 0.60 0.96 28.97 29.94 OK
r-release-linux-x86_64 0.60 0.73 20.89 21.62 OK
r-release-osx-x86_64-mavericks 0.60 OK
r-release-osx-x86_64-snowleopard 0.60 OK
r-release-windows-ix86+x86_64 0.60 2.00 31.00 33.00 OK
r-oldrel-windows-ix86+x86_64 0.60 2.00 30.00 32.00 OK

Check Details

Version: 0.60
Check: DESCRIPTION meta-information
Result: NOTE
    Malformed Description field: should contain one or more complete sentences.
Flavors: r-devel-linux-x86_64-debian-clang, r-devel-linux-x86_64-debian-gcc, r-devel-linux-x86_64-fedora-clang, r-devel-linux-x86_64-fedora-gcc, r-devel-osx-x86_64-clang, r-devel-windows-ix86+x86_64