CRAN Package Check Results for Package BootPR

Last updated on 2015-04-27 10:48:40.

Flavor Version Tinstall Tcheck Ttotal Status Flags
r-devel-linux-x86_64-debian-clang 0.60 0.66 18.88 19.54 NOTE
r-devel-linux-x86_64-debian-gcc 0.60 0.72 18.44 19.16 NOTE
r-devel-linux-x86_64-fedora-clang 0.60 38.99 NOTE
r-devel-linux-x86_64-fedora-gcc 0.60 36.38 NOTE
r-devel-osx-x86_64-clang 0.60 36.81 NOTE
r-devel-windows-ix86+x86_64 0.60 3.00 29.00 32.00 NOTE
r-patched-linux-x86_64 0.60 0.64 18.60 19.24 NOTE
r-patched-solaris-sparc 0.60 259.60 NOTE
r-patched-solaris-x86 0.60 45.20 NOTE
r-release-linux-x86_64 0.60 0.65 18.72 19.37 NOTE
r-release-osx-x86_64-mavericks 0.60 NOTE
r-release-osx-x86_64-snowleopard 0.60 NOTE
r-release-windows-ix86+x86_64 0.60 2.00 27.00 29.00 NOTE
r-oldrel-windows-ix86+x86_64 0.60 4.00 43.00 47.00 OK

Check Details

Version: 0.60
Check: DESCRIPTION meta-information
Result: NOTE
    Malformed Description field: should contain one or more complete sentences.
Flavors: r-devel-linux-x86_64-debian-clang, r-devel-linux-x86_64-debian-gcc, r-devel-linux-x86_64-fedora-clang, r-devel-linux-x86_64-fedora-gcc, r-devel-osx-x86_64-clang, r-devel-windows-ix86+x86_64, r-patched-solaris-sparc, r-patched-solaris-x86, r-release-osx-x86_64-mavericks, r-release-osx-x86_64-snowleopard, r-release-windows-ix86+x86_64