CRAN Package Check Results for Package BootstrapQTL

Last updated on 2023-04-01 05:50:35 CEST.

Flavor Version Tinstall Tcheck Ttotal Status Flags
r-devel-linux-x86_64-debian-clang 1.0.5 3.04 43.70 46.74 OK
r-devel-linux-x86_64-debian-gcc 1.0.5 2.69 32.56 35.25 OK
r-devel-linux-x86_64-fedora-clang 1.0.5 58.90 OK
r-devel-linux-x86_64-fedora-gcc 1.0.5 57.19 OK
r-devel-windows-x86_64 1.0.5 18.00 0.00 18.00 NOTE
r-patched-linux-x86_64 1.0.5 3.77 40.19 43.96 OK
r-release-linux-x86_64 1.0.5 3.53 41.23 44.76 OK
r-release-macos-arm64 1.0.5 25.00 NOTE
r-release-macos-x86_64 1.0.5 30.00 OK
r-release-windows-x86_64 1.0.5 15.00 85.00 100.00 NOTE
r-oldrel-macos-arm64 1.0.5 30.00 NOTE
r-oldrel-macos-x86_64 1.0.5 40.00 OK
r-oldrel-windows-ix86+x86_64 1.0.5 8.00 71.00 79.00 NOTE

Check Details

Version: 1.0.5
Check: package dependencies
Result: NOTE
    Package suggested but not available for checking: 'doMC'
Flavors: r-devel-windows-x86_64, r-release-windows-x86_64, r-oldrel-windows-ix86+x86_64

Version: 1.0.5
Check: package dependencies
Result: NOTE
    Package suggested but not available for checking: ‘qvalue’
Flavors: r-release-macos-arm64, r-oldrel-macos-arm64

Version: 1.0.5
Check: Rd cross-references
Result: NOTE
    Package unavailable to check Rd xrefs: ‘qvalue’
Flavors: r-release-macos-arm64, r-oldrel-macos-arm64