CRAN Package Check Results for Package Boruta

Last updated on 2015-07-30 15:48:04.

Flavor Version Tinstall Tcheck Ttotal Status Flags
r-devel-linux-x86_64-debian-clang 4.0.0 0.56 10.86 11.43 NOTE
r-devel-linux-x86_64-debian-gcc 4.0.0 0.60 10.50 11.10 NOTE
r-devel-linux-x86_64-fedora-clang 4.0.0 21.01 NOTE
r-devel-linux-x86_64-fedora-gcc 4.0.0 19.82 NOTE
r-devel-osx-x86_64-clang 4.0.0 22.76 OK
r-devel-windows-ix86+x86_64 4.0.0 4.00 22.00 26.00 NOTE
r-patched-linux-x86_64 4.0.0 0.80 11.02 11.82 OK
r-patched-solaris-sparc 4.0.0 151.90 OK
r-patched-solaris-x86 4.0.0 31.50 OK
r-release-linux-x86_64 4.0.0 0.59 10.97 11.56 OK
r-release-osx-x86_64-mavericks 4.0.0 OK
r-release-windows-ix86+x86_64 4.0.0 4.00 37.00 41.00 OK
r-oldrel-windows-ix86+x86_64 4.0.0 5.00 36.00 41.00 OK

Check Details

Version: 4.0.0
Check: R code for possible problems
Result: NOTE
    .attListPrettyPrint: no visible global function definition for ‘head’
    Boruta.default : doTests: no visible global function definition for
     ‘p.adjust’
    Boruta.default : doTests: no visible global function definition for
     ‘pbinom’
    Boruta.formula: no visible global function definition for
     ‘terms.formula’
    TentativeRoughFix: no visible binding for global variable ‘median’
    TentativeRoughFix: no visible global function definition for ‘median’
    attStats : <anonymous>: no visible global function definition for
     ‘median’
    plot.Boruta: no visible binding for global variable ‘median’
    plot.Boruta: no visible global function definition for ‘boxplot’
    plotImpHistory: no visible global function definition for ‘matplot’
    Undefined global functions or variables:
     boxplot head matplot median p.adjust pbinom terms.formula
    Consider adding
     importFrom("graphics", "boxplot", "matplot")
     importFrom("stats", "median", "p.adjust", "pbinom", "terms.formula")
     importFrom("utils", "head")
    to your NAMESPACE.
Flavors: r-devel-linux-x86_64-debian-clang, r-devel-linux-x86_64-debian-gcc, r-devel-linux-x86_64-fedora-clang, r-devel-linux-x86_64-fedora-gcc, r-devel-windows-ix86+x86_64