CRAN Package Check Results for Package Boruta

Last updated on 2014-04-19 11:48:47.

Flavor Version Tinstall Tcheck Ttotal Status Flags
r-devel-linux-x86_64-debian-clang 3.0.0 0.78 14.85 15.63 NOTE
r-devel-linux-x86_64-debian-gcc 3.0.0 0.70 14.24 14.94 NOTE
r-devel-linux-x86_64-fedora-clang 3.0.0 28.94 NOTE
r-devel-linux-x86_64-fedora-gcc 3.0.0 26.92 NOTE
r-devel-macosx-x86_64-clang 3.0.0 30.61 NOTE
r-devel-macosx-x86_64-gcc 3.0.0 NOTE
r-devel-windows-ix86+x86_64 3.0.0 3.00 22.00 25.00 NOTE
r-patched-linux-x86_64 3.0.0 0.68 14.39 15.07 NOTE
r-patched-solaris-sparc 3.0.0 463.80 NOTE
r-patched-solaris-x86 3.0.0 39.90 NOTE
r-release-linux-ix86 3.0.0 2.00 35.00 37.00 NOTE
r-release-linux-x86_64 3.0.0 0.67 14.46 15.13 NOTE
r-release-macosx-x86_64 3.0.0 OK
r-release-windows-ix86+x86_64 3.0.0 4.00 23.00 27.00 NOTE
r-oldrel-windows-ix86+x86_64 3.0.0 4.00 26.00 30.00 NOTE

Check Details

Version: 3.0.0
Check: dependencies in R code
Result: NOTE
    Packages in Depends field not imported from:
     ‘rFerns’ ‘randomForest’
     These packages need to be imported from (in the NAMESPACE file)
     for when this namespace is loaded but not attached.
    See the information on DESCRIPTION files in the chapter ‘Creating R
    packages’ of the ‘Writing R Extensions’ manual.
Flavors: r-devel-linux-x86_64-debian-clang, r-devel-linux-x86_64-debian-gcc, r-devel-linux-x86_64-fedora-clang, r-devel-linux-x86_64-fedora-gcc, r-devel-macosx-x86_64-clang, r-devel-macosx-x86_64-gcc, r-devel-windows-ix86+x86_64, r-patched-linux-x86_64, r-patched-solaris-sparc, r-patched-solaris-x86, r-release-linux-ix86, r-release-linux-x86_64, r-release-windows-ix86+x86_64, r-oldrel-windows-ix86+x86_64