CRAN Package Check Results for Package Boruta

Last updated on 2017-06-23 21:47:52.

Flavor Version Tinstall Tcheck Ttotal Status Flags
r-devel-linux-x86_64-debian-clang 5.2.0 2.96 34.62 37.58 OK
r-devel-linux-x86_64-debian-gcc 5.2.0 2.72 35.32 38.03 OK
r-devel-linux-x86_64-fedora-clang 5.2.0 35.63 OK
r-devel-linux-x86_64-fedora-gcc 5.2.0 34.15 OK
r-devel-windows-ix86+x86_64 5.2.0 10.00 83.00 93.00 OK
r-patched-linux-x86_64 5.2.0 3.11 33.50 36.61 OK
r-patched-solaris-sparc 5.2.0 278.20 OK
r-patched-solaris-x86 5.2.0 86.70 OK
r-release-linux-x86_64 5.2.0 2.56 34.59 37.15 OK
r-release-windows-ix86+x86_64 5.2.0 3.00 8.00 11.00 ERROR
r-release-osx-x86_64 5.2.0 OK
r-oldrel-windows-ix86+x86_64 5.2.0 5.00 6.00 11.00 ERROR
r-oldrel-osx-x86_64 5.2.0 OK

Check Details

Version: 5.2.0
Check: whether package can be installed
Result: ERROR
    Installation failed.
Flavors: r-release-windows-ix86+x86_64, r-oldrel-windows-ix86+x86_64