CRAN Package Check Results for Package Boruta

Last updated on 2015-06-30 10:48:09.

Flavor Version Tinstall Tcheck Ttotal Status Flags
r-devel-linux-x86_64-debian-clang 4.0.0 0.59 10.61 11.20 NOTE
r-devel-linux-x86_64-debian-gcc 4.0.0 0.60 10.63 11.22 NOTE
r-devel-linux-x86_64-fedora-clang 4.0.0 20.39 OK
r-devel-linux-x86_64-fedora-gcc 4.0.0 20.41 OK
r-devel-osx-x86_64-clang 4.0.0 22.48 OK
r-devel-windows-ix86+x86_64 4.0.0 4.00 20.00 24.00 NOTE
r-patched-linux-x86_64 4.0.0 0.77 11.01 11.78 OK
r-patched-solaris-sparc 4.0.0 147.80 OK
r-patched-solaris-x86 4.0.0 31.40 OK
r-release-linux-x86_64 4.0.0 0.66 10.92 11.58 OK
r-release-osx-x86_64-mavericks 4.0.0 OK
r-release-windows-ix86+x86_64 4.0.0 4.00 23.00 27.00 OK
r-oldrel-windows-ix86+x86_64 4.0.0 5.00 23.00 28.00 OK

Check Details

Version: 4.0.0
Check: R code for possible problems
Result: NOTE
    .attListPrettyPrint: no visible global function definition for ‘head’
    Boruta.default : doTests: no visible global function definition for
     ‘p.adjust’
    Boruta.default : doTests: no visible global function definition for
     ‘pbinom’
    Boruta.formula: no visible global function definition for
     ‘terms.formula’
    TentativeRoughFix: no visible binding for global variable ‘median’
    TentativeRoughFix: no visible global function definition for ‘median’
    attStats : <anonymous>: no visible global function definition for
     ‘median’
    plot.Boruta: no visible binding for global variable ‘median’
    plot.Boruta: no visible global function definition for ‘boxplot’
    plotImpHistory: no visible global function definition for ‘matplot’
Flavors: r-devel-linux-x86_64-debian-clang, r-devel-linux-x86_64-debian-gcc, r-devel-windows-ix86+x86_64