CRAN Package Check Results for Package Boruta

Last updated on 2021-04-21 21:49:50 CEST.

Flavor Version Tinstall Tcheck Ttotal Status Flags
r-devel-linux-x86_64-debian-clang 7.0.0 2.32 103.29 105.61 OK
r-devel-linux-x86_64-debian-gcc 7.0.0 2.04 81.89 83.93 OK
r-devel-linux-x86_64-fedora-clang 7.0.0 117.83 OK
r-devel-linux-x86_64-fedora-gcc 7.0.0 122.94 OK
r-devel-windows-ix86+x86_64 7.0.0 5.00 95.00 100.00 OK
r-devel-windows-x86_64-gcc10-UCRT 7.0.0 OK
r-patched-linux-x86_64 7.0.0 6.23 99.79 106.02 WARN
r-patched-solaris-x86 7.0.0 1014.40 OK
r-release-linux-x86_64 7.0.0 2.63 101.57 104.20 OK
r-release-macos-x86_64 7.0.0 OK
r-release-windows-ix86+x86_64 7.0.0 6.00 70.00 76.00 OK
r-oldrel-macos-x86_64 7.0.0 OK
r-oldrel-windows-ix86+x86_64 7.0.0 12.00 92.00 104.00 OK

Check Details

Version: 7.0.0
Check: whether package can be installed
Result: WARN
    Found the following significant warnings:
     Rd warning: /tmp/Rtmp5YZY5v/R.INSTALL2f981011bce0/Boruta/man/getImpXgboost.Rd:14: file link ‘xgboost’ in package ‘xgboost’ does not exist and so has been treated as a topic
     Rd warning: /tmp/Rtmp5YZY5v/R.INSTALL2f981011bce0/Boruta/man/getImpXgboost.Rd:16: file link ‘xgboost’ in package ‘xgboost’ does not exist and so has been treated as a topic
     Rd warning: /tmp/Rtmp5YZY5v/R.INSTALL2f981011bce0/Boruta/man/getImpXgboost.Rd:18: file link ‘xgboost’ in package ‘xgboost’ does not exist and so has been treated as a topic
Flavor: r-patched-linux-x86_64