CRAN Package Check Results for Package Boruta

Last updated on 2019-03-19 00:47:44 CET.

Flavor Version Tinstall Tcheck Ttotal Status Flags
r-devel-linux-x86_64-debian-clang 6.0.0 6.32 95.13 101.45 OK
r-devel-linux-x86_64-debian-gcc 6.0.0 5.99 74.07 80.06 OK
r-devel-linux-x86_64-fedora-clang 6.0.0 105.98 OK
r-devel-linux-x86_64-fedora-gcc 6.0.0 125.31 OK
r-devel-windows-ix86+x86_64 6.0.0 16.00 112.00 128.00 OK
r-patched-linux-x86_64 6.0.0 4.70 73.03 77.73 OK
r-patched-solaris-x86 6.0.0 259.90 NOTE
r-release-linux-x86_64 6.0.0 3.77 72.73 76.50 OK
r-release-windows-ix86+x86_64 6.0.0 8.00 72.00 80.00 OK
r-release-osx-x86_64 6.0.0 OK
r-oldrel-windows-ix86+x86_64 6.0.0 8.00 107.00 115.00 OK
r-oldrel-osx-x86_64 6.0.0 OK

Check Details

Version: 6.0.0
Check: package dependencies
Result: NOTE
    Package suggested but not available for checking: ‘xgboost’
Flavor: r-patched-solaris-x86

Version: 6.0.0
Check: Rd cross-references
Result: NOTE
    Package unavailable to check Rd xrefs: ‘xgboost’
Flavor: r-patched-solaris-x86