CRAN Package Check Results for Package BradleyTerry2

Last updated on 2015-03-30 21:49:07.

Flavor Version Tinstall Tcheck Ttotal Status Flags
r-devel-linux-x86_64-debian-clang 1.0-6 4.36 74.01 78.36 OK
r-devel-linux-x86_64-debian-gcc 1.0-6 3.54 73.24 76.79 OK
r-devel-linux-x86_64-fedora-clang 1.0-6 155.30 OK
r-devel-linux-x86_64-fedora-gcc 1.0-6 144.09 OK
r-devel-osx-x86_64-clang 1.0-6 151.92 OK
r-prerel-windows-ix86+x86_64 1.0-6 10.00 107.00 117.00 OK
r-prerel-linux-x86_64 1.0-6 3.56 68.67 72.23 OK
r-prerel-solaris-sparc 1.0-6 998.40 OK
r-prerel-solaris-x86 1.0-6 201.90 OK
r-release-linux-x86_64 1.0-6 6.08 91.71 97.78 OK
r-release-osx-x86_64-mavericks 1.0-6 NOTE
r-release-osx-x86_64-snowleopard 1.0-6 OK
r-release-windows-ix86+x86_64 1.0-6 16.00 132.00 148.00 OK
r-oldrel-windows-ix86+x86_64 1.0-6 13.00 124.00 137.00 OK

Check Details

Version: 1.0-6
Check: re-building of vignette outputs
Result: NOTE
    Error in re-building vignettes:
     ...
     baseball
    
    Error in texi2dvi(file = file, pdf = TRUE, clean = clean, quiet = quiet, :
     Running 'texi2dvi' on 'BradleyTerry.tex' failed.
    LaTeX errors:
    ! LaTeX Error: Missing \begin{document}.
    
    See the LaTeX manual or LaTeX Companion for explanation.
    Type H <return> for immediate help.
     ...
    ! Missing $ inserted.
    <inserted text>
     $
    l.17 ...^^L<a6><eb>τ<f8><d7><e2><e2>_o<dd>z&^^D1<a6><b6>9<9f> ADL׭|<fe><f2><d4><d4>3O^^L|^
     <ab>^^E"^^Q<c9><d0><fb><ac><8e><d9>8]!F^^N<ef>Nx<eb>h...
    ! Missing $ inserted.
    <inserted text>
     $
    l.23 ...<f2><e5><cb>\.'<87>j6<9b><f2>^^^<f2><f4><f4><b4>^^P^^B^^Y <96><b5>V<ab>1Ƽ<f5><d5><d7><e9><cd><fb>^
     _<f3><89>^^NG(B<88>J<a5><c2>^^X<bb>{<f7><ee><e5>˗<e7><e7><e7>...
    ! Undefined control sequence.
    l.23 ...^L<c3>u]"*<95>J<ae><eb><e2>^^@<c7>0^^LUU]<d7>u]WU<d5>=<e7><ff><e6><b5>w^^@<f5>^\<eb>
     |^^@<96><cf><e7><b1>؏^^_?^^
    Calls: buildVignettes -> texi2pdf -> texi2dvi
    Execution halted
Flavor: r-release-osx-x86_64-mavericks