CRAN Package Check Results for Package BradleyTerry2

Last updated on 2015-01-28 17:55:12.

Flavor Version Tinstall Tcheck Ttotal Status Flags
r-devel-linux-x86_64-debian-clang 1.0-5 4.63 82.27 86.90 OK
r-devel-linux-x86_64-debian-gcc 1.0-5 4.30 79.75 84.05 OK
r-devel-linux-x86_64-fedora-clang 1.0-5 219.62 OK
r-devel-linux-x86_64-fedora-gcc 1.0-5 198.93 OK
r-devel-osx-x86_64-clang 1.0-5 189.02 OK
r-devel-windows-ix86+x86_64 1.0-5 13.00 113.00 126.00 OK
r-patched-linux-x86_64 1.0-5 5.17 90.52 95.70 OK
r-patched-solaris-sparc 1.0-5 1293.80 OK
r-patched-solaris-x86 1.0-5 284.00 OK
r-release-linux-ix86 1.0-5 5.91 106.94 112.85 OK
r-release-linux-x86_64 1.0-5 5.16 90.81 95.97 OK
r-release-osx-x86_64-mavericks 1.0-5 NOTE
r-release-osx-x86_64-snowleopard 1.0-5 OK
r-release-windows-ix86+x86_64 1.0-5 14.00 131.00 145.00 OK
r-oldrel-windows-ix86+x86_64 1.0-5 15.00 126.00 141.00 OK

Check Details

Version: 1.0-5
Check: re-building of vignette outputs
Result: NOTE
    Error in re-building vignettes:
     ...
    
     baseball
    
    Error in texi2dvi(file = file, pdf = TRUE, clean = clean, quiet = quiet, :
     Running 'texi2dvi' on 'BradleyTerry.tex' failed.
    LaTeX errors:
    ! LaTeX Error: Missing \begin{document}.
    
    See the LaTeX manual or LaTeX Companion for explanation.
    Type H <return> for immediate help.
     ...
    ! Undefined control sequence.
    l.17 ...<9d><9d><d5>u<9d>1<96>L&{<9f>ұi<af>b^^XW<e2><f1>G<a6>^^Y<8c><c5>*<86><c1>t<fd><99>^^P<ff>Z\<fc>
     <eb><ad>[τ <c6><d4>6<e7>3!<88><88>麕<cf>_<9e><9a>z扁<cf>...
    The control sequence at the end of the top line
    of your error message was never \def'ed. If you have
    ! Missing $ inserted.
    <inserted text>
     $
    l.17 ...^@+<c6>X<^^^^^WB<cc><cf><cf>^^?<fe><f9><e7><e9>t<fa><f9><f3><e7><c1>`^^P<e8>D<ef>څ<e6><e6><e6>^
     <bc>x1<<\<af><d7>?<fd><f4><d3>t:}<f5><ea>յ<b5><b5>T*u<e4>^...
    ! Undefined control sequence.
    l.17 ...^^^^WB<cc><cf><cf>^^?<fe><f9><e7><e9>t<fa><f9><f3><e7><c1>`^^P<e8>D<ef>څ<e6>
    Calls: buildVignettes -> texi2pdf -> texi2dvi
    Execution halted
Flavor: r-release-osx-x86_64-mavericks