CRAN Package Check Results for Package BradleyTerry2

Last updated on 2017-11-22 20:49:41 CET.

Flavor Version Tinstall Tcheck Ttotal Status Flags
r-devel-linux-x86_64-debian-clang 1.0-8 3.18 64.94 68.11 OK
r-devel-linux-x86_64-debian-gcc 1.0-8 4.54 145.36 149.90 OK
r-devel-linux-x86_64-fedora-clang 1.0-8 128.25 OK
r-devel-linux-x86_64-fedora-gcc 1.0-8 194.44 OK
r-devel-windows-ix86+x86_64 1.0-8 10.00 124.00 134.00 OK
r-patched-linux-x86_64 1.0-8 3.47 70.76 74.23 OK
r-patched-solaris-x86 1.0-8 212.80 OK
r-release-linux-x86_64 1.0-8 3.70 70.97 74.67 OK
r-release-windows-ix86+x86_64 1.0-8 10.00 120.00 130.00 OK
r-release-osx-x86_64 1.0-8 OK
r-oldrel-windows-ix86+x86_64 1.0-8 10.00 115.00 125.00 OK
r-oldrel-osx-x86_64 1.0-8 NOTE

Check Details

Version: 1.0-8
Check: re-building of vignette outputs
Result: NOTE
    Error in re-building vignettes:
     ...
    Warning in grepl("(Rerun to get|biblatex.*\\(re\\)run)", readLines(log, :
     input string 445 is invalid in this locale
    Error in texi2dvi(file = file, pdf = TRUE, clean = clean, quiet = quiet, :
     Running 'texi2dvi' on 'BradleyTerry.tex' failed.
    LaTeX errors:
    ! LaTeX Error: Missing \begin{document}.
    
    See the LaTeX manual or LaTeX Companion for explanation.
    Type H <return> for immediate help.
     ...
    ! Missing $ inserted.
    <inserted text>
     $
    l.18 ...<a3>B<88><b9><b9><b9><8f>?<fe>8<91>H<fc><f1><c7>^^_~<bf>^^_<e8>D<d3><b4>^^N<b9><cd><ce><ce>>}<fa><b4><bf><bf><bf>^
     <af>^^?<f8>ᇉDb|||mm-^^^<8f>^^_y<86>G...
    ! Undefined control sequence.
    l.19 <a1><cd>97M3^^V<8b>u<ce>gO<ba><f0><bd><b3>L<e7>\<bc>
     6<a1>%<95>J<9d><ce><<8e>C^^G`<d7>s<ee>{'<89>9^^O&$D<e3><e3><e3>><9f><af>V<ab><85>B<a1>n<a7><0b>t<ee><b5><f7><d7>^^N...
    The control sequence at the end of the top line
    of your error message was never \def'ed. If you have
    ! Extra }, or forgotten $.
    l.23 ...B<88><9d><9d>^^]<84>iDs<c3>0B<a1><90><db>^^Uc<b1><98>a^^X<96>e^^E<83>A<8f><c7>S*<95><9e>>}
    
    Calls: buildVignettes -> texi2pdf -> texi2dvi
    Execution halted
Flavor: r-oldrel-osx-x86_64