CRAN Package Check Results for Package BradleyTerry2

Last updated on 2015-07-04 16:46:16.

Flavor Version Tinstall Tcheck Ttotal Status Flags
r-devel-linux-x86_64-debian-clang 1.0-6 3.50 67.95 71.45 NOTE
r-devel-linux-x86_64-debian-gcc 1.0-6 3.50 67.36 70.86 NOTE
r-devel-linux-x86_64-fedora-clang 1.0-6 148.16 NOTE
r-devel-linux-x86_64-fedora-gcc 1.0-6 141.44 NOTE
r-devel-osx-x86_64-clang 1.0-6 127.22 OK
r-devel-windows-ix86+x86_64 1.0-6 10.00 104.00 114.00 NOTE
r-patched-linux-x86_64 1.0-6 3.65 67.09 70.74 OK
r-patched-solaris-sparc 1.0-6 987.20 OK
r-patched-solaris-x86 1.0-6 201.20 OK
r-release-linux-x86_64 1.0-6 3.66 68.52 72.18 OK
r-release-osx-x86_64-mavericks 1.0-6 NOTE
r-release-windows-ix86+x86_64 1.0-6 15.00 92.00 107.00 OK
r-oldrel-windows-ix86+x86_64 1.0-6 15.00 125.00 140.00 OK

Check Details

Version: 1.0-6
Check: R code for possible problems
Result: NOTE
    BTabilities: no visible global function definition for ‘model.matrix’
    BTabilities: no visible global function definition for ‘terms’
    BTabilities: no visible global function definition for ‘reformulate’
    BTabilities: no visible global function definition for ‘model.frame’
    BTabilities: no visible binding for global variable ‘na.pass’
    BTabilities: no visible global function definition for ‘model.offset’
    BTabilities: no visible global function definition for ‘vcov’
    BTabilities: no visible global function definition for ‘na.exclude’
    BTabilities: no visible global function definition for ‘C’
    BTabilities: no visible global function definition for ‘relevel’
    BTabilities: no visible global function definition for ‘contrasts’
    BTm: no visible binding for global variable ‘binomial’
    BTm.setup: no visible global function definition for ‘reformulate’
    Diff: no visible global function definition for ‘reformulate’
    Diff: no visible global function definition for ‘is.empty.model’
    Diff: no visible global function definition for ‘terms’
    Diff: no visible global function definition for ‘model.frame’
    Diff: no visible binding for global variable ‘na.pass’
    Diff: no visible global function definition for ‘relevel’
    Diff: no visible global function definition for ‘model.offset’
    Diff : recode: no visible global function definition for ‘relevel’
    Diff: no visible global function definition for ‘model.matrix’
    Diff: no visible global function definition for ‘na.omit’
    GenDavidson : <anonymous>: no visible global function definition for
     ‘runif’
    GenDavidsonTie: no visible binding for global variable ‘coef’
    GenDavidsonTie: no visible global function definition for ‘plogis’
    add1.BTm: no visible global function definition for ‘formula’
    add1.BTm: no visible global function definition for ‘update.formula’
    add1.BTm: no visible global function definition for ‘add.scope’
    add1.BTm: no visible global function definition for ‘terms’
    add1.BTm: no visible global function definition for ‘reformulate’
    add1.BTm: no visible global function definition for ‘update’
    add1.BTm: no visible binding for global variable ‘model.frame’
    add1.BTm: no visible global function definition for ‘model.response’
    add1.BTm: no visible global function definition for ‘model.weights’
    add1.BTm: no visible global function definition for ‘model.offset’
    add1.BTm: no visible global function definition for ‘coef’
    add1.BTm: no visible global function definition for ‘vcov’
    add1.BTm: no visible global function definition for ‘pchisq’
    add1.BTm: no visible global function definition for ‘pf’
    anova.BTm : <anonymous>: no visible global function definition for
     ‘formula’
    anova.BTm: no visible global function definition for ‘model.matrix’
    anova.BTm: no visible global function definition for ‘coef’
    anova.BTm: no visible global function definition for ‘vcov’
    anova.BTm: no visible global function definition for ‘formula’
    anova.BTm: no visible global function definition for ‘pchisq’
    anova.BTm: no visible global function definition for ‘pf’
    anova.BTmlist : <anonymous>: no visible global function definition for
     ‘formula’
    anova.BTmlist : <anonymous>: no visible global function definition for
     ‘terms’
    anova.BTmlist : <anonymous>: no visible global function definition for
     ‘fitted’
    anova.BTmlist : <anonymous>: no visible global function definition for
     ‘na.omit’
    anova.BTmlist : <anonymous>: no visible global function definition for
     ‘coef’
    anova.BTmlist: no visible global function definition for ‘coef’
    anova.BTmlist: no visible global function definition for ‘vcov’
    anova.BTmlist: no visible global function definition for ‘pchisq’
    anova.BTmlist: no visible global function definition for ‘pf’
    drop1.BTm: no visible global function definition for ‘model.matrix’
    drop1.BTm: no visible global function definition for ‘terms’
    drop1.BTm: no visible global function definition for ‘formula’
    drop1.BTm: no visible global function definition for ‘drop.scope’
    drop1.BTm: no visible global function definition for ‘update.formula’
    drop1.BTm: no visible global function definition for ‘coef’
    drop1.BTm: no visible global function definition for ‘vcov’
    drop1.BTm: no visible global function definition for ‘pchisq’
    drop1.BTm: no visible global function definition for ‘pf’
    glmmPQL: no visible binding for global variable ‘binomial’
    glmmPQL: no visible global function definition for ‘terms’
    glmmPQL: no visible binding for global variable ‘model.frame’
    glmmPQL: no visible global function definition for ‘model.response’
    glmmPQL: no visible global function definition for ‘model.weights’
    glmmPQL: no visible global function definition for ‘model.offset’
    glmmPQL: no visible global function definition for ‘is.empty.model’
    glmmPQL: no visible global function definition for ‘model.matrix’
    glmmPQL: no visible global function definition for ‘glm.fit’
    glmmPQL: no visible global function definition for ‘.getXlevels’
    glmmPQL.fit: Error while checking: invalid ‘envir’ argument
    model.frame.BTm: no visible binding for global variable ‘model.frame’
    plotProportions: no visible global function definition for ‘plot’
    plotProportions: no visible global function definition for ‘points’
    plotProportions: no visible global function definition for ‘curve’
    plotProportions: no visible global function definition for ‘na.omit’
    predict.BTglmmPQL: no visible binding for global variable ‘na.pass’
    predict.BTglmmPQL: no visible global function definition for
     ‘delete.response’
    predict.BTglmmPQL: no visible global function definition for
     ‘model.frame’
    predict.BTglmmPQL: no visible global function definition for
     ‘.checkMFClasses’
    predict.BTglmmPQL: no visible global function definition for
     ‘model.matrix’
    predict.BTglmmPQL: no visible global function definition for
     ‘napredict’
    predict.BTglmmPQL: no visible global function definition for ‘family’
    predict.BTglmmPQL: no visible global function definition for
     ‘na.exclude’
    predict.BTm: no visible binding for global variable ‘na.pass’
    predict.BTm: no visible global function definition for ‘model.matrix’
    predict.BTm: no visible global function definition for ‘reformulate’
    print.BTglmmPQL: no visible global function definition for ‘coef’
    print.BTglmmPQL: no visible global function definition for ‘naprint’
    print.summary.BTglmmPQL: no visible global function definition for
     ‘printCoefmat’
    print.summary.BTglmmPQL: no visible global function definition for
     ‘naprint’
    print.summary.BTglmmPQL: no visible global function definition for
     ‘symnum’
    residuals.BTm: no visible global function definition for ‘as.formula’
    residuals.BTm: no visible global function definition for ‘terms’
    residuals.BTm: no visible global function definition for ‘model.frame’
    residuals.BTm: no visible global function definition for ‘model.matrix’
    summary.BTglmmPQL: no visible global function definition for ‘coef’
    summary.BTglmmPQL: no visible global function definition for ‘pnorm’
    Undefined global functions or variables:
     .checkMFClasses .getXlevels C add.scope as.formula binomial coef
     contrasts curve delete.response drop.scope family fitted formula
     glm.fit is.empty.model model.frame model.matrix model.offset
     model.response model.weights na.exclude na.omit na.pass napredict
     naprint pchisq pf plogis plot pnorm points printCoefmat reformulate
     relevel runif symnum terms update update.formula vcov
Flavors: r-devel-linux-x86_64-debian-clang, r-devel-linux-x86_64-debian-gcc, r-devel-linux-x86_64-fedora-clang, r-devel-linux-x86_64-fedora-gcc

Version: 1.0-6
Check: R code for possible problems
Result: NOTE
    BTabilities: no visible global function definition for 'model.matrix'
    BTabilities: no visible global function definition for 'terms'
    BTabilities: no visible global function definition for 'reformulate'
    BTabilities: no visible global function definition for 'model.frame'
    BTabilities: no visible binding for global variable 'na.pass'
    BTabilities: no visible global function definition for 'model.offset'
    BTabilities: no visible global function definition for 'vcov'
    BTabilities: no visible global function definition for 'na.exclude'
    BTabilities: no visible global function definition for 'C'
    BTabilities: no visible global function definition for 'relevel'
    BTabilities: no visible global function definition for 'contrasts'
    BTm: no visible binding for global variable 'binomial'
    BTm.setup: no visible global function definition for 'reformulate'
    Diff: no visible global function definition for 'reformulate'
    Diff: no visible global function definition for 'is.empty.model'
    Diff: no visible global function definition for 'terms'
    Diff: no visible global function definition for 'model.frame'
    Diff: no visible binding for global variable 'na.pass'
    Diff: no visible global function definition for 'relevel'
    Diff: no visible global function definition for 'model.offset'
    Diff : recode: no visible global function definition for 'relevel'
    Diff: no visible global function definition for 'model.matrix'
    Diff: no visible global function definition for 'na.omit'
    GenDavidson : <anonymous>: no visible global function definition for
     'runif'
    GenDavidsonTie: no visible binding for global variable 'coef'
    GenDavidsonTie: no visible global function definition for 'plogis'
    add1.BTm: no visible global function definition for 'formula'
    add1.BTm: no visible global function definition for 'update.formula'
    add1.BTm: no visible global function definition for 'add.scope'
    add1.BTm: no visible global function definition for 'terms'
    add1.BTm: no visible global function definition for 'reformulate'
    add1.BTm: no visible global function definition for 'update'
    add1.BTm: no visible binding for global variable 'model.frame'
    add1.BTm: no visible global function definition for 'model.response'
    add1.BTm: no visible global function definition for 'model.weights'
    add1.BTm: no visible global function definition for 'model.offset'
    add1.BTm: no visible global function definition for 'coef'
    add1.BTm: no visible global function definition for 'vcov'
    add1.BTm: no visible global function definition for 'pchisq'
    add1.BTm: no visible global function definition for 'pf'
    anova.BTm : <anonymous>: no visible global function definition for
     'formula'
    anova.BTm: no visible global function definition for 'model.matrix'
    anova.BTm: no visible global function definition for 'coef'
    anova.BTm: no visible global function definition for 'vcov'
    anova.BTm: no visible global function definition for 'formula'
    anova.BTm: no visible global function definition for 'pchisq'
    anova.BTm: no visible global function definition for 'pf'
    anova.BTmlist : <anonymous>: no visible global function definition for
     'formula'
    anova.BTmlist : <anonymous>: no visible global function definition for
     'terms'
    anova.BTmlist : <anonymous>: no visible global function definition for
     'fitted'
    anova.BTmlist : <anonymous>: no visible global function definition for
     'na.omit'
    anova.BTmlist : <anonymous>: no visible global function definition for
     'coef'
    anova.BTmlist: no visible global function definition for 'coef'
    anova.BTmlist: no visible global function definition for 'vcov'
    anova.BTmlist: no visible global function definition for 'pchisq'
    anova.BTmlist: no visible global function definition for 'pf'
    drop1.BTm: no visible global function definition for 'model.matrix'
    drop1.BTm: no visible global function definition for 'terms'
    drop1.BTm: no visible global function definition for 'formula'
    drop1.BTm: no visible global function definition for 'drop.scope'
    drop1.BTm: no visible global function definition for 'update.formula'
    drop1.BTm: no visible global function definition for 'coef'
    drop1.BTm: no visible global function definition for 'vcov'
    drop1.BTm: no visible global function definition for 'pchisq'
    drop1.BTm: no visible global function definition for 'pf'
    glmmPQL: no visible binding for global variable 'binomial'
    glmmPQL: no visible global function definition for 'terms'
    glmmPQL: no visible binding for global variable 'model.frame'
    glmmPQL: no visible global function definition for 'model.response'
    glmmPQL: no visible global function definition for 'model.weights'
    glmmPQL: no visible global function definition for 'model.offset'
    glmmPQL: no visible global function definition for 'is.empty.model'
    glmmPQL: no visible global function definition for 'model.matrix'
    glmmPQL: no visible global function definition for 'glm.fit'
    glmmPQL: no visible global function definition for '.getXlevels'
    glmmPQL.fit: no visible global function definition for 'gaussian'
    glmmPQL.fit: no visible global function definition for 'flush.console'
    glmmPQL.fit: no visible global function definition for 'optimize'
    model.frame.BTm: no visible binding for global variable 'model.frame'
    plotProportions: no visible global function definition for 'plot'
    plotProportions: no visible global function definition for 'points'
    plotProportions: no visible global function definition for 'curve'
    plotProportions: no visible global function definition for 'na.omit'
    predict.BTglmmPQL: no visible binding for global variable 'na.pass'
    predict.BTglmmPQL: no visible global function definition for
     'delete.response'
    predict.BTglmmPQL: no visible global function definition for
     'model.frame'
    predict.BTglmmPQL: no visible global function definition for
     '.checkMFClasses'
    predict.BTglmmPQL: no visible global function definition for
     'model.matrix'
    predict.BTglmmPQL: no visible global function definition for
     'napredict'
    predict.BTglmmPQL: no visible global function definition for 'family'
    predict.BTglmmPQL: no visible global function definition for
     'na.exclude'
    predict.BTm: no visible binding for global variable 'na.pass'
    predict.BTm: no visible global function definition for 'model.matrix'
    predict.BTm: no visible global function definition for 'reformulate'
    print.BTglmmPQL: no visible global function definition for 'coef'
    print.BTglmmPQL: no visible global function definition for 'naprint'
    print.summary.BTglmmPQL: no visible global function definition for
     'printCoefmat'
    print.summary.BTglmmPQL: no visible global function definition for
     'naprint'
    print.summary.BTglmmPQL: no visible global function definition for
     'symnum'
    residuals.BTm: no visible global function definition for 'as.formula'
    residuals.BTm: no visible global function definition for 'terms'
    residuals.BTm: no visible global function definition for 'model.frame'
    residuals.BTm: no visible global function definition for 'model.matrix'
    summary.BTglmmPQL: no visible global function definition for 'coef'
    summary.BTglmmPQL: no visible global function definition for 'pnorm'
    Undefined global functions or variables:
     .checkMFClasses .getXlevels C add.scope as.formula binomial coef
     contrasts curve delete.response drop.scope family fitted
     flush.console formula gaussian glm.fit is.empty.model model.frame
     model.matrix model.offset model.response model.weights na.exclude
     na.omit na.pass napredict naprint optimize pchisq pf plogis plot
     pnorm points printCoefmat reformulate relevel runif symnum terms
     update update.formula vcov
Flavor: r-devel-windows-ix86+x86_64

Version: 1.0-6
Check: re-building of vignette outputs
Result: NOTE
    Error in re-building vignettes:
     ...
    The following object is masked from 'package:BradleyTerry2':
    
     baseball
    
    Error in texi2dvi(file = file, pdf = TRUE, clean = clean, quiet = quiet, :
     Running 'texi2dvi' on 'BradleyTerry.tex' failed.
    LaTeX errors:
    ! LaTeX Error: Missing \begin{document}.
    
    See the LaTeX manual or LaTeX Companion for explanation.
    Type H <return> for immediate help.
     ...
    ! Extra }, or forgotten \endgroup.
    l.15 ...^^/b<9e><97>-qL^^C<c3>:<c4><d9>8<c4>~<87><df><f3><bc>} `<83>1 <94><ef><80>Ƴ<df><ce><ce>7ߟ<f9>}
     <df>^^L}<cd>f<93>N/)o{^^B<bd><a5>3<f1>N2<9d><89>w<92>...
    I've deleted a group-closing symbol because it seems to be
    spurious, as in `$x}$'. But perhaps the } is legitimate and
    ! Extra }, or forgotten \endgroup.
    l.15 ...<97>-qL^^C<c3>:<c4><d9>8<c4>~<87><df><f3><bc>} `<83>1 <94><ef><80>Ƴ<df><ce><ce>7ߟ<f9>}<df>^^L}
     <cd>f<93>N/)o{^^B<bd><a5>3<f1>N2<9d><89>w<92><e9>L<bc><93>L...
    I've deleted a group-closing symbol because it seems to be
    spurious, as in `$x}$'. But perhaps the } is legitimate and
    !
    Calls: buildVignettes -> texi2pdf -> texi2dvi
    Execution halted
Flavor: r-release-osx-x86_64-mavericks