CRAN Package Check Results for Package BradleyTerry2

Last updated on 2015-05-22 11:47:53.

Flavor Version Tinstall Tcheck Ttotal Status Flags
r-devel-linux-x86_64-debian-clang 1.0-6 4.64 72.79 77.43 OK
r-devel-linux-x86_64-debian-gcc 1.0-6 3.66 68.90 72.56 OK
r-devel-linux-x86_64-fedora-clang 1.0-6 158.88 OK
r-devel-linux-x86_64-fedora-gcc 1.0-6 148.22 OK
r-devel-osx-x86_64-clang 1.0-6 138.80 OK
r-devel-windows-ix86+x86_64 1.0-6 15.00 102.00 117.00 OK
r-patched-linux-x86_64 1.0-6 3.67 69.97 73.64 OK
r-patched-solaris-sparc 1.0-6 998.40 OK
r-patched-solaris-x86 1.0-6 203.90 OK
r-release-linux-x86_64 1.0-6 3.75 70.04 73.80 OK
r-release-osx-x86_64-mavericks 1.0-6 NOTE
r-release-osx-x86_64-snowleopard 1.0-6 OK
r-release-windows-ix86+x86_64 1.0-6 13.00 105.00 118.00 OK
r-oldrel-windows-ix86+x86_64 1.0-6 14.00 120.00 134.00 OK

Check Details

Version: 1.0-6
Check: re-building of vignette outputs
Result: NOTE
    Error in re-building vignettes:
     ...
    The following object is masked from 'package:BradleyTerry2':
    
     baseball
    
    Error in texi2dvi(file = file, pdf = TRUE, clean = clean, quiet = quiet, :
     Running 'texi2dvi' on 'BradleyTerry.tex' failed.
    LaTeX errors:
    ! LaTeX Error: Missing \begin{document}.
    
    See the LaTeX manual or LaTeX Companion for explanation.
    Type H <return> for immediate help.
     ...
    ! Extra }, or forgotten \endgroup.
    l.15 ...^^/b<9e><97>-qL^^C<c3>:<c4><d9>8<c4>~<87><df><f3><bc>} `<83>1 <94><ef><80>Ƴ<df><ce><ce>7ߟ<f9>}
     <df>^^L}<cd>f<93>N/)o{^^B<bd><a5>3<f1>N2<9d><89>w<92>...
    I've deleted a group-closing symbol because it seems to be
    spurious, as in `$x}$'. But perhaps the } is legitimate and
    ! Extra }, or forgotten \endgroup.
    l.15 ...<97>-qL^^C<c3>:<c4><d9>8<c4>~<87><df><f3><bc>} `<83>1 <94><ef><80>Ƴ<df><ce><ce>7ߟ<f9>}<df>^^L}
     <cd>f<93>N/)o{^^B<bd><a5>3<f1>N2<9d><89>w<92><e9>L<bc><93>L...
    I've deleted a group-closing symbol because it seems to be
    spurious, as in `$x}$'. But perhaps the } is legitimate and
    !
    Calls: buildVignettes -> texi2pdf -> texi2dvi
    Execution halted
Flavor: r-release-osx-x86_64-mavericks