CRAN Package Check Results for Package BrailleR

Last updated on 2017-05-27 22:46:06.

Flavor Version Tinstall Tcheck Ttotal Status Flags
r-devel-linux-x86_64-debian-clang 0.24.2 2.15 40.22 42.37 OK
r-devel-linux-x86_64-debian-gcc 0.24.2 2.47 40.22 42.69 OK
r-devel-linux-x86_64-fedora-clang 0.24.2 77.96 OK
r-devel-linux-x86_64-fedora-gcc 0.24.2 74.56 OK
r-devel-windows-ix86+x86_64 0.24.2 8.00 81.00 89.00 OK
r-patched-linux-x86_64 0.24.2 1.98 40.76 42.73 OK
r-patched-solaris-sparc 0.24.2 445.20 OK
r-patched-solaris-x86 0.24.2 97.40 OK
r-release-linux-x86_64 0.24.2 1.91 39.19 41.09 OK
r-release-windows-ix86+x86_64 0.24.2 7.00 85.00 92.00 OK
r-release-osx-x86_64 0.24.2 ERROR
r-oldrel-windows-ix86+x86_64 0.24.2 8.00 62.00 70.00 OK
r-oldrel-osx-x86_64 0.24.2 OK

Check Details

Version: 0.24.2
Check: package dependencies
Result: ERROR
    Package required but not available: ‘gridGraphics’
    
    See section ‘The DESCRIPTION file’ in the ‘Writing R Extensions’
    manual.
Flavor: r-release-osx-x86_64