CRAN Package Check Results for Package BrailleR

Last updated on 2018-04-24 17:48:41 CEST.

Flavor Version Tinstall Tcheck Ttotal Status Flags
r-devel-linux-x86_64-debian-clang 0.26.0 7.49 128.34 135.83 NOTE
r-devel-linux-x86_64-debian-gcc 0.26.0 7.85 95.59 103.44 NOTE
r-devel-linux-x86_64-fedora-clang 0.26.0 166.00 NOTE
r-devel-linux-x86_64-fedora-gcc 0.26.0 158.20 NOTE
r-devel-windows-ix86+x86_64 0.26.0 20.00 171.00 191.00 OK
r-patched-linux-x86_64 0.26.0 7.96 126.47 134.43 NOTE
r-patched-solaris-x86 0.26.0 210.10 NOTE
r-release-linux-x86_64 0.26.0 7.58 124.49 132.07 NOTE
r-release-windows-ix86+x86_64 0.26.0 20.00 171.00 191.00 OK
r-release-osx-x86_64 0.26.0 NOTE
r-oldrel-windows-ix86+x86_64 0.26.0 10.00 143.00 153.00 OK
r-oldrel-osx-x86_64 0.26.0 NOTE

Check Details

Version: 0.26.0
Check: package dependencies
Result: NOTE
    Package suggested but not available for checking: ‘installr’
Flavors: r-devel-linux-x86_64-debian-clang, r-devel-linux-x86_64-debian-gcc, r-devel-linux-x86_64-fedora-clang, r-devel-linux-x86_64-fedora-gcc, r-patched-linux-x86_64, r-patched-solaris-x86, r-release-linux-x86_64, r-release-osx-x86_64, r-oldrel-osx-x86_64