CRAN Package Check Results for Package BrailleR

Last updated on 2014-12-22 14:48:37.

Flavor Version Tinstall Tcheck Ttotal Status Flags
r-devel-linux-x86_64-debian-clang 0.11 0.97 16.22 17.19 OK
r-devel-linux-x86_64-debian-gcc 0.11 0.94 15.90 16.84 OK
r-devel-linux-x86_64-fedora-clang 0.11 39.02 OK
r-devel-linux-x86_64-fedora-gcc 0.11 35.04 OK
r-devel-osx-x86_64-clang 0.11 40.15 OK
r-devel-windows-ix86+x86_64 0.11 6.00 31.00 37.00 OK
r-patched-linux-x86_64 0.11 0.98 15.97 16.95 OK
r-patched-solaris-sparc 0.11 238.10 OK
r-patched-solaris-x86 0.11 47.30 OK
r-release-linux-ix86 0.11 1.35 22.68 24.02 OK
r-release-linux-x86_64 0.11 1.00 15.74 16.74 OK
r-release-osx-x86_64-mavericks 0.11 NOTE
r-release-osx-x86_64-snowleopard 0.11 NOTE
r-release-windows-ix86+x86_64 0.11 7.00 36.00 43.00 OK
r-oldrel-windows-ix86+x86_64 0.11 7.00 37.00 44.00 OK

Check Details

Version: 0.11
Check: re-building of vignette outputs
Result: NOTE
    Error in re-building vignettes:
     ...
    Error: processing vignette 'BrailleRManual.rmd' failed with diagnostics:
    pandoc version 1.12.3 or higher is required and was not found.
    Execution halted
Flavors: r-release-osx-x86_64-mavericks, r-release-osx-x86_64-snowleopard