CRAN Package Check Results for Package BrailleR

Last updated on 2015-07-28 15:47:58.

Flavor Version Tinstall Tcheck Ttotal Status Flags
r-devel-linux-x86_64-debian-clang 0.22.0 2.07 27.28 29.35 NOTE
r-devel-linux-x86_64-debian-gcc 0.22.0 1.43 26.94 28.37 NOTE
r-devel-linux-x86_64-fedora-clang 0.22.0 56.80 NOTE
r-devel-linux-x86_64-fedora-gcc 0.22.0 55.97 NOTE
r-devel-osx-x86_64-clang 0.22.0 54.80 OK
r-devel-windows-ix86+x86_64 0.22.0 6.00 46.00 52.00 NOTE
r-patched-linux-x86_64 0.22.0 1.57 26.40 27.97 OK
r-patched-solaris-sparc 0.22.0 347.30 OK
r-patched-solaris-x86 0.22.0 75.00 OK
r-release-linux-x86_64 0.22.0 1.45 26.66 28.11 OK
r-release-osx-x86_64-mavericks 0.22.0 ERROR
r-release-windows-ix86+x86_64 0.22.0 8.00 48.00 56.00 OK
r-oldrel-windows-ix86+x86_64 0.22.0 10.00 65.00 75.00 OK

Check Details

Version: 0.22.0
Check: R code for possible problems
Result: NOTE
    BRLThis: no visible global function definition for ‘pdf’
    DataViewer: no visible global function definition for ‘write.csv’
    DataViewer: no visible global function definition for ‘browseURL’
    DataViewer: no visible global function definition for ‘read.csv’
    History2Rmd: no visible global function definition for ‘savehistory’
    OneFactor : nNonMissing: no visible global function definition for
     ‘na.omit’
    OneFactor: no visible global function definition for ‘browseURL’
    OnePredictor: no visible global function definition for ‘browseURL’
    SVGThis.default: no visible global function definition for ‘dev.cur’
    TwoFactors : nNonMissing: no visible global function definition for
     ‘na.omit’
    TwoFactors: no visible global function definition for ‘browseURL’
    UniDesc: no visible global function definition for ‘browseURL’
    VI.aov: no visible global function definition for ‘anova’
    VI.aov: no visible binding for global variable ‘sd’
    VI.lm: no visible global function definition for ‘rstudent’
    VI.lm: no visible global function definition for ‘browseURL’
    WhereXY: no visible global function definition for ‘sd’
    WhereXY: no visible global function definition for ‘qnorm’
    boxplot: no visible global function definition for ‘par’
    dotplot.default: no visible global function definition for ‘par’
    dotplot.formula: no visible global function definition for ‘aggregate’
    dotplot.formula: no visible global function definition for ‘par’
    hist: no visible global function definition for ‘par’
    Undefined global functions or variables:
     aggregate anova browseURL dev.cur na.omit par pdf qnorm read.csv
     rstudent savehistory sd write.csv
    Consider adding
     importFrom("grDevices", "dev.cur", "pdf")
     importFrom("graphics", "par")
     importFrom("stats", "aggregate", "anova", "na.omit", "qnorm",
     "rstudent", "sd")
     importFrom("utils", "browseURL", "read.csv", "savehistory",
     "write.csv")
    to your NAMESPACE.
Flavors: r-devel-linux-x86_64-debian-clang, r-devel-linux-x86_64-debian-gcc, r-devel-linux-x86_64-fedora-clang, r-devel-linux-x86_64-fedora-gcc, r-devel-windows-ix86+x86_64

Version: 0.22.0
Check: examples
Result: ERROR
    Running examples in ‘BrailleR-Ex.R’ failed
    The error most likely occurred in:
    
    > ### Name: BRLThis
    > ### Title: Convert a graph to a pdf ready for embossing
    > ### Aliases: BRLThis
    >
    > ### ** Examples
    >
    > with(airquality,
    + BRLThis(hist(Ozone), "Ozone-hist.pdf"))
    Error in embedFonts(file = file, format = format, outfile = outfile, options = paste(paste("-I", :
     GhostScript was not found
    Calls: with ... eval -> BRLThis -> eval -> <Anonymous> -> embedFonts
    Execution halted
Flavor: r-release-osx-x86_64-mavericks