CRAN Package Check Results for Package BrailleR

Last updated on 2015-05-22 15:46:27.

Flavor Version Tinstall Tcheck Ttotal Status Flags
r-devel-linux-x86_64-debian-clang 0.18-1 1.54 23.15 24.69 NOTE
r-devel-linux-x86_64-debian-gcc 0.18-1 1.57 23.13 24.70 NOTE
r-devel-linux-x86_64-fedora-clang 0.18-1 50.66 NOTE
r-devel-linux-x86_64-fedora-gcc 0.18-1 47.94 NOTE
r-devel-osx-x86_64-clang 0.18-1 53.71 NOTE
r-devel-windows-ix86+x86_64 0.18-1 12.00 45.00 57.00 OK
r-patched-linux-x86_64 0.18-1 1.58 22.52 24.10 NOTE
r-patched-solaris-sparc 0.18-1 283.80 NOTE
r-patched-solaris-x86 0.18-1 66.90 NOTE
r-release-linux-x86_64 0.18-1 2.16 22.76 24.92 NOTE
r-release-osx-x86_64-mavericks 0.18-1 NOTE
r-release-osx-x86_64-snowleopard 0.18-1 ERROR
r-release-windows-ix86+x86_64 0.18-1 8.00 41.00 49.00 OK
r-oldrel-windows-ix86+x86_64 0.18-1 10.00 53.00 63.00 OK

Check Details

Version: 0.18-1
Check: installed package size
Result: NOTE
     installed size is 5.1Mb
     sub-directories of 1Mb or more:
     Sound 1.0Mb
     doc 3.2Mb
Flavors: r-devel-linux-x86_64-debian-clang, r-devel-linux-x86_64-debian-gcc, r-devel-linux-x86_64-fedora-clang, r-devel-linux-x86_64-fedora-gcc, r-devel-osx-x86_64-clang, r-patched-linux-x86_64, r-patched-solaris-sparc, r-patched-solaris-x86, r-release-linux-x86_64, r-release-osx-x86_64-mavericks

Version: 0.18-1
Check: package dependencies
Result: ERROR
    Packages required but not available: ‘knitr’ ‘gridSVG’
    
    VignetteBuilder package required for checking but not installed: ‘knitr’
    
    See section ‘The DESCRIPTION file’ in the ‘Writing R Extensions’
    manual.
Flavor: r-release-osx-x86_64-snowleopard