CRAN Package Check Results for Package BrailleR

Last updated on 2014-04-25 05:47:12.

Flavor Version Tinstall Tcheck Ttotal Status Flags
r-devel-linux-x86_64-debian-clang 0.8 0.72 11.08 11.80 NOTE
r-devel-linux-x86_64-debian-gcc 0.8 0.68 11.09 11.77 NOTE
r-devel-linux-x86_64-fedora-clang 0.8 22.82 NOTE
r-devel-linux-x86_64-fedora-gcc 0.8 22.11 NOTE
r-devel-osx-x86_64-clang 0.8 26.28 NOTE
r-devel-osx-x86_64-gcc 0.8 NOTE
r-devel-windows-ix86+x86_64 0.8 3.00 19.00 22.00 NOTE
r-patched-linux-x86_64 0.8 0.69 10.81 11.50 NOTE
r-patched-solaris-sparc 0.8 127.50 NOTE
r-patched-solaris-x86 0.8 33.90 NOTE
r-release-linux-ix86 0.8 1.00 25.00 26.00 NOTE
r-release-linux-x86_64 0.8 0.70 11.09 11.79 NOTE
r-release-osx-x86_64-mavericks 0.8 WARN
r-release-windows-ix86+x86_64 0.8 6.00 26.00 32.00 NOTE
r-oldrel-windows-ix86+x86_64 0.8 3.00 19.00 22.00 NOTE

Check Details

Version: 0.8
Check: dependencies in R code
Result: NOTE
    Packages in Depends field not imported from:
     ‘moments’ ‘nortest’ ‘xtable’
     These packages need to be imported from (in the NAMESPACE file)
     for when this namespace is loaded but not attached.
    See the information on DESCRIPTION files in the chapter ‘Creating R
    packages’ of the ‘Writing R Extensions’ manual.
Flavors: r-devel-linux-x86_64-debian-clang, r-devel-linux-x86_64-debian-gcc, r-devel-linux-x86_64-fedora-clang, r-devel-linux-x86_64-fedora-gcc, r-devel-osx-x86_64-clang, r-devel-osx-x86_64-gcc, r-devel-windows-ix86+x86_64, r-patched-linux-x86_64, r-patched-solaris-sparc, r-patched-solaris-x86, r-release-linux-ix86, r-release-linux-x86_64, r-release-osx-x86_64-mavericks, r-release-windows-ix86+x86_64, r-oldrel-windows-ix86+x86_64

Version: 0.8
Check: PDF version of manual
Result: WARNING
    LaTeX errors when creating PDF version.
    This typically indicates Rd problems.
    LaTeX errors found:
    ! LaTeX Error: File `upquote.sty' not found.
    
    Type X to quit or <RETURN> to proceed,
    or enter new name. (Default extension: sty)
    
    ec5602a/Rd2.tex:8: ==> Fatal error occurred, no output PDF file produced!
Flavor: r-release-osx-x86_64-mavericks