CRAN Package Check Results for Package BrailleR

Last updated on 2017-07-23 14:46:51.

Flavor Version Tinstall Tcheck Ttotal Status Flags
r-devel-linux-x86_64-debian-clang 0.26.0 3.05 98.63 101.67 NOTE
r-devel-linux-x86_64-debian-gcc 0.26.0 3.31 94.79 98.11 NOTE
r-devel-linux-x86_64-fedora-clang 0.26.0 182.09 NOTE
r-devel-linux-x86_64-fedora-gcc 0.26.0 185.59 NOTE
r-devel-windows-ix86+x86_64 0.26.0 16.00 202.00 218.00 OK
r-patched-linux-x86_64 0.26.0 3.18 97.79 100.97 NOTE
r-patched-solaris-x86 0.26.0 204.40 NOTE
r-release-linux-x86_64 0.26.0 3.18 96.21 99.39 NOTE
r-release-windows-ix86+x86_64 0.26.0 12.00 201.00 213.00 OK
r-release-osx-x86_64 0.26.0 ERROR
r-oldrel-windows-ix86+x86_64 0.26.0 20.00 182.00 202.00 ERROR
r-oldrel-osx-x86_64 0.26.0 ERROR

Check Details

Version: 0.26.0
Check: package dependencies
Result: NOTE
    Package suggested but not available for checking: ‘installr’
Flavors: r-devel-linux-x86_64-debian-clang, r-devel-linux-x86_64-debian-gcc, r-devel-linux-x86_64-fedora-clang, r-devel-linux-x86_64-fedora-gcc, r-patched-linux-x86_64, r-patched-solaris-x86, r-release-linux-x86_64, r-oldrel-osx-x86_64

Version: 0.26.0
Check: package dependencies
Result: ERROR
    Package required but not available: ‘gridGraphics’
    
    Package suggested but not available for checking: ‘installr’
    
    See section ‘The DESCRIPTION file’ in the ‘Writing R Extensions’
    manual.
Flavor: r-release-osx-x86_64

Version: 0.26.0
Check: examples
Result: ERROR
    Running examples in 'BrailleR-Ex.R' failed
    The error most likely occurred in:
    
    > ### Name: ScatterPlot
    > ### Title: Create a standard scatter plot with a few extra elements added
    > ### to the output object
    > ### Aliases: FittedLinePlot ScatterPlot plot.scatterplot
    > ### plot.fittedlineplot print.scatterplot print.fittedlineplot
    >
    > ### ** Examples
    >
    > attach(airquality)
    > op = par(mfcol=c(3,2))
    > plot(Wind, Ozone, pch=4)
    > test1 = ScatterPlot(Wind, Ozone, pch=4)
    > test1 #does the plot method work?
    > plot(Wind, Ozone)
    > abline(coef(lm(Ozone~Wind)), col=4)
    > test2 = FittedLinePlot(Wind, Ozone, line.col=4)
    Error in as.list(x[setdiff(names(x), ToRemove)]) :
     attempt to set an attribute on NULL
    Calls: FittedLinePlot -> .GrabExtraArgs -> as.list
    Execution halted
Flavors: r-oldrel-windows-ix86+x86_64, r-oldrel-osx-x86_64