CRAN Package Check Results for Package BrailleR

Last updated on 2016-05-03 23:46:44.

Flavor Version Tinstall Tcheck Ttotal Status Flags
r-devel-linux-x86_64-debian-gcc 0.24.2 1.80 31.80 33.60 OK
r-devel-linux-x86_64-fedora-clang 0.24.2 61.18 OK
r-devel-linux-x86_64-fedora-gcc 0.24.2 59.39 OK
r-devel-osx-x86_64-clang 0.24.2 69.19 OK
r-devel-windows-ix86+x86_64 0.24.2 7.00 72.00 79.00 OK
r-patched-linux-x86_64 0.24.2 1.80 32.12 33.92 OK
r-patched-solaris-sparc 0.24.2 355.90 OK
r-patched-solaris-x86 0.24.2 77.60 OK
r-release-linux-x86_64 0.24.2 2.08 35.41 37.49 OK
r-release-osx-x86_64-mavericks 0.24.2 ERROR
r-release-windows-ix86+x86_64 0.24.2 7.00 75.00 82.00 OK
r-oldrel-windows-ix86+x86_64 0.24.1 18.00 2.00 20.00 ERROR

Check Details

Version: 0.24.2
Check: examples
Result: ERROR
    Running examples in ‘BrailleR-Ex.R’ failed
    The error most likely occurred in:
    
    > ### Name: WTF
    > ### Title: What's this figure?
    > ### Aliases: WTF
    >
    > ### ** Examples
    >
    > hist(rnorm(1000))
    > WTF()
    Error in grid.echo.recordedplot(recordPlot(), newpage, prefix) :
     No graphics to replay
    Calls: WTF ... grid.echo.default -> grid.echo -> grid.echo.recordedplot
    Execution halted
Flavor: r-release-osx-x86_64-mavericks

Version: 0.24.1
Check: whether package can be installed
Result: ERROR
    Installation failed.
Flavor: r-oldrel-windows-ix86+x86_64