CRAN Package Check Results for Package BrailleR

Last updated on 2015-01-31 04:47:49.

Flavor Version Tinstall Tcheck Ttotal Status Flags
r-devel-linux-x86_64-debian-clang 0.11 0.87 13.08 13.94 NOTE
r-devel-linux-x86_64-debian-gcc 0.11 0.79 12.52 13.30 NOTE
r-devel-linux-x86_64-fedora-clang 0.11 32.77 NOTE
r-devel-linux-x86_64-fedora-gcc 0.11 30.05 NOTE
r-devel-osx-x86_64-clang 0.11 43.46 NOTE
r-devel-windows-ix86+x86_64 0.11 6.00 30.00 36.00 OK
r-patched-linux-x86_64 0.11 0.95 15.94 16.90 OK
r-patched-solaris-sparc 0.11 238.90 OK
r-patched-solaris-x86 0.11 47.50 OK
r-release-linux-ix86 0.11 1.33 22.87 24.20 OK
r-release-linux-x86_64 0.11 0.96 15.85 16.82 OK
r-release-osx-x86_64-mavericks 0.11 OK
r-release-osx-x86_64-snowleopard 0.11 NOTE
r-release-windows-ix86+x86_64 0.11 6.00 36.00 42.00 OK
r-oldrel-windows-ix86+x86_64 0.11 7.00 42.00 49.00 OK

Check Details

Version: 0.11
Check: S3 generic/method consistency
Result: NOTE
    Found the following apparent S3 methods exported but not registered:
     VI.boxplot VI.data.frame VI.default VI.hist VI.histogram VI.list
     VI.matrix
    See section ‘Registering S3 methods’ in the ‘Writing R Extensions’
    manual.
Flavors: r-devel-linux-x86_64-debian-clang, r-devel-linux-x86_64-debian-gcc, r-devel-linux-x86_64-fedora-clang, r-devel-linux-x86_64-fedora-gcc, r-devel-osx-x86_64-clang

Version: 0.11
Check: re-building of vignette outputs
Result: NOTE
    Error in re-building vignettes:
     ...
    Error: processing vignette 'BrailleRManual.rmd' failed with diagnostics:
    pandoc version 1.12.3 or higher is required and was not found.
    Execution halted
Flavor: r-release-osx-x86_64-snowleopard