CRAN Package Check Results for Package Brobdingnag

Last updated on 2015-02-27 05:47:57.

Flavor Version Tinstall Tcheck Ttotal Status Flags
r-devel-linux-x86_64-debian-clang 1.2-4 1.91 23.48 25.39 NOTE
r-devel-linux-x86_64-debian-gcc 1.2-4 1.66 22.40 24.06 NOTE
r-devel-linux-x86_64-fedora-clang 1.2-4 52.82 NOTE
r-devel-linux-x86_64-fedora-gcc 1.2-4 47.81 NOTE
r-devel-osx-x86_64-clang 1.2-4 58.96 NOTE
r-devel-windows-ix86+x86_64 1.2-4 7.00 38.00 45.00 OK
r-patched-linux-x86_64 1.2-4 2.62 28.34 30.96 OK
r-patched-solaris-sparc 1.2-4 399.60 OK
r-patched-solaris-x86 1.2-4 77.80 OK
r-release-linux-ix86 1.2-4 3.04 38.26 41.30 OK
r-release-linux-x86_64 1.2-4 3.04 28.21 31.25 OK
r-release-osx-x86_64-mavericks 1.2-4 OK
r-release-osx-x86_64-snowleopard 1.2-4 NOTE
r-release-windows-ix86+x86_64 1.2-4 8.00 46.00 54.00 OK
r-oldrel-windows-ix86+x86_64 1.2-4 6.00 43.00 49.00 OK

Check Details

Version: 1.2-4
Check: S3 generic/method consistency
Result: NOTE
    Found the following apparent S3 methods exported but not registered:
     print.brob print.glub
    See section ‘Registering S3 methods’ in the ‘Writing R Extensions’
    manual.
Flavors: r-devel-linux-x86_64-debian-clang, r-devel-linux-x86_64-debian-gcc, r-devel-linux-x86_64-fedora-clang, r-devel-linux-x86_64-fedora-gcc, r-devel-osx-x86_64-clang

Version: 1.2-4
Check: re-building of vignette outputs
Result: NOTE
    Error in re-building vignettes:
     ...
    Creating a new generic function for 'max' in the global environment
    Creating a new generic function for 'min' in the global environment
    Creating a new generic function for 'range' in the global environment
    Creating a new generic function for 'prod' in the global environment
    Creating a new generic function for 'sum' in the global environment
    Error in texi2dvi(file = file, pdf = TRUE, clean = clean, quiet = quiet, :
     Running 'texi2dvi' on 'brob.tex' failed.
    LaTeX errors:
    ! LaTeX Error: File `dsfont.sty' not found.
    
    Type X to quit or <RETURN> to proceed,
    or enter new name. (Default extension: sty)
    
    Brobdingnag.Rcheck/vign_test/Brobdingnag/vignettes/brob.tex:4: ==> Fatal error
     occurred, no output PDF file produced!
    Calls: buildVignettes -> texi2pdf -> texi2dvi
    Execution halted
Flavor: r-release-osx-x86_64-snowleopard