CRAN Package Check Results for Package Brobdingnag

Last updated on 2017-05-27 01:46:41.

Flavor Version Tinstall Tcheck Ttotal Status Flags
r-devel-linux-x86_64-debian-clang 1.2-4 1.66 24.86 26.52 NOTE
r-devel-linux-x86_64-debian-gcc 1.2-4 1.75 24.80 26.55 NOTE
r-devel-linux-x86_64-fedora-clang 1.2-4 48.52 NOTE
r-devel-linux-x86_64-fedora-gcc 1.2-4 46.16 NOTE
r-devel-windows-ix86+x86_64 1.2-4 7.00 74.00 81.00 NOTE
r-patched-linux-x86_64 1.2-4 1.74 25.74 27.47 NOTE
r-patched-solaris-sparc 1.2-4 281.40 NOTE
r-patched-solaris-x86 1.2-4 61.40 NOTE
r-release-linux-x86_64 1.2-4 1.60 23.80 25.40 NOTE
r-release-windows-ix86+x86_64 1.2-4 5.00 60.00 65.00 NOTE
r-release-osx-x86_64 1.2-4 NOTE
r-oldrel-windows-ix86+x86_64 1.2-4 4.00 57.00 61.00 NOTE
r-oldrel-osx-x86_64 1.2-4 NOTE

Check Details

Version: 1.2-4
Check: S3 generic/method consistency
Result: NOTE
    Found the following apparent S3 methods exported but not registered:
     print.brob print.glub
    See section ‘Registering S3 methods’ in the ‘Writing R Extensions’
    manual.
Flavors: r-devel-linux-x86_64-debian-clang, r-devel-linux-x86_64-debian-gcc, r-devel-linux-x86_64-fedora-clang, r-devel-linux-x86_64-fedora-gcc, r-patched-linux-x86_64, r-patched-solaris-sparc, r-patched-solaris-x86, r-release-linux-x86_64

Version: 1.2-4
Check: R code for possible problems
Result: NOTE
    plot,ANY-brob: no visible global function definition for ‘plot.default’
    plot,ANY-glub: no visible global function definition for ‘plot.default’
    plot,brob-ANY: no visible global function definition for ‘plot.default’
    plot,brob-missing: no visible global function definition for
     ‘plot.default’
    plot,glub-ANY: no visible global function definition for ‘plot.default’
    plot,glub-missing: no visible global function definition for
     ‘plot.default’
    Undefined global functions or variables:
     plot.default
    Consider adding
     importFrom("graphics", "plot.default")
    to your NAMESPACE file.
Flavors: r-devel-linux-x86_64-debian-clang, r-devel-linux-x86_64-debian-gcc, r-devel-linux-x86_64-fedora-clang, r-devel-linux-x86_64-fedora-gcc, r-devel-windows-ix86+x86_64, r-patched-linux-x86_64, r-patched-solaris-sparc, r-patched-solaris-x86, r-release-linux-x86_64, r-release-windows-ix86+x86_64, r-release-osx-x86_64, r-oldrel-windows-ix86+x86_64, r-oldrel-osx-x86_64

Version: 1.2-4
Check: re-building of vignette outputs
Result: NOTE
    Error in re-building vignettes:
     ...
    Creating a new generic function for ‘max’ in the global environment
    Creating a new generic function for ‘min’ in the global environment
    Creating a new generic function for ‘range’ in the global environment
    Creating a new generic function for ‘prod’ in the global environment
    Creating a new generic function for ‘sum’ in the global environment
    Error in texi2dvi(file = file, pdf = TRUE, clean = clean, quiet = quiet, :
     Running 'texi2dvi' on 'brob.tex' failed.
    LaTeX errors:
    ! LaTeX Error: File `dsfont.sty' not found.
    
    Type X to quit or <RETURN> to proceed,
    or enter new name. (Default extension: sty)
    
    ! Emergency stop.
    <read *>
    
    l.4 \usepackage
     {bbm}^^M
    ! ==> Fatal error occurred, no output PDF file produced!
    Calls: buildVignettes -> texi2pdf -> texi2dvi
    Execution halted
Flavor: r-release-osx-x86_64