CRAN Package Check Results for Package Brobdingnag

Last updated on 2015-01-26 03:52:18.

Flavor Version Tinstall Tcheck Ttotal Status Flags
r-devel-linux-x86_64-debian-clang 1.2-4 2.42 27.74 30.17 OK
r-devel-linux-x86_64-debian-gcc 1.2-4 3.40 26.82 30.23 OK
r-devel-linux-x86_64-fedora-clang 1.2-4 66.48 NOTE
r-devel-linux-x86_64-fedora-gcc 1.2-4 61.42 NOTE
r-devel-osx-x86_64-clang 1.2-4 67.10 NOTE
r-devel-windows-ix86+x86_64 1.2-4 8.00 44.00 52.00 OK
r-patched-linux-x86_64 1.2-4 2.69 28.63 31.32 OK
r-patched-solaris-sparc 1.2-4 399.60 OK
r-patched-solaris-x86 1.2-4 76.80 OK
r-release-linux-ix86 1.2-4 2.99 34.98 37.97 OK
r-release-linux-x86_64 1.2-4 2.85 27.49 30.34 OK
r-release-osx-x86_64-mavericks 1.2-4 OK
r-release-osx-x86_64-snowleopard 1.2-4 NOTE
r-release-windows-ix86+x86_64 1.2-4 8.00 46.00 54.00 OK
r-oldrel-windows-ix86+x86_64 1.2-4 6.00 43.00 49.00 OK

Check Details

Version: 1.2-4
Check: S3 generic/method consistency
Result: NOTE
    Found the following apparent S3 methods exported but not registered:
     print.brob print.glub
    See section ‘Registering S3 methods’ in the ‘Writing R Extensions’
    manual.
Flavors: r-devel-linux-x86_64-fedora-clang, r-devel-linux-x86_64-fedora-gcc, r-devel-osx-x86_64-clang

Version: 1.2-4
Check: re-building of vignette outputs
Result: NOTE
    Error in re-building vignettes:
     ...
    Creating a new generic function for 'max' in the global environment
    Creating a new generic function for 'min' in the global environment
    Creating a new generic function for 'range' in the global environment
    Creating a new generic function for 'prod' in the global environment
    Creating a new generic function for 'sum' in the global environment
    Error in texi2dvi(file = file, pdf = TRUE, clean = clean, quiet = quiet, :
     Running 'texi2dvi' on 'brob.tex' failed.
    LaTeX errors:
    ! LaTeX Error: File `dsfont.sty' not found.
    
    Type X to quit or <RETURN> to proceed,
    or enter new name. (Default extension: sty)
    
    Brobdingnag.Rcheck/vign_test/Brobdingnag/vignettes/brob.tex:4: ==> Fatal error
     occurred, no output PDF file produced!
    Calls: buildVignettes -> texi2pdf -> texi2dvi
    Execution halted
Flavor: r-release-osx-x86_64-snowleopard