CRAN Package Check Results for Package Brobdingnag

Last updated on 2016-08-24 02:48:19.

Flavor Version Tinstall Tcheck Ttotal Status Flags
r-devel-linux-x86_64-debian-clang 1.2-4 1.65 22.64 24.29 NOTE
r-devel-linux-x86_64-debian-gcc 1.2-4 1.84 22.86 24.70 NOTE
r-devel-linux-x86_64-fedora-clang 1.2-4 44.09 NOTE
r-devel-linux-x86_64-fedora-gcc 1.2-4 43.32 NOTE
r-devel-osx-x86_64-clang 1.2-4 37.52 NOTE
r-devel-windows-ix86+x86_64 1.2-4 7.00 77.00 84.00 NOTE
r-patched-linux-x86_64 1.2-4 1.53 22.15 23.68 NOTE
r-patched-solaris-sparc 1.2-4 257.30 NOTE
r-patched-solaris-x86 1.2-4 51.10 NOTE
r-release-linux-x86_64 1.2-4 1.81 22.13 23.94 NOTE
r-release-osx-x86_64-mavericks 1.2-4 NOTE
r-release-windows-ix86+x86_64 1.2-4 6.00 55.00 61.00 NOTE
r-oldrel-windows-ix86+x86_64 1.2-4 5.00 41.00 46.00 OK

Check Details

Version: 1.2-4
Check: S3 generic/method consistency
Result: NOTE
    Found the following apparent S3 methods exported but not registered:
     print.brob print.glub
    See section ‘Registering S3 methods’ in the ‘Writing R Extensions’
    manual.
Flavors: r-devel-linux-x86_64-debian-clang, r-devel-linux-x86_64-debian-gcc, r-devel-linux-x86_64-fedora-clang, r-devel-linux-x86_64-fedora-gcc, r-devel-osx-x86_64-clang, r-patched-linux-x86_64, r-patched-solaris-sparc, r-patched-solaris-x86, r-release-linux-x86_64

Version: 1.2-4
Check: R code for possible problems
Result: NOTE
    plot,ANY-brob: no visible global function definition for ‘plot.default’
    plot,ANY-glub: no visible global function definition for ‘plot.default’
    plot,brob-ANY: no visible global function definition for ‘plot.default’
    plot,brob-missing: no visible global function definition for
     ‘plot.default’
    plot,glub-ANY: no visible global function definition for ‘plot.default’
    plot,glub-missing: no visible global function definition for
     ‘plot.default’
    Undefined global functions or variables:
     plot.default
    Consider adding
     importFrom("graphics", "plot.default")
    to your NAMESPACE file.
Flavors: r-devel-linux-x86_64-debian-clang, r-devel-linux-x86_64-debian-gcc, r-devel-linux-x86_64-fedora-clang, r-devel-linux-x86_64-fedora-gcc, r-devel-osx-x86_64-clang, r-devel-windows-ix86+x86_64, r-patched-linux-x86_64, r-patched-solaris-sparc, r-patched-solaris-x86, r-release-linux-x86_64, r-release-osx-x86_64-mavericks, r-release-windows-ix86+x86_64