CRAN Package Check Results for Package Brobdingnag

Last updated on 2015-04-24 23:46:36.

Flavor Version Tinstall Tcheck Ttotal Status Flags
r-devel-linux-x86_64-debian-clang 1.2-4 1.75 23.20 24.95 NOTE
r-devel-linux-x86_64-debian-gcc 1.2-4 1.80 22.79 24.59 NOTE
r-devel-linux-x86_64-fedora-clang 1.2-4 51.39 NOTE
r-devel-linux-x86_64-fedora-gcc 1.2-4 49.24 NOTE
r-devel-osx-x86_64-clang 1.2-4 57.17 NOTE
r-devel-windows-ix86+x86_64 1.2-4 5.00 44.00 49.00 OK
r-patched-linux-x86_64 1.2-4 1.81 24.21 26.02 NOTE
r-patched-solaris-sparc 1.2-4 343.40 OK
r-patched-solaris-x86 1.2-4 60.80 OK
r-release-linux-x86_64 1.2-4 2.17 22.48 24.65 NOTE
r-release-osx-x86_64-mavericks 1.2-4 OK
r-release-osx-x86_64-snowleopard 1.2-4 OK
r-release-windows-ix86+x86_64 1.2-4 4.00 35.00 39.00 OK
r-oldrel-windows-ix86+x86_64 1.2-4 9.00 62.00 71.00 OK

Check Details

Version: 1.2-4
Check: S3 generic/method consistency
Result: NOTE
    Found the following apparent S3 methods exported but not registered:
     print.brob print.glub
    See section ‘Registering S3 methods’ in the ‘Writing R Extensions’
    manual.
Flavors: r-devel-linux-x86_64-debian-gcc, r-patched-linux-x86_64