CRAN Package Check Results for Package Brobdingnag

Last updated on 2014-04-24 21:47:37.

Flavor Version Tinstall Tcheck Ttotal Status Flags
r-devel-linux-x86_64-debian-clang 1.2-4 3.01 27.84 30.85 OK
r-devel-linux-x86_64-debian-gcc 1.2-4 2.83 28.06 30.89 OK
r-devel-linux-x86_64-fedora-clang 1.2-4 67.59 OK
r-devel-linux-x86_64-fedora-gcc 1.2-4 65.45 OK
r-devel-osx-x86_64-clang 1.2-4 63.18 OK
r-devel-osx-x86_64-gcc 1.2-4 OK
r-devel-windows-ix86+x86_64 1.2-4 7.00 44.00 51.00 OK
r-patched-linux-x86_64 1.2-4 2.86 27.07 29.94 OK
r-patched-solaris-sparc 1.2-4 351.90 OK
r-patched-solaris-x86 1.2-4 78.20 OK
r-release-linux-ix86 1.2-4 4.00 50.00 54.00 OK
r-release-linux-x86_64 1.2-4 2.92 27.38 30.30 OK
r-release-osx-x86_64-mavericks 1.2-4 NOTE
r-release-osx-x86_64-snowleopard 1.2-4 NOTE
r-release-windows-ix86+x86_64 1.2-4 9.00 62.00 71.00 OK
r-oldrel-windows-ix86+x86_64 1.2-4 6.00 43.00 49.00 OK

Check Details

Version: 1.2-4
Check: re-building of vignette outputs
Result: NOTE
    Error in re-building vignettes:
     ...
    Creating a new generic function for ‘max’ in the global environment
    Creating a new generic function for ‘min’ in the global environment
    Creating a new generic function for ‘range’ in the global environment
    Creating a new generic function for ‘prod’ in the global environment
    Creating a new generic function for ‘sum’ in the global environment
    Error in texi2dvi(file = file, pdf = TRUE, clean = clean, quiet = quiet, :
     Running 'texi2dvi' on 'brob.tex' failed.
    LaTeX errors:
    ! LaTeX Error: File `dsfont.sty' not found.
    
    Type X to quit or <RETURN> to proceed,
    or enter new name. (Default extension: sty)
    
    vign_test/Brobdingnag/vignettes/brob.tex:4: ==> Fatal error occurred, no outpu
    t PDF file produced!
    Calls: buildVignettes -> texi2pdf -> texi2dvi
    Execution halted
Flavor: r-release-osx-x86_64-mavericks

Version: 1.2-4
Check: re-building of vignette outputs
Result: NOTE
    Error in re-building vignettes:
     ...
    Creating a new generic function for 'max' in the global environment
    Creating a new generic function for 'min' in the global environment
    Creating a new generic function for 'range' in the global environment
    Creating a new generic function for 'prod' in the global environment
    Creating a new generic function for 'sum' in the global environment
    Error in texi2dvi(file = file, pdf = TRUE, clean = clean, quiet = quiet, :
     Running 'texi2dvi' on 'brob.tex' failed.
    LaTeX errors:
    ! LaTeX Error: File `dsfont.sty' not found.
    
    Type X to quit or <RETURN> to proceed,
    or enter new name. (Default extension: sty)
    
    Brobdingnag.Rcheck/vign_test/Brobdingnag/vignettes/brob.tex:4: ==> Fatal error
     occurred, no output PDF file produced!
    Calls: buildVignettes -> texi2pdf -> texi2dvi
    Execution halted
Flavor: r-release-osx-x86_64-snowleopard