CRAN Package Check Results for Package Brobdingnag

Last updated on 2015-08-29 06:47:31.

Flavor Version Tinstall Tcheck Ttotal Status Flags
r-devel-linux-x86_64-debian-clang 1.2-4 1.65 21.74 23.38 NOTE
r-devel-linux-x86_64-debian-gcc 1.2-4 1.69 21.49 23.18 NOTE
r-devel-linux-x86_64-fedora-clang 1.2-4 48.20 NOTE
r-devel-linux-x86_64-fedora-gcc 1.2-4 45.11 NOTE
r-devel-osx-x86_64-clang 1.2-4 45.58 NOTE
r-devel-windows-ix86+x86_64 1.2-4 7.00 45.00 52.00 NOTE
r-patched-linux-x86_64 1.2-4 1.71 23.42 25.12 NOTE
r-patched-solaris-sparc 1.2-4 308.60 NOTE
r-patched-solaris-x86 1.2-4 64.70 NOTE
r-release-linux-x86_64 1.2-4 1.70 22.89 24.59 NOTE
r-release-osx-x86_64-mavericks 1.2-4 OK
r-release-windows-ix86+x86_64 1.2-4 5.00 55.00 60.00 OK
r-oldrel-windows-ix86+x86_64 1.2-4 9.00 62.00 71.00 OK

Check Details

Version: 1.2-4
Check: S3 generic/method consistency
Result: NOTE
    Found the following apparent S3 methods exported but not registered:
     print.brob print.glub
    See section ‘Registering S3 methods’ in the ‘Writing R Extensions’
    manual.
Flavors: r-devel-linux-x86_64-debian-clang, r-devel-linux-x86_64-debian-gcc, r-devel-linux-x86_64-fedora-clang, r-devel-linux-x86_64-fedora-gcc, r-devel-osx-x86_64-clang, r-patched-linux-x86_64, r-patched-solaris-sparc, r-patched-solaris-x86, r-release-linux-x86_64

Version: 1.2-4
Check: R code for possible problems
Result: NOTE
    plot,ANY-brob: no visible global function definition for ‘plot.default’
    plot,ANY-glub: no visible global function definition for ‘plot.default’
    plot,brob-ANY: no visible global function definition for ‘plot.default’
    plot,brob-missing: no visible global function definition for
     ‘plot.default’
    plot,glub-ANY: no visible global function definition for ‘plot.default’
    plot,glub-missing: no visible global function definition for
     ‘plot.default’
    Undefined global functions or variables:
     plot.default
    Consider adding
     importFrom("graphics", "plot.default")
    to your NAMESPACE.
Flavors: r-devel-linux-x86_64-debian-clang, r-devel-linux-x86_64-debian-gcc, r-devel-linux-x86_64-fedora-clang, r-devel-linux-x86_64-fedora-gcc, r-devel-windows-ix86+x86_64