CRAN Package Check Results for Package Brobdingnag

Last updated on 2016-07-30 04:48:56.

Flavor Version Tinstall Tcheck Ttotal Status Flags
r-devel-linux-x86_64-debian-clang 1.2-4 1.63 21.89 23.52 NOTE
r-devel-linux-x86_64-debian-gcc 1.2-4 1.74 22.03 23.77 NOTE
r-devel-linux-x86_64-fedora-clang 1.2-4 51.07 NOTE
r-devel-linux-x86_64-fedora-gcc 1.2-4 40.70 NOTE
r-devel-osx-x86_64-clang 1.2-4 37.65 NOTE
r-devel-windows-ix86+x86_64 1.2-4 5.00 61.00 66.00 NOTE
r-patched-linux-x86_64 1.2-4 2.08 25.46 27.54 NOTE
r-patched-solaris-sparc 1.2-4 257.30 NOTE
r-patched-solaris-x86 1.2-4 51.40 NOTE
r-release-linux-x86_64 1.2-4 1.99 26.46 28.45 NOTE
r-release-osx-x86_64-mavericks 1.2-4 NOTE
r-release-windows-ix86+x86_64 1.2-4 6.00 55.00 61.00 NOTE
r-oldrel-windows-ix86+x86_64 1.2-4 5.00 41.00 46.00 OK

Check Details

Version: 1.2-4
Check: S3 generic/method consistency
Result: NOTE
    Found the following apparent S3 methods exported but not registered:
     print.brob print.glub
    See section ‘Registering S3 methods’ in the ‘Writing R Extensions’
    manual.
Flavors: r-devel-linux-x86_64-debian-clang, r-devel-linux-x86_64-debian-gcc, r-devel-linux-x86_64-fedora-clang, r-devel-linux-x86_64-fedora-gcc, r-devel-osx-x86_64-clang, r-patched-linux-x86_64, r-patched-solaris-sparc, r-patched-solaris-x86, r-release-linux-x86_64

Version: 1.2-4
Check: R code for possible problems
Result: NOTE
    plot,ANY-brob: no visible global function definition for ‘plot.default’
    plot,ANY-glub: no visible global function definition for ‘plot.default’
    plot,brob-ANY: no visible global function definition for ‘plot.default’
    plot,brob-missing: no visible global function definition for
     ‘plot.default’
    plot,glub-ANY: no visible global function definition for ‘plot.default’
    plot,glub-missing: no visible global function definition for
     ‘plot.default’
    Undefined global functions or variables:
     plot.default
    Consider adding
     importFrom("graphics", "plot.default")
    to your NAMESPACE file.
Flavors: r-devel-linux-x86_64-debian-clang, r-devel-linux-x86_64-debian-gcc, r-devel-linux-x86_64-fedora-clang, r-devel-linux-x86_64-fedora-gcc, r-devel-osx-x86_64-clang, r-devel-windows-ix86+x86_64, r-patched-linux-x86_64, r-patched-solaris-sparc, r-patched-solaris-x86, r-release-linux-x86_64, r-release-osx-x86_64-mavericks, r-release-windows-ix86+x86_64