CRAN Package Check Results for Package Brobdingnag

Last updated on 2015-03-26 19:47:34.

Flavor Version Tinstall Tcheck Ttotal Status Flags
r-devel-linux-x86_64-debian-clang 1.2-4 1.86 23.15 25.01 NOTE
r-devel-linux-x86_64-debian-gcc 1.2-4 1.80 22.39 24.19 NOTE
r-devel-linux-x86_64-fedora-clang 1.2-4 54.00 NOTE
r-devel-linux-x86_64-fedora-gcc 1.2-4 51.12 NOTE
r-devel-osx-x86_64-clang 1.2-4 61.64 NOTE
r-prerel-windows-ix86+x86_64 1.2-4 4.00 39.00 43.00 OK
r-prerel-linux-x86_64 1.2-4 1.78 22.86 24.64 NOTE
r-prerel-solaris-sparc 1.2-4 329.20 OK
r-prerel-solaris-x86 1.2-4 61.10 OK
r-release-linux-x86_64 1.2-4 2.90 28.83 31.73 OK
r-release-osx-x86_64-mavericks 1.2-4 OK
r-release-osx-x86_64-snowleopard 1.2-4 NOTE
r-release-windows-ix86+x86_64 1.2-4 9.00 62.00 71.00 OK
r-oldrel-windows-ix86+x86_64 1.2-4 6.00 43.00 49.00 OK

Check Details

Version: 1.2-4
Check: S3 generic/method consistency
Result: NOTE
    Found the following apparent S3 methods exported but not registered:
     print.brob print.glub
    See section ‘Registering S3 methods’ in the ‘Writing R Extensions’
    manual.
Flavors: r-devel-linux-x86_64-debian-clang, r-devel-linux-x86_64-debian-gcc, r-devel-linux-x86_64-fedora-clang, r-devel-linux-x86_64-fedora-gcc, r-devel-osx-x86_64-clang, r-prerel-linux-x86_64

Version: 1.2-4
Check: re-building of vignette outputs
Result: NOTE
    Error in re-building vignettes:
     ...
    Creating a new generic function for 'max' in the global environment
    Creating a new generic function for 'min' in the global environment
    Creating a new generic function for 'range' in the global environment
    Creating a new generic function for 'prod' in the global environment
    Creating a new generic function for 'sum' in the global environment
    Error in texi2dvi(file = file, pdf = TRUE, clean = clean, quiet = quiet, :
     Running 'texi2dvi' on 'brob.tex' failed.
    LaTeX errors:
    ! LaTeX Error: File `dsfont.sty' not found.
    
    Type X to quit or <RETURN> to proceed,
    or enter new name. (Default extension: sty)
    
    Brobdingnag.Rcheck/vign_test/Brobdingnag/vignettes/brob.tex:4: ==> Fatal error
     occurred, no output PDF file produced!
    Calls: buildVignettes -> texi2pdf -> texi2dvi
    Execution halted
Flavor: r-release-osx-x86_64-snowleopard