CRAN Package Check Results for Package Brobdingnag

Last updated on 2014-07-23 23:48:21.

Flavor Version Tinstall Tcheck Ttotal Status Flags
r-devel-linux-x86_64-debian-clang 1.2-4 2.74 26.61 29.35 OK
r-devel-linux-x86_64-debian-gcc 1.2-4 3.13 25.58 28.70 OK
r-devel-linux-x86_64-fedora-clang 1.2-4 67.49 OK
r-devel-linux-x86_64-fedora-gcc 1.2-4 63.80 OK
r-devel-osx-x86_64-clang 1.2-4 62.08 OK
r-devel-windows-ix86+x86_64 1.2-4 6.00 46.00 52.00 OK
r-patched-linux-x86_64 1.2-4 2.70 26.83 29.53 OK
r-patched-solaris-sparc 1.2-4 351.90 OK
r-patched-solaris-x86 1.2-4 82.60 OK
r-release-linux-ix86 1.2-4 3.14 36.11 39.24 OK
r-release-linux-x86_64 1.2-4 2.63 26.31 28.94 OK
r-release-osx-x86_64-mavericks 1.2-4 NOTE
r-release-osx-x86_64-snowleopard 1.2-4 NOTE
r-release-windows-ix86+x86_64 1.2-4 9.00 45.00 54.00 OK
r-oldrel-windows-ix86+x86_64 1.2-4 6.00 43.00 49.00 OK

Check Details

Version: 1.2-4
Check: re-building of vignette outputs
Result: NOTE
    Error in re-building vignettes:
     ...
    Creating a new generic function for ‘max’ in the global environment
    Creating a new generic function for ‘min’ in the global environment
    Creating a new generic function for ‘range’ in the global environment
    Creating a new generic function for ‘prod’ in the global environment
    Creating a new generic function for ‘sum’ in the global environment
    Error in texi2dvi(file = file, pdf = TRUE, clean = clean, quiet = quiet, :
     Running 'texi2dvi' on 'brob.tex' failed.
    LaTeX errors:
    ! LaTeX Error: File `dsfont.sty' not found.
    
    Type X to quit or <RETURN> to proceed,
    or enter new name. (Default extension: sty)
    
    vign_test/Brobdingnag/vignettes/brob.tex:4: ==> Fatal error occurred, no outpu
    t PDF file produced!
    Calls: buildVignettes -> texi2pdf -> texi2dvi
    Execution halted
Flavor: r-release-osx-x86_64-mavericks

Version: 1.2-4
Check: re-building of vignette outputs
Result: NOTE
    Error in re-building vignettes:
     ...
    Creating a new generic function for 'max' in the global environment
    Creating a new generic function for 'min' in the global environment
    Creating a new generic function for 'range' in the global environment
    Creating a new generic function for 'prod' in the global environment
    Creating a new generic function for 'sum' in the global environment
    Error in texi2dvi(file = file, pdf = TRUE, clean = clean, quiet = quiet, :
     Running 'texi2dvi' on 'brob.tex' failed.
    LaTeX errors:
    ! LaTeX Error: File `dsfont.sty' not found.
    
    Type X to quit or <RETURN> to proceed,
    or enter new name. (Default extension: sty)
    
    Brobdingnag.Rcheck/vign_test/Brobdingnag/vignettes/brob.tex:4: ==> Fatal error
     occurred, no output PDF file produced!
    Calls: buildVignettes -> texi2pdf -> texi2dvi
    Execution halted
Flavor: r-release-osx-x86_64-snowleopard