CRAN Package Check Results for Package Brobdingnag

Last updated on 2015-05-30 17:46:30.

Flavor Version Tinstall Tcheck Ttotal Status Flags
r-devel-linux-x86_64-debian-clang 1.2-4 2.18 23.80 25.98 NOTE
r-devel-linux-x86_64-debian-gcc 1.2-4 1.77 22.59 24.36 NOTE
r-devel-linux-x86_64-fedora-clang 1.2-4 52.61 NOTE
r-devel-linux-x86_64-fedora-gcc 1.2-4 47.60 NOTE
r-devel-osx-x86_64-clang 1.2-4 57.48 NOTE
r-devel-windows-ix86+x86_64 1.2-4 5.00 40.00 45.00 OK
r-patched-linux-x86_64 1.2-4 1.68 23.40 25.08 NOTE
r-patched-solaris-sparc 1.2-4 301.20 NOTE
r-patched-solaris-x86 1.2-4 62.70 NOTE
r-release-linux-x86_64 1.2-4 2.17 23.09 25.26 NOTE
r-release-osx-x86_64-mavericks 1.2-4 OK
r-release-osx-x86_64-snowleopard 1.2-4 OK
r-release-windows-ix86+x86_64 1.2-4 4.00 35.00 39.00 OK
r-oldrel-windows-ix86+x86_64 1.2-4 9.00 62.00 71.00 OK

Check Details

Version: 1.2-4
Check: S3 generic/method consistency
Result: NOTE
    Found the following apparent S3 methods exported but not registered:
     print.brob print.glub
    See section ‘Registering S3 methods’ in the ‘Writing R Extensions’
    manual.
Flavors: r-devel-linux-x86_64-debian-clang, r-devel-linux-x86_64-debian-gcc, r-devel-linux-x86_64-fedora-clang, r-devel-linux-x86_64-fedora-gcc, r-devel-osx-x86_64-clang, r-patched-linux-x86_64, r-patched-solaris-sparc, r-patched-solaris-x86, r-release-linux-x86_64