CRAN Package Check Results for Package Brobdingnag

Last updated on 2017-02-27 18:48:46.

Flavor Version Tinstall Tcheck Ttotal Status Flags
r-devel-linux-x86_64-debian-clang 1.2-4 1.58 23.85 25.44 NOTE
r-devel-linux-x86_64-debian-gcc 1.2-4 1.57 24.01 25.58 NOTE
r-devel-linux-x86_64-fedora-clang 1.2-4 53.46 NOTE --no-stop-on-test-error
r-devel-linux-x86_64-fedora-gcc 1.2-4 53.75 NOTE --no-stop-on-test-error
r-devel-macos-x86_64-clang 1.2-4 41.58 NOTE --no-stop-on-test-error
r-devel-windows-ix86+x86_64 1.2-4 5.00 85.00 90.00 NOTE
r-patched-linux-x86_64 1.2-4 1.55 21.84 23.39 NOTE
r-patched-solaris-sparc 1.2-4 259.70 NOTE
r-patched-solaris-x86 1.2-4 54.00 NOTE
r-release-linux-x86_64 1.2-4 1.56 21.96 23.52 NOTE
r-release-osx-x86_64-mavericks 1.2-4 NOTE
r-release-windows-ix86+x86_64 1.2-4 4.00 57.00 61.00 NOTE
r-oldrel-windows-ix86+x86_64 1.2-4 5.00 60.00 65.00 OK

Check Details

Version: 1.2-4
Check: S3 generic/method consistency
Result: NOTE
    Found the following apparent S3 methods exported but not registered:
     print.brob print.glub
    See section ‘Registering S3 methods’ in the ‘Writing R Extensions’
    manual.
Flavors: r-devel-linux-x86_64-debian-clang, r-devel-linux-x86_64-debian-gcc, r-patched-linux-x86_64, r-patched-solaris-sparc, r-patched-solaris-x86, r-release-linux-x86_64

Version: 1.2-4
Check: R code for possible problems
Result: NOTE
    plot,ANY-brob: no visible global function definition for ‘plot.default’
    plot,ANY-glub: no visible global function definition for ‘plot.default’
    plot,brob-ANY: no visible global function definition for ‘plot.default’
    plot,brob-missing: no visible global function definition for
     ‘plot.default’
    plot,glub-ANY: no visible global function definition for ‘plot.default’
    plot,glub-missing: no visible global function definition for
     ‘plot.default’
    Undefined global functions or variables:
     plot.default
    Consider adding
     importFrom("graphics", "plot.default")
    to your NAMESPACE file.
Flavors: r-devel-linux-x86_64-debian-clang, r-devel-linux-x86_64-debian-gcc, r-devel-windows-ix86+x86_64, r-patched-linux-x86_64, r-patched-solaris-sparc, r-patched-solaris-x86, r-release-linux-x86_64, r-release-osx-x86_64-mavericks, r-release-windows-ix86+x86_64

Version: 1.2-4
Flags: --no-stop-on-test-error
Check: S3 generic/method consistency
Result: NOTE
    Found the following apparent S3 methods exported but not registered:
     print.brob print.glub
    See section ‘Registering S3 methods’ in the ‘Writing R Extensions’
    manual.
Flavors: r-devel-linux-x86_64-fedora-clang, r-devel-linux-x86_64-fedora-gcc, r-devel-macos-x86_64-clang

Version: 1.2-4
Flags: --no-stop-on-test-error
Check: R code for possible problems
Result: NOTE
    plot,ANY-brob: no visible global function definition for ‘plot.default’
    plot,ANY-glub: no visible global function definition for ‘plot.default’
    plot,brob-ANY: no visible global function definition for ‘plot.default’
    plot,brob-missing: no visible global function definition for
     ‘plot.default’
    plot,glub-ANY: no visible global function definition for ‘plot.default’
    plot,glub-missing: no visible global function definition for
     ‘plot.default’
    Undefined global functions or variables:
     plot.default
    Consider adding
     importFrom("graphics", "plot.default")
    to your NAMESPACE file.
Flavors: r-devel-linux-x86_64-fedora-clang, r-devel-linux-x86_64-fedora-gcc, r-devel-macos-x86_64-clang