CRAN Package Check Results for Package Brq

Last updated on 2014-10-22 21:47:20.

Flavor Version Tinstall Tcheck Ttotal Status Flags
r-devel-linux-x86_64-debian-clang 1.0 0.91 27.13 28.04 NOTE
r-devel-linux-x86_64-debian-gcc 1.0 0.92 26.15 27.07 NOTE
r-devel-linux-x86_64-fedora-clang 1.0 54.88 NOTE
r-devel-linux-x86_64-fedora-gcc 1.0 52.58 NOTE
r-devel-osx-x86_64-clang 1.0 48.54 NOTE
r-devel-windows-ix86+x86_64 1.0 4.00 38.00 42.00 NOTE
r-patched-linux-x86_64 1.0 0.96 27.64 28.59 NOTE
r-patched-solaris-sparc 1.0 347.40 NOTE
r-patched-solaris-x86 1.0 73.70 NOTE
r-release-linux-ix86 1.0 1.46 41.79 43.25 NOTE
r-release-linux-x86_64 1.0 0.99 27.67 28.66 NOTE
r-release-osx-x86_64-mavericks 1.0 NOTE
r-release-windows-ix86+x86_64 1.0 3.00 46.00 49.00 NOTE
r-oldrel-windows-ix86+x86_64 1.0 4.00 42.00 46.00 NOTE

Check Details

Version: 1.0
Check: dependencies in R code
Result: NOTE
    Packages in Depends field not imported from:
     ‘quantreg’ ‘truncnorm’
     These packages need to be imported from (in the NAMESPACE file)
     for when this namespace is loaded but not attached.
    See the information on DESCRIPTION files in the chapter ‘Creating R
    packages’ of the ‘Writing R Extensions’ manual.
Flavors: r-devel-linux-x86_64-debian-clang, r-devel-linux-x86_64-debian-gcc, r-devel-linux-x86_64-fedora-clang, r-devel-linux-x86_64-fedora-gcc, r-devel-osx-x86_64-clang, r-devel-windows-ix86+x86_64, r-patched-linux-x86_64, r-patched-solaris-sparc, r-patched-solaris-x86, r-release-linux-ix86, r-release-linux-x86_64, r-release-osx-x86_64-mavericks, r-release-windows-ix86+x86_64, r-oldrel-windows-ix86+x86_64

Version: 1.0
Check: R code for possible problems
Result: NOTE
    BAcrq: no visible global function definition for ‘rtruncnorm’
    Btopm: no visible global function definition for ‘rtruncnorm’
    Topm: no visible global function definition for ‘rq’
    Topm: no visible global function definition for ‘crq’
    brq: no visible global function definition for ‘rtruncnorm’
Flavors: r-devel-linux-x86_64-debian-clang, r-devel-linux-x86_64-debian-gcc, r-devel-linux-x86_64-fedora-clang, r-devel-linux-x86_64-fedora-gcc, r-devel-osx-x86_64-clang, r-devel-windows-ix86+x86_64, r-patched-linux-x86_64, r-patched-solaris-sparc, r-patched-solaris-x86