CRAN Package Check Results for Package Brq

Last updated on 2015-01-27 01:47:58.

Flavor Version Tinstall Tcheck Ttotal Status Flags
r-devel-linux-x86_64-debian-clang 1.0 0.87 24.88 25.74 NOTE
r-devel-linux-x86_64-debian-gcc 1.0 0.82 31.39 32.21 NOTE
r-devel-linux-x86_64-fedora-clang 1.0 58.53 NOTE
r-devel-linux-x86_64-fedora-gcc 1.0 56.10 NOTE
r-devel-osx-x86_64-clang 1.0 49.98 NOTE
r-devel-windows-ix86+x86_64 1.0 3.00 34.00 37.00 NOTE
r-patched-linux-x86_64 1.0 0.94 26.95 27.89 NOTE
r-patched-solaris-sparc 1.0 366.00 NOTE
r-patched-solaris-x86 1.0 72.80 NOTE
r-release-linux-ix86 1.0 1.24 38.94 40.18 NOTE
r-release-linux-x86_64 1.0 0.95 26.86 27.81 NOTE
r-release-osx-x86_64-mavericks 1.0 NOTE
r-release-windows-ix86+x86_64 1.0 5.00 43.00 48.00 NOTE
r-oldrel-windows-ix86+x86_64 1.0 7.00 67.00 74.00 NOTE

Check Details

Version: 1.0
Check: dependencies in R code
Result: NOTE
    Packages in Depends field not imported from:
     ‘quantreg’ ‘truncnorm’
     These packages need to be imported from (in the NAMESPACE file)
     for when this namespace is loaded but not attached.
Flavors: r-devel-linux-x86_64-debian-clang, r-devel-linux-x86_64-debian-gcc, r-devel-linux-x86_64-fedora-clang, r-devel-linux-x86_64-fedora-gcc, r-devel-osx-x86_64-clang, r-devel-windows-ix86+x86_64

Version: 1.0
Check: R code for possible problems
Result: NOTE
    BAcrq: no visible global function definition for ‘rtruncnorm’
    Btopm: no visible global function definition for ‘rtruncnorm’
    Topm: no visible global function definition for ‘rq’
    Topm: no visible global function definition for ‘crq’
    brq: no visible global function definition for ‘rtruncnorm’
Flavors: r-devel-linux-x86_64-debian-clang, r-devel-linux-x86_64-debian-gcc, r-devel-linux-x86_64-fedora-clang, r-devel-linux-x86_64-fedora-gcc, r-devel-osx-x86_64-clang, r-devel-windows-ix86+x86_64, r-patched-linux-x86_64, r-patched-solaris-sparc, r-patched-solaris-x86, r-release-linux-ix86, r-release-linux-x86_64, r-release-osx-x86_64-mavericks, r-release-windows-ix86+x86_64

Version: 1.0
Check: S3 generic/method consistency
Result: NOTE
    Found the following apparent S3 methods exported but not registered:
     summary.brq
    See section ‘Registering S3 methods’ in the ‘Writing R Extensions’
    manual.
Flavors: r-devel-linux-x86_64-fedora-clang, r-devel-linux-x86_64-fedora-gcc, r-devel-osx-x86_64-clang

Version: 1.0
Check: dependencies in R code
Result: NOTE
    Packages in Depends field not imported from:
     ‘quantreg’ ‘truncnorm’
     These packages need to be imported from (in the NAMESPACE file)
     for when this namespace is loaded but not attached.
    See the information on DESCRIPTION files in the chapter ‘Creating R
    packages’ of the ‘Writing R Extensions’ manual.
Flavors: r-patched-linux-x86_64, r-patched-solaris-sparc, r-patched-solaris-x86, r-release-linux-ix86, r-release-linux-x86_64, r-release-osx-x86_64-mavericks, r-release-windows-ix86+x86_64, r-oldrel-windows-ix86+x86_64