CRAN Package Check Results for Package Brq

Last updated on 2014-07-26 10:48:22.

Flavor Version Tinstall Tcheck Ttotal Status Flags
r-devel-linux-x86_64-debian-clang 1.0 1.10 27.31 28.40 NOTE
r-devel-linux-x86_64-debian-gcc 1.0 1.19 26.99 28.18 NOTE
r-devel-linux-x86_64-fedora-clang 1.0 58.86 NOTE
r-devel-linux-x86_64-fedora-gcc 1.0 55.26 NOTE
r-devel-osx-x86_64-clang 1.0 49.60 NOTE
r-devel-windows-ix86+x86_64 1.0 4.00 42.00 46.00 NOTE
r-patched-linux-x86_64 1.0 0.96 26.78 27.73 NOTE
r-patched-solaris-sparc 1.0 348.50 NOTE
r-patched-solaris-x86 1.0 74.40 NOTE
r-release-linux-ix86 1.0 1.36 41.19 42.56 NOTE
r-release-linux-x86_64 1.0 0.98 27.15 28.13 NOTE
r-release-osx-x86_64-mavericks 1.0 NOTE
r-release-windows-ix86+x86_64 1.0 4.00 46.00 50.00 NOTE
r-oldrel-windows-ix86+x86_64 1.0 4.00 37.00 41.00 NOTE

Check Details

Version: 1.0
Check: dependencies in R code
Result: NOTE
    Packages in Depends field not imported from:
     ‘quantreg’ ‘truncnorm’
     These packages need to be imported from (in the NAMESPACE file)
     for when this namespace is loaded but not attached.
    See the information on DESCRIPTION files in the chapter ‘Creating R
    packages’ of the ‘Writing R Extensions’ manual.
Flavors: r-devel-linux-x86_64-debian-clang, r-devel-linux-x86_64-debian-gcc, r-devel-linux-x86_64-fedora-clang, r-devel-linux-x86_64-fedora-gcc, r-devel-osx-x86_64-clang, r-devel-windows-ix86+x86_64, r-patched-linux-x86_64, r-patched-solaris-sparc, r-patched-solaris-x86, r-release-linux-ix86, r-release-linux-x86_64, r-release-osx-x86_64-mavericks, r-release-windows-ix86+x86_64, r-oldrel-windows-ix86+x86_64