CRAN Package Check Results for Package Brq

Last updated on 2014-04-16 09:47:56.

Flavor Version Tinstall Tcheck Ttotal Status Flags
r-devel-linux-x86_64-debian-clang 1.0 1.08 28.77 29.85 NOTE
r-devel-linux-x86_64-debian-gcc 1.0 1.02 28.22 29.24 NOTE
r-devel-linux-x86_64-fedora-clang 1.0 60.08 NOTE
r-devel-linux-x86_64-fedora-gcc 1.0 56.96 NOTE
r-devel-macosx-x86_64-clang 1.0 52.01 NOTE
r-devel-macosx-x86_64-gcc 1.0 ERROR
r-devel-windows-ix86+x86_64 1.0 4.00 39.00 43.00 NOTE
r-patched-linux-x86_64 1.0 1.01 28.03 29.04 NOTE
r-patched-solaris-sparc 1.0 348.50 NOTE
r-patched-solaris-x86 1.0 77.70 NOTE
r-release-linux-ix86 1.0 3.00 69.00 72.00 NOTE
r-release-linux-x86_64 1.0 1.06 27.98 29.05 NOTE
r-release-windows-ix86+x86_64 1.0 4.00 43.00 47.00 NOTE
r-oldrel-windows-ix86+x86_64 1.0 4.00 39.00 43.00 NOTE

Check Details

Version: 1.0
Check: dependencies in R code
Result: NOTE
    Packages in Depends field not imported from:
     ‘quantreg’ ‘truncnorm’
     These packages need to be imported from (in the NAMESPACE file)
     for when this namespace is loaded but not attached.
    See the information on DESCRIPTION files in the chapter ‘Creating R
    packages’ of the ‘Writing R Extensions’ manual.
Flavors: r-devel-linux-x86_64-debian-clang, r-devel-linux-x86_64-debian-gcc, r-devel-linux-x86_64-fedora-clang, r-devel-linux-x86_64-fedora-gcc, r-devel-macosx-x86_64-clang, r-devel-windows-ix86+x86_64, r-patched-linux-x86_64, r-patched-solaris-sparc, r-patched-solaris-x86, r-release-linux-ix86, r-release-linux-x86_64, r-release-windows-ix86+x86_64, r-oldrel-windows-ix86+x86_64

Version: 1.0
Check: package dependencies
Result: ERROR
    Package required but not available: ‘quantreg’
    
    See the information on DESCRIPTION files in the chapter ‘Creating R
    packages’ of the ‘Writing R Extensions’ manual.
Flavor: r-devel-macosx-x86_64-gcc