CRAN Package Check Results for Package Brq

Last updated on 2014-09-21 13:46:37.

Flavor Version Tinstall Tcheck Ttotal Status Flags
r-devel-linux-x86_64-debian-clang 1.0 0.91 30.98 31.89 NOTE
r-devel-linux-x86_64-debian-gcc 1.0 0.95 26.00 26.95 NOTE
r-devel-linux-x86_64-fedora-clang 1.0 56.32 NOTE
r-devel-linux-x86_64-fedora-gcc 1.0 51.66 NOTE
r-devel-osx-x86_64-clang 1.0 49.72 NOTE
r-devel-windows-ix86+x86_64 1.0 3.00 41.00 44.00 NOTE
r-patched-linux-x86_64 1.0 1.03 27.40 28.43 NOTE
r-patched-solaris-sparc 1.0 353.30 NOTE
r-patched-solaris-x86 1.0 79.40 NOTE
r-release-linux-ix86 1.0 1.33 41.90 43.22 NOTE
r-release-linux-x86_64 1.0 0.98 27.59 28.56 NOTE
r-release-osx-x86_64-mavericks 1.0 NOTE
r-release-windows-ix86+x86_64 1.0 4.00 42.00 46.00 NOTE
r-oldrel-windows-ix86+x86_64 1.0 5.00 42.00 47.00 NOTE

Check Details

Version: 1.0
Check: dependencies in R code
Result: NOTE
    Packages in Depends field not imported from:
     ‘quantreg’ ‘truncnorm’
     These packages need to be imported from (in the NAMESPACE file)
     for when this namespace is loaded but not attached.
    See the information on DESCRIPTION files in the chapter ‘Creating R
    packages’ of the ‘Writing R Extensions’ manual.
Flavors: r-devel-linux-x86_64-debian-clang, r-devel-linux-x86_64-debian-gcc, r-devel-linux-x86_64-fedora-clang, r-devel-linux-x86_64-fedora-gcc, r-devel-osx-x86_64-clang, r-devel-windows-ix86+x86_64, r-patched-linux-x86_64, r-patched-solaris-sparc, r-patched-solaris-x86, r-release-linux-ix86, r-release-linux-x86_64, r-release-osx-x86_64-mavericks, r-release-windows-ix86+x86_64, r-oldrel-windows-ix86+x86_64

Version: 1.0
Check: R code for possible problems
Result: NOTE
    BAcrq: no visible global function definition for ‘rtruncnorm’
    Btopm: no visible global function definition for ‘rtruncnorm’
    Topm: no visible global function definition for ‘rq’
    Topm: no visible global function definition for ‘crq’
    brq: no visible global function definition for ‘rtruncnorm’
Flavors: r-devel-linux-x86_64-debian-clang, r-devel-linux-x86_64-debian-gcc, r-devel-linux-x86_64-fedora-clang, r-devel-linux-x86_64-fedora-gcc, r-devel-osx-x86_64-clang, r-devel-windows-ix86+x86_64