CRAN Package Check Results for Package Brundle

Last updated on 2022-08-17 09:53:06 CEST.

Flavor Version Tinstall Tcheck Ttotal Status Flags
r-devel-linux-x86_64-debian-clang 1.0.9 76.55 587.47 664.02 OK
r-devel-linux-x86_64-debian-gcc 1.0.9 OK
r-devel-linux-x86_64-fedora-clang 1.0.9 838.49 OK
r-devel-linux-x86_64-fedora-gcc 1.0.9 888.77 OK
r-devel-windows-x86_64 1.0.9 95.00 575.00 670.00 OK
r-patched-linux-x86_64 1.0.9 76.28 572.31 648.59 OK
r-release-linux-x86_64 1.0.9 71.04 564.56 635.60 OK
r-release-macos-arm64 1.0.9 14.00 ERROR
r-release-macos-x86_64 1.0.9 300.00 OK
r-release-windows-x86_64 1.0.9 88.00 581.00 669.00 OK
r-oldrel-macos-arm64 1.0.9 362.00 OK
r-oldrel-macos-x86_64 1.0.9 388.00 WARN
r-oldrel-windows-ix86+x86_64 1.0.9 157.00 562.00 719.00 OK

Check Details

Version: 1.0.9
Check: package dependencies
Result: ERROR
    Package required but not available: ‘DiffBind’
    
    See section ‘The DESCRIPTION file’ in the ‘Writing R Extensions’
    manual.
Flavor: r-release-macos-arm64

Version: 1.0.9
Check: whether package can be installed
Result: WARN
    Found the following significant warnings:
     Warning: multiple methods tables found for ‘export’
Flavor: r-oldrel-macos-x86_64