CRAN Package Check Results for Package BsMD

Last updated on 2016-09-29 17:50:10.

Flavor Version Tinstall Tcheck Ttotal Status Flags
r-devel-linux-x86_64-debian-clang 2013.0718 2.62 23.34 25.96 NOTE
r-devel-linux-x86_64-debian-gcc 2013.0718 2.68 22.53 25.20 NOTE
r-devel-linux-x86_64-fedora-clang 2013.0718 48.79 NOTE
r-devel-linux-x86_64-fedora-gcc 2013.0718 40.39 NOTE
r-devel-macos-x86_64-clang 2013.0718 32.18 NOTE
r-devel-windows-ix86+x86_64 2013.0718 14.00 55.00 69.00 NOTE
r-patched-linux-x86_64 2013.0718 2.69 22.46 25.16 NOTE
r-patched-solaris-sparc 2013.0718 301.00 NOTE
r-patched-solaris-x86 2013.0718 65.50 NOTE
r-release-linux-x86_64 2013.0718 2.46 23.08 25.54 NOTE
r-release-osx-x86_64-mavericks 2013.0718 NOTE
r-release-windows-ix86+x86_64 2013.0718 8.00 50.00 58.00 NOTE
r-oldrel-windows-ix86+x86_64 2013.0718 9.00 49.00 58.00 OK

Check Details

Version: 2013.0718
Check: R code for possible problems
Result: NOTE
    LenthPlot: no visible global function definition for ‘grey’
    plot.BsProb : spikes: no visible global function definition for ‘grey’
    Undefined global functions or variables:
     grey
    Consider adding
     importFrom("grDevices", "grey")
    to your NAMESPACE file.
Flavors: r-devel-linux-x86_64-debian-clang, r-devel-linux-x86_64-debian-gcc, r-devel-linux-x86_64-fedora-clang, r-devel-linux-x86_64-fedora-gcc, r-devel-macos-x86_64-clang, r-devel-windows-ix86+x86_64, r-patched-linux-x86_64, r-patched-solaris-sparc, r-patched-solaris-x86, r-release-linux-x86_64, r-release-osx-x86_64-mavericks, r-release-windows-ix86+x86_64