CRAN Package Check Results for Package BsMD

Last updated on 2016-02-09 06:49:39.

Flavor Version Tinstall Tcheck Ttotal Status Flags
r-devel-linux-x86_64-debian-gcc 2013.0718 2.60 20.41 23.00 NOTE
r-devel-linux-x86_64-fedora-clang 2013.0718 39.51 NOTE
r-devel-linux-x86_64-fedora-gcc 2013.0718 38.16 NOTE
r-devel-osx-x86_64-clang 2013.0718 42.28 NOTE
r-devel-windows-ix86+x86_64 2013.0718 12.00 47.00 59.00 NOTE
r-patched-linux-x86_64 2013.0718 2.71 24.24 26.95 OK
r-patched-solaris-sparc 2013.0718 340.00 OK
r-patched-solaris-x86 2013.0718 73.80 OK
r-release-linux-x86_64 2013.0718 2.61 24.31 26.92 OK
r-release-osx-x86_64-mavericks 2013.0718 OK
r-release-windows-ix86+x86_64 2013.0718 9.00 49.00 58.00 OK
r-oldrel-windows-ix86+x86_64 2013.0718 12.00 60.00 72.00 OK

Check Details

Version: 2013.0718
Check: R code for possible problems
Result: NOTE
    LenthPlot: no visible global function definition for ‘grey’
    plot.BsProb : spikes: no visible global function definition for ‘grey’
    Undefined global functions or variables:
     grey
    Consider adding
     importFrom("grDevices", "grey")
    to your NAMESPACE file.
Flavors: r-devel-linux-x86_64-debian-gcc, r-devel-linux-x86_64-fedora-clang, r-devel-linux-x86_64-fedora-gcc, r-devel-osx-x86_64-clang, r-devel-windows-ix86+x86_64