CRAN Package Check Results for Package BsMD

Last updated on 2015-09-04 06:47:56.

Flavor Version Tinstall Tcheck Ttotal Status Flags
r-devel-linux-x86_64-debian-clang 2013.0718 2.45 24.04 26.49 NOTE
r-devel-linux-x86_64-debian-gcc 2013.0718 2.54 24.25 26.78 NOTE
r-devel-linux-x86_64-fedora-clang 2013.0718 45.50 NOTE
r-devel-linux-x86_64-fedora-gcc 2013.0718 44.65 NOTE
r-devel-osx-x86_64-clang 2013.0718 40.87 OK
r-devel-windows-ix86+x86_64 2013.0718 8.00 50.00 58.00 NOTE
r-patched-linux-x86_64 2013.0718 2.51 24.47 26.98 OK
r-patched-solaris-sparc 2013.0718 371.50 OK
r-patched-solaris-x86 2013.0718 78.70 OK
r-release-linux-x86_64 2013.0718 2.56 24.12 26.69 OK
r-release-osx-x86_64-mavericks 2013.0718 OK
r-release-windows-ix86+x86_64 2013.0718 9.00 60.00 69.00 OK
r-oldrel-windows-ix86+x86_64 2013.0718 12.00 60.00 72.00 OK

Check Details

Version: 2013.0718
Check: R code for possible problems
Result: NOTE
    LenthPlot: no visible global function definition for ‘grey’
    plot.BsProb : spikes: no visible global function definition for ‘grey’
    Undefined global functions or variables:
     grey
    Consider adding
     importFrom("grDevices", "grey")
    to your NAMESPACE.
Flavors: r-devel-linux-x86_64-debian-clang, r-devel-linux-x86_64-debian-gcc, r-devel-linux-x86_64-fedora-clang, r-devel-linux-x86_64-fedora-gcc, r-devel-windows-ix86+x86_64