CRAN Package Check Results for Package BsMD

Last updated on 2017-08-22 04:46:44.

Flavor Version Tinstall Tcheck Ttotal Status Flags
r-devel-linux-x86_64-debian-clang 2013.0718 2.22 23.83 26.06 NOTE
r-devel-linux-x86_64-debian-gcc 2013.0718 2.28 23.43 25.71 NOTE
r-devel-linux-x86_64-fedora-clang 2013.0718 49.90 NOTE
r-devel-linux-x86_64-fedora-gcc 2013.0718 48.31 NOTE
r-devel-windows-ix86+x86_64 2013.0718 12.00 59.00 71.00 NOTE
r-patched-linux-x86_64 2013.0718 2.44 24.10 26.54 NOTE
r-patched-solaris-x86 2013.0718 76.10 NOTE
r-release-linux-x86_64 2013.0718 2.28 24.05 26.33 NOTE
r-release-windows-ix86+x86_64 2013.0718 10.00 56.00 66.00 NOTE
r-release-osx-x86_64 2013.0718 NOTE
r-oldrel-windows-ix86+x86_64 2013.0718 8.00 53.00 61.00 NOTE
r-oldrel-osx-x86_64 2013.0718 NOTE

Check Details

Version: 2013.0718
Check: R code for possible problems
Result: NOTE
    LenthPlot: no visible global function definition for ‘grey’
    plot.BsProb : spikes: no visible global function definition for ‘grey’
    Undefined global functions or variables:
     grey
    Consider adding
     importFrom("grDevices", "grey")
    to your NAMESPACE file.
Flavors: r-devel-linux-x86_64-debian-clang, r-devel-linux-x86_64-debian-gcc, r-devel-linux-x86_64-fedora-clang, r-devel-linux-x86_64-fedora-gcc, r-devel-windows-ix86+x86_64, r-patched-linux-x86_64, r-patched-solaris-x86, r-release-linux-x86_64, r-release-windows-ix86+x86_64, r-release-osx-x86_64, r-oldrel-windows-ix86+x86_64, r-oldrel-osx-x86_64

Version: 2013.0718
Check: compiled code
Result: NOTE
    File ‘BsMD/libs/BsMD.so’:
     Found no calls to: ‘R_registerRoutines’, ‘R_useDynamicSymbols’
    
    It is good practice to register native routines and to disable symbol
    search.
    
    See ‘Writing portable packages’ in the ‘Writing R Extensions’ manual.
Flavors: r-devel-linux-x86_64-debian-clang, r-devel-linux-x86_64-debian-gcc, r-devel-linux-x86_64-fedora-clang, r-devel-linux-x86_64-fedora-gcc, r-patched-linux-x86_64, r-release-linux-x86_64