CRAN Package Check Results for Package BsMD

Last updated on 2017-02-22 03:47:12.

Flavor Version Tinstall Tcheck Ttotal Status Flags
r-devel-linux-x86_64-debian-clang 2013.0718 2.83 24.88 27.70 NOTE
r-devel-linux-x86_64-debian-gcc 2013.0718 3.01 24.71 27.72 NOTE
r-devel-linux-x86_64-fedora-clang 2013.0718 46.07 NOTE --no-stop-on-test-error
r-devel-linux-x86_64-fedora-gcc 2013.0718 50.58 NOTE --no-stop-on-test-error
r-devel-macos-x86_64-clang 2013.0718 38.42 NOTE --no-stop-on-test-error
r-devel-windows-ix86+x86_64 2013.0718 12.00 87.00 99.00 NOTE
r-patched-linux-x86_64 2013.0718 2.59 21.88 24.47 NOTE
r-patched-solaris-sparc 2013.0718 299.70 NOTE
r-patched-solaris-x86 2013.0718 65.80 NOTE
r-release-linux-x86_64 2013.0718 2.48 21.73 24.21 NOTE
r-release-osx-x86_64-mavericks 2013.0718 NOTE
r-release-windows-ix86+x86_64 2013.0718 8.00 53.00 61.00 NOTE
r-oldrel-windows-ix86+x86_64 2013.0718 7.00 58.00 65.00 OK

Check Details

Version: 2013.0718
Check: R code for possible problems
Result: NOTE
    LenthPlot: no visible global function definition for ‘grey’
    plot.BsProb : spikes: no visible global function definition for ‘grey’
    Undefined global functions or variables:
     grey
    Consider adding
     importFrom("grDevices", "grey")
    to your NAMESPACE file.
Flavors: r-devel-linux-x86_64-debian-clang, r-devel-linux-x86_64-debian-gcc, r-devel-windows-ix86+x86_64, r-patched-linux-x86_64, r-patched-solaris-sparc, r-patched-solaris-x86, r-release-linux-x86_64, r-release-osx-x86_64-mavericks, r-release-windows-ix86+x86_64

Version: 2013.0718
Check: compiled code
Result: NOTE
    File ‘BsMD/libs/BsMD.so’:
     Found no calls to: ‘R_registerRoutines’, ‘R_useDynamicSymbols’
    
    It is good practice to register native routines and to disable symbol
    search.
    
    See ‘Writing portable packages’ in the ‘Writing R Extensions’ manual.
Flavors: r-devel-linux-x86_64-debian-clang, r-devel-linux-x86_64-debian-gcc

Version: 2013.0718
Flags: --no-stop-on-test-error
Check: R code for possible problems
Result: NOTE
    LenthPlot: no visible global function definition for ‘grey’
    plot.BsProb : spikes: no visible global function definition for ‘grey’
    Undefined global functions or variables:
     grey
    Consider adding
     importFrom("grDevices", "grey")
    to your NAMESPACE file.
Flavors: r-devel-linux-x86_64-fedora-clang, r-devel-linux-x86_64-fedora-gcc, r-devel-macos-x86_64-clang

Version: 2013.0718
Flags: --no-stop-on-test-error
Check: compiled code
Result: NOTE
    File ‘BsMD/libs/BsMD.so’:
     Found no calls to: ‘R_registerRoutines’, ‘R_useDynamicSymbols’
    
    It is good practice to register native routines and to disable symbol
    search.
    
    See ‘Writing portable packages’ in the ‘Writing R Extensions’ manual.
Flavors: r-devel-linux-x86_64-fedora-clang, r-devel-linux-x86_64-fedora-gcc, r-devel-macos-x86_64-clang