CRAN Package Check Results for Package BsMD

Last updated on 2015-07-01 06:48:27.

Flavor Version Tinstall Tcheck Ttotal Status Flags
r-devel-linux-x86_64-debian-clang 2013.0718 2.49 24.38 26.87 NOTE
r-devel-linux-x86_64-debian-gcc 2013.0718 2.64 23.82 26.46 NOTE
r-devel-linux-x86_64-fedora-clang 2013.0718 46.99 NOTE
r-devel-linux-x86_64-fedora-gcc 2013.0718 44.54 NOTE
r-devel-osx-x86_64-clang 2013.0718 44.51 OK
r-devel-windows-ix86+x86_64 2013.0718 12.00 45.00 57.00 OK
r-patched-linux-x86_64 2013.0718 2.54 24.14 26.68 OK
r-patched-solaris-sparc 2013.0718 363.70 OK
r-patched-solaris-x86 2013.0718 78.70 OK
r-release-linux-x86_64 2013.0718 2.58 24.80 27.38 OK
r-release-osx-x86_64-mavericks 2013.0718 OK
r-release-windows-ix86+x86_64 2013.0718 8.00 48.00 56.00 OK
r-oldrel-windows-ix86+x86_64 2013.0718 12.00 60.00 72.00 OK

Check Details

Version: 2013.0718
Check: R code for possible problems
Result: NOTE
    LenthPlot: no visible global function definition for ‘grey’
    plot.BsProb : spikes: no visible global function definition for ‘grey’
Flavors: r-devel-linux-x86_64-debian-clang, r-devel-linux-x86_64-debian-gcc, r-devel-linux-x86_64-fedora-clang, r-devel-linux-x86_64-fedora-gcc