CRAN Package Check Results for Package BsMD

Last updated on 2015-08-01 03:48:47.

Flavor Version Tinstall Tcheck Ttotal Status Flags
r-devel-linux-x86_64-debian-clang 2013.0718 2.76 24.60 27.35 NOTE
r-devel-linux-x86_64-debian-gcc 2013.0718 2.55 24.27 26.82 NOTE
r-devel-linux-x86_64-fedora-clang 2013.0718 46.53 NOTE
r-devel-linux-x86_64-fedora-gcc 2013.0718 45.29 NOTE
r-devel-osx-x86_64-clang 2013.0718 41.68 OK
r-devel-windows-ix86+x86_64 2013.0718 10.00 51.00 61.00 NOTE
r-patched-linux-x86_64 2013.0718 2.58 24.56 27.15 OK
r-patched-solaris-sparc 2013.0718 371.50 OK
r-patched-solaris-x86 2013.0718 78.60 OK
r-release-linux-x86_64 2013.0718 2.63 24.73 27.36 OK
r-release-osx-x86_64-mavericks 2013.0718 OK
r-release-windows-ix86+x86_64 2013.0718 8.00 48.00 56.00 OK
r-oldrel-windows-ix86+x86_64 2013.0718 12.00 60.00 72.00 OK

Check Details

Version: 2013.0718
Check: R code for possible problems
Result: NOTE
    LenthPlot: no visible global function definition for ‘grey’
    plot.BsProb : spikes: no visible global function definition for ‘grey’
    Undefined global functions or variables:
     grey
    Consider adding
     importFrom("grDevices", "grey")
    to your NAMESPACE.
Flavors: r-devel-linux-x86_64-debian-clang, r-devel-linux-x86_64-debian-gcc, r-devel-linux-x86_64-fedora-clang, r-devel-linux-x86_64-fedora-gcc, r-devel-windows-ix86+x86_64