CRAN Package Check Results for Package BsMD

Last updated on 2016-12-11 10:46:48.

Flavor Version Tinstall Tcheck Ttotal Status Flags
r-devel-linux-x86_64-debian-clang 2013.0718 2.89 25.36 28.25 NOTE
r-devel-linux-x86_64-debian-gcc 2013.0718 2.92 24.48 27.40 NOTE
r-devel-linux-x86_64-fedora-clang 2013.0718 47.10 NOTE --no-stop-on-test-error
r-devel-linux-x86_64-fedora-gcc 2013.0718 45.59 NOTE --no-stop-on-test-error
r-devel-macos-x86_64-clang 2013.0718 37.18 NOTE --no-stop-on-test-error
r-devel-windows-ix86+x86_64 2013.0718 12.00 58.00 70.00 NOTE
r-patched-linux-x86_64 2013.0718 2.50 22.83 25.34 NOTE
r-patched-solaris-sparc 2013.0718 301.00 NOTE
r-patched-solaris-x86 2013.0718 65.40 NOTE
r-release-linux-x86_64 2013.0718 2.50 22.57 25.07 NOTE
r-release-osx-x86_64-mavericks 2013.0718 NOTE
r-release-windows-ix86+x86_64 2013.0718 8.00 53.00 61.00 NOTE
r-oldrel-windows-ix86+x86_64 2013.0718 7.00 58.00 65.00 OK

Check Details

Version: 2013.0718
Check: R code for possible problems
Result: NOTE
    LenthPlot: no visible global function definition for ‘grey’
    plot.BsProb : spikes: no visible global function definition for ‘grey’
    Undefined global functions or variables:
     grey
    Consider adding
     importFrom("grDevices", "grey")
    to your NAMESPACE file.
Flavors: r-devel-linux-x86_64-debian-clang, r-devel-linux-x86_64-debian-gcc, r-devel-windows-ix86+x86_64, r-patched-linux-x86_64, r-patched-solaris-sparc, r-patched-solaris-x86, r-release-linux-x86_64, r-release-osx-x86_64-mavericks, r-release-windows-ix86+x86_64

Version: 2013.0718
Flags: --no-stop-on-test-error
Check: R code for possible problems
Result: NOTE
    LenthPlot: no visible global function definition for ‘grey’
    plot.BsProb : spikes: no visible global function definition for ‘grey’
    Undefined global functions or variables:
     grey
    Consider adding
     importFrom("grDevices", "grey")
    to your NAMESPACE file.
Flavors: r-devel-linux-x86_64-fedora-clang, r-devel-linux-x86_64-fedora-gcc, r-devel-macos-x86_64-clang