CRAN Package Check Results for Package BsMD

Last updated on 2018-02-25 09:50:09 CET.

Flavor Version Tinstall Tcheck Ttotal Status Flags
r-devel-linux-x86_64-debian-clang 2013.0718-1 4.07 34.57 38.64 OK
r-devel-linux-x86_64-debian-gcc 2013.0718-1 3.35 25.76 29.11 OK
r-devel-linux-x86_64-fedora-clang 2013.0718-1 49.20 OK
r-devel-linux-x86_64-fedora-gcc 2013.0718-1 49.58 OK
r-devel-windows-ix86+x86_64 2013.0718-1 21.00 86.00 107.00 OK
r-patched-linux-x86_64 2013.0718-1 2.74 34.96 37.70 OK
r-patched-solaris-x86 2013.0718-1 77.80 OK
r-release-linux-x86_64 2013.0718-1 3.27 34.54 37.81 OK
r-release-windows-ix86+x86_64 2013.0718-1 15.00 79.00 94.00 OK
r-release-osx-x86_64 2013.0718-1 OK
r-oldrel-windows-ix86+x86_64 2013.0718-1 15.00 73.00 88.00 OK
r-oldrel-osx-x86_64 2013.0718 NOTE

Check Details

Version: 2013.0718
Check: R code for possible problems
Result: NOTE
    LenthPlot: no visible global function definition for ‘grey’
    plot.BsProb : spikes: no visible global function definition for ‘grey’
    Undefined global functions or variables:
     grey
    Consider adding
     importFrom("grDevices", "grey")
    to your NAMESPACE file.
Flavor: r-oldrel-osx-x86_64