CRAN Package Check Results for Package BsMD

Last updated on 2016-08-26 09:53:36.

Flavor Version Tinstall Tcheck Ttotal Status Flags
r-devel-linux-x86_64-debian-clang 2013.0718 2.68 22.70 25.38 NOTE
r-devel-linux-x86_64-debian-gcc 2013.0718 3.75 28.65 32.40 NOTE
r-devel-linux-x86_64-fedora-clang 2013.0718 41.91 NOTE
r-devel-linux-x86_64-fedora-gcc 2013.0718 41.36 NOTE
r-devel-osx-x86_64-clang 2013.0718 32.22 NOTE
r-devel-windows-ix86+x86_64 2013.0718 13.00 63.00 76.00 NOTE
r-patched-linux-x86_64 2013.0718 2.47 22.38 24.85 NOTE
r-patched-solaris-sparc 2013.0718 301.00 NOTE
r-patched-solaris-x86 2013.0718 66.20 NOTE
r-release-linux-x86_64 2013.0718 2.58 22.05 24.63 NOTE
r-release-osx-x86_64-mavericks 2013.0718 NOTE
r-release-windows-ix86+x86_64 2013.0718 11.00 48.00 59.00 NOTE
r-oldrel-windows-ix86+x86_64 2013.0718 9.00 49.00 58.00 OK

Check Details

Version: 2013.0718
Check: R code for possible problems
Result: NOTE
    LenthPlot: no visible global function definition for ‘grey’
    plot.BsProb : spikes: no visible global function definition for ‘grey’
    Undefined global functions or variables:
     grey
    Consider adding
     importFrom("grDevices", "grey")
    to your NAMESPACE file.
Flavors: r-devel-linux-x86_64-debian-clang, r-devel-linux-x86_64-debian-gcc, r-devel-linux-x86_64-fedora-clang, r-devel-linux-x86_64-fedora-gcc, r-devel-osx-x86_64-clang, r-devel-windows-ix86+x86_64, r-patched-linux-x86_64, r-patched-solaris-sparc, r-patched-solaris-x86, r-release-linux-x86_64, r-release-osx-x86_64-mavericks, r-release-windows-ix86+x86_64