CRAN Package Check Results for Package BsMD

Last updated on 2017-04-28 15:47:09.

Flavor Version Tinstall Tcheck Ttotal Status Flags
r-devel-linux-x86_64-debian-clang 2013.0718 2.88 24.42 27.30 NOTE
r-devel-linux-x86_64-debian-gcc 2013.0718 2.73 24.10 26.82 NOTE
r-devel-linux-x86_64-fedora-clang 2013.0718 47.35 NOTE --no-stop-on-test-error
r-devel-linux-x86_64-fedora-gcc 2013.0718 45.57 NOTE --no-stop-on-test-error
r-devel-windows-ix86+x86_64 2013.0718 17.00 85.00 102.00 NOTE
r-patched-linux-x86_64 2013.0718 2.70 24.22 26.92 NOTE
r-patched-solaris-sparc 2013.0718 319.20 NOTE
r-patched-solaris-x86 2013.0718 80.30 NOTE
r-release-linux-x86_64 2013.0718 2.66 24.11 26.77 NOTE
r-release-windows-ix86+x86_64 2013.0718 10.00 59.00 69.00 NOTE
r-release-osx-x86_64 2013.0718 NOTE
r-oldrel-windows-ix86+x86_64 2013.0718 8.00 53.00 61.00 NOTE
r-oldrel-osx-x86_64 2013.0718 NOTE

Check Details

Version: 2013.0718
Check: R code for possible problems
Result: NOTE
    LenthPlot: no visible global function definition for ‘grey’
    plot.BsProb : spikes: no visible global function definition for ‘grey’
    Undefined global functions or variables:
     grey
    Consider adding
     importFrom("grDevices", "grey")
    to your NAMESPACE file.
Flavors: r-devel-linux-x86_64-debian-clang, r-devel-linux-x86_64-debian-gcc, r-devel-windows-ix86+x86_64, r-patched-linux-x86_64, r-patched-solaris-sparc, r-patched-solaris-x86, r-release-linux-x86_64, r-release-windows-ix86+x86_64, r-release-osx-x86_64, r-oldrel-windows-ix86+x86_64, r-oldrel-osx-x86_64

Version: 2013.0718
Check: compiled code
Result: NOTE
    File ‘BsMD/libs/BsMD.so’:
     Found no calls to: ‘R_registerRoutines’, ‘R_useDynamicSymbols’
    
    It is good practice to register native routines and to disable symbol
    search.
    
    See ‘Writing portable packages’ in the ‘Writing R Extensions’ manual.
Flavors: r-devel-linux-x86_64-debian-clang, r-devel-linux-x86_64-debian-gcc, r-patched-linux-x86_64, r-release-linux-x86_64

Version: 2013.0718
Flags: --no-stop-on-test-error
Check: R code for possible problems
Result: NOTE
    LenthPlot: no visible global function definition for ‘grey’
    plot.BsProb : spikes: no visible global function definition for ‘grey’
    Undefined global functions or variables:
     grey
    Consider adding
     importFrom("grDevices", "grey")
    to your NAMESPACE file.
Flavors: r-devel-linux-x86_64-fedora-clang, r-devel-linux-x86_64-fedora-gcc

Version: 2013.0718
Flags: --no-stop-on-test-error
Check: compiled code
Result: NOTE
    File ‘BsMD/libs/BsMD.so’:
     Found no calls to: ‘R_registerRoutines’, ‘R_useDynamicSymbols’
    
    It is good practice to register native routines and to disable symbol
    search.
    
    See ‘Writing portable packages’ in the ‘Writing R Extensions’ manual.
Flavors: r-devel-linux-x86_64-fedora-clang, r-devel-linux-x86_64-fedora-gcc