CRAN Package Check Results for Package BsMD

Last updated on 2016-05-29 15:46:29.

Flavor Version Tinstall Tcheck Ttotal Status Flags
r-devel-linux-x86_64-debian-gcc 2013.0718 2.63 21.73 24.36 NOTE
r-devel-linux-x86_64-fedora-clang 2013.0718 39.39 NOTE
r-devel-linux-x86_64-fedora-gcc 2013.0718 40.65 NOTE
r-devel-osx-x86_64-clang 2013.0718 43.34 NOTE
r-devel-windows-ix86+x86_64 2013.0718 7.00 47.00 54.00 NOTE
r-patched-linux-x86_64 2013.0718 2.60 21.75 24.34 NOTE
r-patched-solaris-sparc 2013.0718 298.00 NOTE
r-patched-solaris-x86 2013.0718 68.40 NOTE
r-release-linux-x86_64 2013.0718 2.58 21.86 24.44 NOTE
r-release-osx-x86_64-mavericks 2013.0718 NOTE
r-release-windows-ix86+x86_64 2013.0718 11.00 48.00 59.00 NOTE
r-oldrel-windows-ix86+x86_64 2013.0718 9.00 49.00 58.00 OK

Check Details

Version: 2013.0718
Check: R code for possible problems
Result: NOTE
    LenthPlot: no visible global function definition for ‘grey’
    plot.BsProb : spikes: no visible global function definition for ‘grey’
    Undefined global functions or variables:
     grey
    Consider adding
     importFrom("grDevices", "grey")
    to your NAMESPACE file.
Flavors: r-devel-linux-x86_64-debian-gcc, r-devel-linux-x86_64-fedora-clang, r-devel-linux-x86_64-fedora-gcc, r-devel-osx-x86_64-clang, r-devel-windows-ix86+x86_64, r-patched-linux-x86_64, r-patched-solaris-sparc, r-patched-solaris-x86, r-release-linux-x86_64, r-release-osx-x86_64-mavericks, r-release-windows-ix86+x86_64