CRAN Package Check Results for Package BurStMisc

Last updated on 2015-05-23 14:46:51.

Flavor Version Tinstall Tcheck Ttotal Status Flags
r-devel-linux-x86_64-debian-clang 1.00 0.57 10.14 10.70 NOTE
r-devel-linux-x86_64-debian-gcc 1.00 0.53 9.76 10.30 NOTE
r-devel-linux-x86_64-fedora-clang 1.00 21.35 NOTE
r-devel-linux-x86_64-fedora-gcc 1.00 19.59 NOTE
r-devel-osx-x86_64-clang 1.00 26.10 NOTE
r-devel-windows-ix86+x86_64 1.00 3.00 22.00 25.00 NOTE
r-patched-linux-x86_64 1.00 0.60 9.80 10.40 NOTE
r-patched-solaris-sparc 1.00 126.80 NOTE
r-patched-solaris-x86 1.00 29.10 NOTE
r-release-linux-x86_64 1.00 0.56 10.25 10.82 NOTE
r-release-osx-x86_64-mavericks 1.00 NOTE
r-release-osx-x86_64-snowleopard 1.00 NOTE
r-release-windows-ix86+x86_64 1.00 2.00 14.00 16.00 NOTE
r-oldrel-windows-ix86+x86_64 1.00 3.00 23.00 26.00 OK

Check Details

Version: 1.00
Check: DESCRIPTION meta-information
Result: NOTE
    Malformed Description field: should contain one or more complete sentences.
Flavors: r-devel-linux-x86_64-debian-clang, r-devel-linux-x86_64-debian-gcc, r-devel-linux-x86_64-fedora-clang, r-devel-linux-x86_64-fedora-gcc, r-devel-osx-x86_64-clang, r-devel-windows-ix86+x86_64, r-patched-linux-x86_64, r-patched-solaris-sparc, r-patched-solaris-x86, r-release-linux-x86_64, r-release-osx-x86_64-mavericks, r-release-osx-x86_64-snowleopard, r-release-windows-ix86+x86_64