CRAN Package Check Results for Package BurStMisc

Last updated on 2016-02-14 10:46:37.

Flavor Version Tinstall Tcheck Ttotal Status Flags
r-devel-linux-x86_64-debian-gcc 1.00 0.56 9.15 9.72 NOTE
r-devel-linux-x86_64-fedora-clang 1.00 17.73 NOTE
r-devel-linux-x86_64-fedora-gcc 1.00 16.29 NOTE
r-devel-osx-x86_64-clang 1.00 22.07 NOTE
r-devel-windows-ix86+x86_64 1.00 2.00 19.00 21.00 NOTE
r-patched-linux-x86_64 1.00 0.64 10.00 10.64 NOTE
r-patched-solaris-sparc 1.00 114.50 NOTE
r-patched-solaris-x86 1.00 25.90 NOTE
r-release-linux-x86_64 1.00 0.84 9.97 10.81 NOTE
r-release-osx-x86_64-mavericks 1.00 NOTE
r-release-windows-ix86+x86_64 1.00 2.00 19.00 21.00 NOTE
r-oldrel-windows-ix86+x86_64 1.00 3.00 23.00 26.00 OK

Check Details

Version: 1.00
Check: DESCRIPTION meta-information
Result: NOTE
    Malformed Description field: should contain one or more complete sentences.
Flavors: r-devel-linux-x86_64-debian-gcc, r-devel-linux-x86_64-fedora-clang, r-devel-linux-x86_64-fedora-gcc, r-devel-osx-x86_64-clang, r-devel-windows-ix86+x86_64, r-patched-linux-x86_64, r-patched-solaris-sparc, r-patched-solaris-x86, r-release-linux-x86_64, r-release-osx-x86_64-mavericks, r-release-windows-ix86+x86_64

Version: 1.00
Check: R code for possible problems
Result: NOTE
    corner: no visible global function definition for ‘head’
    corner: no visible global function definition for ‘tail’
    genopt: no visible global function definition for ‘runif’
    genopt: no visible global function definition for ‘rnorm’
    plot.permtstBurSt: no visible global function definition for ‘hist’
    plot.permtstBurSt: no visible global function definition for ‘box’
    plot.permtstBurSt: no visible global function definition for ‘abline’
    plot.permtstBurSt: no visible global function definition for ‘plot’
    plot.permtstBurSt: no visible global function definition for ‘points’
    plot.permtstBurSt: no visible global function definition for ‘title’
    Undefined global functions or variables:
     abline box head hist plot points rnorm runif tail title
    Consider adding
     importFrom("graphics", "abline", "box", "hist", "plot", "points",
     "title")
     importFrom("stats", "rnorm", "runif")
     importFrom("utils", "head", "tail")
    to your NAMESPACE file.
Flavors: r-devel-linux-x86_64-debian-gcc, r-devel-linux-x86_64-fedora-clang, r-devel-linux-x86_64-fedora-gcc, r-devel-osx-x86_64-clang, r-devel-windows-ix86+x86_64