CRAN Package Check Results for Package BurStMisc

Last updated on 2015-09-03 14:48:11.

Flavor Version Tinstall Tcheck Ttotal Status Flags
r-devel-linux-x86_64-debian-clang 1.00 0.48 9.72 10.20 NOTE
r-devel-linux-x86_64-debian-gcc 1.00 0.47 9.45 9.92 NOTE
r-devel-linux-x86_64-fedora-clang 1.00 19.40 NOTE
r-devel-linux-x86_64-fedora-gcc 1.00 18.23 NOTE
r-devel-osx-x86_64-clang 1.00 20.31 NOTE
r-devel-windows-ix86+x86_64 1.00 2.00 21.00 23.00 NOTE
r-patched-linux-x86_64 1.00 0.52 9.98 10.50 NOTE
r-patched-solaris-sparc 1.00 135.30 NOTE
r-patched-solaris-x86 1.00 29.30 NOTE
r-release-linux-x86_64 1.00 0.52 9.99 10.51 NOTE
r-release-osx-x86_64-mavericks 1.00 NOTE
r-release-windows-ix86+x86_64 1.00 2.00 24.00 26.00 NOTE
r-oldrel-windows-ix86+x86_64 1.00 3.00 23.00 26.00 OK

Check Details

Version: 1.00
Check: DESCRIPTION meta-information
Result: NOTE
    Malformed Description field: should contain one or more complete sentences.
Flavors: r-devel-linux-x86_64-debian-clang, r-devel-linux-x86_64-debian-gcc, r-devel-linux-x86_64-fedora-clang, r-devel-linux-x86_64-fedora-gcc, r-devel-osx-x86_64-clang, r-devel-windows-ix86+x86_64, r-patched-linux-x86_64, r-patched-solaris-sparc, r-patched-solaris-x86, r-release-linux-x86_64, r-release-osx-x86_64-mavericks, r-release-windows-ix86+x86_64

Version: 1.00
Check: R code for possible problems
Result: NOTE
    corner: no visible global function definition for ‘head’
    corner: no visible global function definition for ‘tail’
    genopt: no visible global function definition for ‘runif’
    genopt: no visible global function definition for ‘rnorm’
    plot.permtstBurSt: no visible global function definition for ‘hist’
    plot.permtstBurSt: no visible global function definition for ‘box’
    plot.permtstBurSt: no visible global function definition for ‘abline’
    plot.permtstBurSt: no visible global function definition for ‘plot’
    plot.permtstBurSt: no visible global function definition for ‘points’
    plot.permtstBurSt: no visible global function definition for ‘title’
    Undefined global functions or variables:
     abline box head hist plot points rnorm runif tail title
    Consider adding
     importFrom("graphics", "abline", "box", "hist", "plot", "points",
     "title")
     importFrom("stats", "rnorm", "runif")
     importFrom("utils", "head", "tail")
    to your NAMESPACE.
Flavors: r-devel-linux-x86_64-debian-clang, r-devel-linux-x86_64-debian-gcc, r-devel-linux-x86_64-fedora-clang, r-devel-linux-x86_64-fedora-gcc, r-devel-windows-ix86+x86_64