CRAN Package Check Results for Package BurStMisc

Last updated on 2015-03-31 03:48:25.

Flavor Version Tinstall Tcheck Ttotal Status Flags
r-devel-linux-x86_64-debian-clang 1.00 0.64 10.09 10.73 NOTE
r-devel-linux-x86_64-debian-gcc 1.00 0.54 10.11 10.64 NOTE
r-devel-linux-x86_64-fedora-clang 1.00 20.46 NOTE
r-devel-linux-x86_64-fedora-gcc 1.00 19.07 NOTE
r-devel-osx-x86_64-clang 1.00 28.95 NOTE
r-prerel-windows-ix86+x86_64 1.00 3.00 17.00 20.00 NOTE
r-prerel-linux-x86_64 1.00 0.52 9.94 10.46 NOTE
r-prerel-solaris-sparc 1.00 153.20 NOTE
r-prerel-solaris-x86 1.00 29.00 NOTE
r-release-linux-x86_64 1.00 0.56 10.61 11.17 OK
r-release-osx-x86_64-mavericks 1.00 OK
r-release-windows-ix86+x86_64 1.00 3.00 23.00 26.00 OK
r-oldrel-windows-ix86+x86_64 1.00 2.00 17.00 19.00 OK

Check Details

Version: 1.00
Check: DESCRIPTION meta-information
Result: NOTE
    Malformed Description field: should contain one or more complete sentences.
Flavors: r-devel-linux-x86_64-debian-clang, r-devel-linux-x86_64-debian-gcc, r-devel-linux-x86_64-fedora-clang, r-devel-linux-x86_64-fedora-gcc, r-devel-osx-x86_64-clang, r-prerel-windows-ix86+x86_64, r-prerel-linux-x86_64, r-prerel-solaris-sparc, r-prerel-solaris-x86