CRAN Package Check Results for Package BurStMisc

Last updated on 2016-05-31 09:46:49.

Flavor Version Tinstall Tcheck Ttotal Status Flags
r-devel-linux-x86_64-debian-gcc 1.00 0.52 10.23 10.75 NOTE
r-devel-linux-x86_64-fedora-clang 1.00 17.83 NOTE
r-devel-linux-x86_64-fedora-gcc 1.00 18.47 NOTE
r-devel-osx-x86_64-clang 1.00 22.05 NOTE
r-devel-windows-ix86+x86_64 1.00 2.00 24.00 26.00 NOTE
r-patched-linux-x86_64 1.00 0.53 10.44 10.97 NOTE
r-patched-solaris-sparc 1.00 103.60 NOTE
r-patched-solaris-x86 1.00 23.10 NOTE
r-release-linux-x86_64 1.00 0.53 10.53 11.06 NOTE
r-release-osx-x86_64-mavericks 1.00 NOTE
r-release-windows-ix86+x86_64 1.00 3.00 26.00 29.00 NOTE
r-oldrel-windows-ix86+x86_64 1.00 2.00 19.00 21.00 NOTE

Check Details

Version: 1.00
Check: DESCRIPTION meta-information
Result: NOTE
    Malformed Description field: should contain one or more complete sentences.
Flavors: r-devel-linux-x86_64-debian-gcc, r-devel-linux-x86_64-fedora-clang, r-devel-linux-x86_64-fedora-gcc, r-devel-osx-x86_64-clang, r-devel-windows-ix86+x86_64, r-patched-linux-x86_64, r-patched-solaris-sparc, r-patched-solaris-x86, r-release-linux-x86_64, r-release-osx-x86_64-mavericks, r-release-windows-ix86+x86_64, r-oldrel-windows-ix86+x86_64

Version: 1.00
Check: R code for possible problems
Result: NOTE
    corner: no visible global function definition for ‘head’
    corner: no visible global function definition for ‘tail’
    genopt: no visible global function definition for ‘runif’
    genopt: no visible global function definition for ‘rnorm’
    plot.permtstBurSt: no visible global function definition for ‘hist’
    plot.permtstBurSt: no visible global function definition for ‘box’
    plot.permtstBurSt: no visible global function definition for ‘abline’
    plot.permtstBurSt: no visible global function definition for ‘plot’
    plot.permtstBurSt: no visible global function definition for ‘points’
    plot.permtstBurSt: no visible global function definition for ‘title’
    Undefined global functions or variables:
     abline box head hist plot points rnorm runif tail title
    Consider adding
     importFrom("graphics", "abline", "box", "hist", "plot", "points",
     "title")
     importFrom("stats", "rnorm", "runif")
     importFrom("utils", "head", "tail")
    to your NAMESPACE file.
Flavors: r-devel-linux-x86_64-debian-gcc, r-devel-linux-x86_64-fedora-clang, r-devel-linux-x86_64-fedora-gcc, r-devel-osx-x86_64-clang, r-devel-windows-ix86+x86_64, r-patched-linux-x86_64, r-patched-solaris-sparc, r-patched-solaris-x86, r-release-linux-x86_64, r-release-osx-x86_64-mavericks, r-release-windows-ix86+x86_64