CRAN Package Check Results for Package C50

Last updated on 2015-03-06 03:46:29.

Flavor Version Tinstall Tcheck Ttotal Status Flags
r-devel-linux-x86_64-debian-clang 0.1.0-21 5.66 11.71 17.37 NOTE
r-devel-linux-x86_64-debian-gcc 0.1.0-21 8.04 11.59 19.64 NOTE
r-devel-linux-x86_64-fedora-clang 0.1.0-21 34.49 NOTE
r-devel-linux-x86_64-fedora-gcc 0.1.0-21 34.84 NOTE
r-devel-osx-x86_64-clang 0.1.0-21 35.68 NOTE
r-devel-windows-ix86+x86_64 0.1.0-21 71.00 94.00 165.00 NOTE
r-patched-linux-x86_64 0.1.0-21 7.79 12.98 20.77 OK
r-patched-solaris-sparc 0.1.0-21 225.80 OK
r-patched-solaris-x86 0.1.0-21 55.80 OK
r-release-linux-ix86 0.1.0-21 10.54 20.48 31.02 OK
r-release-linux-x86_64 0.1.0-21 7.95 13.23 21.18 OK
r-release-osx-x86_64-mavericks 0.1.0-21 OK
r-release-osx-x86_64-snowleopard 0.1.0-21 OK
r-release-windows-ix86+x86_64 0.1.0-21 56.00 39.00 95.00 NOTE
r-oldrel-windows-ix86+x86_64 0.1.0-21 45.00 32.00 77.00 OK

Check Details

Version: 0.1.0-21
Check: DESCRIPTION meta-information
Result: NOTE
    Malformed Description field: should contain one or more complete sentences.
Flavors: r-devel-linux-x86_64-debian-clang, r-devel-linux-x86_64-debian-gcc, r-devel-linux-x86_64-fedora-clang, r-devel-linux-x86_64-fedora-gcc, r-devel-osx-x86_64-clang, r-devel-windows-ix86+x86_64

Version: 0.1.0-21
Check: compiled code
Result: NOTE
    File 'C50/libs/i386/C50.dll':
     Found 'rand', possibly from 'rand' (C)
     Object: 'getdata.o'
    File 'C50/libs/x64/C50.dll':
     Found 'rand', possibly from 'rand' (C)
     Object: 'getdata.o'
    
    Compiled code should not call entry points which might terminate R nor
    write to stdout/stderr instead of to the console, nor the system RNG.
    
    See 'Writing portable packages' in the 'Writing R Extensions' manual.
Flavor: r-devel-windows-ix86+x86_64

Version: 0.1.0-21
Check: compiled code
Result: NOTE
    File 'C50/libs/i386/C50.dll':
     Found 'rand', possibly from 'rand' (C)
     Object: 'getdata.o'
    File 'C50/libs/x64/C50.dll':
     Found 'rand', possibly from 'rand' (C)
     Object: 'getdata.o'
    
    Compiled code should not call entry points which might terminate R nor
    write to stdout/stderr instead of to the console, nor the C RNG.
    
    See 'Writing portable packages' in the 'Writing R Extensions' manual.
Flavor: r-release-windows-ix86+x86_64