CRAN Package Check Results for Package C50

Last updated on 2014-10-31 11:47:18.

Flavor Version Tinstall Tcheck Ttotal Status Flags
r-devel-linux-x86_64-debian-clang 0.1.0-19 5.70 12.20 17.91 OK
r-devel-linux-x86_64-debian-gcc 0.1.0-19 7.94 11.98 19.92 OK
r-devel-linux-x86_64-fedora-clang 0.1.0-19 35.34 OK
r-devel-linux-x86_64-fedora-gcc 0.1.0-19 35.74 OK
r-devel-osx-x86_64-clang 0.1.0-19 36.48 OK
r-devel-windows-ix86+x86_64 0.1.0-19 48.00 28.00 76.00 NOTE
r-patched-linux-x86_64 0.1.0-19 7.92 12.98 20.90 OK
r-patched-solaris-sparc 0.1.0-19 229.10 OK
r-patched-solaris-x86 0.1.0-19 54.90 OK
r-release-linux-ix86 0.1.0-19 10.95 19.49 30.44 OK
r-release-linux-x86_64 0.1.0-19 8.04 12.12 20.16 OK
r-release-osx-x86_64-mavericks 0.1.0-19 OK
r-release-osx-x86_64-snowleopard 0.1.0-19 OK
r-release-windows-ix86+x86_64 0.1.0-19 60.00 28.00 88.00 OK
r-oldrel-windows-ix86+x86_64 0.1.0-19 45.00 26.00 71.00 OK

Check Details

Version: 0.1.0-19
Check: compiled code
Result: NOTE
    File 'C50/libs/i386/C50.dll':
     Found 'rand', possibly from 'rand' (C)
     Object: 'getdata.o'
    File 'C50/libs/x64/C50.dll':
     Found 'rand', possibly from 'rand' (C)
     Object: 'getdata.o'
    
    Compiled code should not call entry points which might terminate R nor
    write to stdout/stderr instead of to the console, nor the C RNG.
    
    See 'Writing portable packages' in the 'Writing R Extensions' manual.
Flavor: r-devel-windows-ix86+x86_64