CRAN Package Check Results for Package C50

Last updated on 2016-09-29 20:47:07.

Flavor Version Tinstall Tcheck Ttotal Status Flags
r-devel-linux-x86_64-debian-clang 0.1.0-24 10.39 30.56 40.95 NOTE
r-devel-linux-x86_64-debian-gcc 0.1.0-24 10.78 31.49 42.27 NOTE
r-devel-linux-x86_64-fedora-clang 0.1.0-24 106.77 NOTE
r-devel-linux-x86_64-fedora-gcc 0.1.0-24 80.76 NOTE
r-devel-macos-x86_64-clang 0.1.0-24 64.28 NOTE
r-devel-windows-ix86+x86_64 0.1.0-24 79.00 93.00 172.00 NOTE
r-patched-linux-x86_64 0.1.0-24 10.43 30.73 41.15 NOTE
r-patched-solaris-sparc 0.1.0-24 480.30 NOTE
r-patched-solaris-x86 0.1.0-24 105.50 NOTE
r-release-linux-x86_64 0.1.0-24 10.31 31.59 41.90 NOTE
r-release-osx-x86_64-mavericks 0.1.0-24 NOTE
r-release-windows-ix86+x86_64 0.1.0-24 45.00 72.00 117.00 NOTE
r-oldrel-windows-ix86+x86_64 0.1.0-24 74.00 96.00 170.00 NOTE

Check Details

Version: 0.1.0-24
Check: R code for possible problems
Result: NOTE
    C5.0.formula: no visible binding for global variable ‘na.pass’
    C5.0.formula: no visible global function definition for ‘model.extract’
    C5.0.formula: no visible global function definition for ‘.getXlevels’
    as.party.C5.0: no visible global function definition for ‘model.frame’
    as.party.C5.0: no visible global function definition for ‘as.formula’
    as.party.C5.0: no visible global function definition for ‘terms’
    as.party.C5.0 : C5.0_fitted: no visible global function definition for
     ‘model.weights’
    model.frame.C5.0: no visible binding for global variable ‘na.omit’
    plot.C5.0: no visible global function definition for ‘plot’
    predict.C5.0: no visible binding for global variable ‘na.pass’
    predict.C5.0: no visible global function definition for
     ‘delete.response’
    predict.C5.0: no visible global function definition for ‘model.frame’
    Undefined global functions or variables:
     .getXlevels as.formula delete.response model.extract model.frame
     model.weights na.omit na.pass plot terms
    Consider adding
     importFrom("graphics", "plot")
     importFrom("stats", ".getXlevels", "as.formula", "delete.response",
     "model.extract", "model.frame", "model.weights", "na.omit",
     "na.pass", "terms")
    to your NAMESPACE file.
Flavors: r-devel-linux-x86_64-debian-clang, r-devel-linux-x86_64-debian-gcc, r-devel-linux-x86_64-fedora-clang, r-devel-linux-x86_64-fedora-gcc, r-devel-macos-x86_64-clang, r-devel-windows-ix86+x86_64, r-patched-linux-x86_64, r-patched-solaris-sparc, r-patched-solaris-x86, r-release-linux-x86_64, r-release-osx-x86_64-mavericks, r-release-windows-ix86+x86_64

Version: 0.1.0-24
Check: compiled code
Result: NOTE
    File 'C50/libs/i386/C50.dll':
     Found 'rand', possibly from 'rand' (C)
     Object: 'getdata.o'
    File 'C50/libs/x64/C50.dll':
     Found 'rand', possibly from 'rand' (C)
     Object: 'getdata.o'
    
    Compiled code should not call entry points which might terminate R nor
    write to stdout/stderr instead of to the console, nor the system RNG.
    
    See 'Writing portable packages' in the 'Writing R Extensions' manual.
Flavor: r-oldrel-windows-ix86+x86_64