CRAN Package Check Results for Package C50

Last updated on 2015-08-29 20:47:53.

Flavor Version Tinstall Tcheck Ttotal Status Flags
r-devel-linux-x86_64-debian-clang 0.1.0-24 6.06 14.84 20.90 NOTE
r-devel-linux-x86_64-debian-gcc 0.1.0-24 8.10 14.72 22.82 NOTE
r-devel-linux-x86_64-fedora-clang 0.1.0-24 38.91 NOTE
r-devel-linux-x86_64-fedora-gcc 0.1.0-24 40.24 NOTE
r-devel-osx-x86_64-clang 0.1.0-24 38.76 OK
r-devel-windows-ix86+x86_64 0.1.0-24 65.00 41.00 106.00 NOTE
r-patched-linux-x86_64 0.1.0-24 8.07 15.46 23.52 OK
r-patched-solaris-sparc 0.1.0-24 262.90 OK
r-patched-solaris-x86 0.1.0-24 64.20 OK
r-release-linux-x86_64 0.1.0-24 8.06 15.04 23.10 OK
r-release-osx-x86_64-mavericks 0.1.0-24 OK
r-release-windows-ix86+x86_64 0.1.0-24 58.00 37.00 95.00 NOTE
r-oldrel-windows-ix86+x86_64 0.1.0-24 63.00 44.00 107.00 NOTE

Check Details

Version: 0.1.0-24
Check: R code for possible problems
Result: NOTE
    C5.0.formula: no visible binding for global variable ‘na.pass’
    C5.0.formula: no visible global function definition for ‘model.extract’
    C5.0.formula: no visible global function definition for ‘.getXlevels’
    as.party.C5.0: no visible global function definition for ‘model.frame’
    as.party.C5.0: no visible global function definition for ‘as.formula’
    as.party.C5.0: no visible global function definition for ‘terms’
    as.party.C5.0 : C5.0_fitted: no visible global function definition for
     ‘model.weights’
    model.frame.C5.0: no visible binding for global variable ‘na.omit’
    plot.C5.0: no visible global function definition for ‘plot’
    predict.C5.0: no visible binding for global variable ‘na.pass’
    predict.C5.0: no visible global function definition for
     ‘delete.response’
    predict.C5.0: no visible global function definition for ‘model.frame’
    Undefined global functions or variables:
     .getXlevels as.formula delete.response model.extract model.frame
     model.weights na.omit na.pass plot terms
    Consider adding
     importFrom("graphics", "plot")
     importFrom("stats", ".getXlevels", "as.formula", "delete.response",
     "model.extract", "model.frame", "model.weights", "na.omit",
     "na.pass", "terms")
    to your NAMESPACE.
Flavors: r-devel-linux-x86_64-debian-clang, r-devel-linux-x86_64-debian-gcc, r-devel-linux-x86_64-fedora-clang, r-devel-linux-x86_64-fedora-gcc, r-devel-windows-ix86+x86_64

Version: 0.1.0-24
Check: compiled code
Result: NOTE
    File 'C50/libs/i386/C50.dll':
     Found 'rand', possibly from 'rand' (C)
     Object: 'getdata.o'
    File 'C50/libs/x64/C50.dll':
     Found 'rand', possibly from 'rand' (C)
     Object: 'getdata.o'
    
    Compiled code should not call entry points which might terminate R nor
    write to stdout/stderr instead of to the console, nor the system RNG.
    
    See 'Writing portable packages' in the 'Writing R Extensions' manual.
Flavors: r-devel-windows-ix86+x86_64, r-release-windows-ix86+x86_64, r-oldrel-windows-ix86+x86_64