CRAN Package Check Results for Package C50

Last updated on 2015-04-27 11:48:33.

Flavor Version Tinstall Tcheck Ttotal Status Flags
r-devel-linux-x86_64-debian-clang 0.1.0-24 6.12 15.66 21.78 OK
r-devel-linux-x86_64-debian-gcc 0.1.0-24 7.90 14.44 22.34 OK
r-devel-linux-x86_64-fedora-clang 0.1.0-24 40.42 OK
r-devel-linux-x86_64-fedora-gcc 0.1.0-24 40.23 OK
r-devel-osx-x86_64-clang 0.1.0-24 41.81 OK
r-devel-windows-ix86+x86_64 0.1.0-24 51.00 37.00 88.00 NOTE
r-patched-linux-x86_64 0.1.0-24 8.13 14.64 22.77 OK
r-patched-solaris-sparc 0.1.0-24 306.40 OK
r-patched-solaris-x86 0.1.0-24 58.90 OK
r-release-linux-x86_64 0.1.0-24 8.05 14.58 22.63 OK
r-release-osx-x86_64-mavericks 0.1.0-24 OK
r-release-osx-x86_64-snowleopard 0.1.0-24 ERROR
r-release-windows-ix86+x86_64 0.1.0-24 71.00 44.00 115.00 NOTE
r-oldrel-windows-ix86+x86_64 0.1.0-24 42.00 33.00 75.00 NOTE

Check Details

Version: 0.1.0-24
Check: compiled code
Result: NOTE
    File 'C50/libs/i386/C50.dll':
     Found 'rand', possibly from 'rand' (C)
     Object: 'getdata.o'
    File 'C50/libs/x64/C50.dll':
     Found 'rand', possibly from 'rand' (C)
     Object: 'getdata.o'
    
    Compiled code should not call entry points which might terminate R nor
    write to stdout/stderr instead of to the console, nor the system RNG.
    
    See 'Writing portable packages' in the 'Writing R Extensions' manual.
Flavors: r-devel-windows-ix86+x86_64, r-release-windows-ix86+x86_64, r-oldrel-windows-ix86+x86_64

Version: 0.1.0-24
Check: package dependencies
Result: ERROR
    Package required but not available: ‘partykit’
    
    See section ‘The DESCRIPTION file’ in the ‘Writing R Extensions’
    manual.
Flavor: r-release-osx-x86_64-snowleopard