CRAN Package Check Results for Package C50

Last updated on 2014-04-24 15:50:34.

Flavor Version Tinstall Tcheck Ttotal Status Flags
r-devel-linux-x86_64-debian-clang 0.1.0-16 5.29 13.04 18.32 WARN
r-devel-linux-x86_64-debian-gcc 0.1.0-16 7.94 12.78 20.72 WARN
r-devel-linux-x86_64-fedora-clang 0.1.0-16 32.77 WARN
r-devel-linux-x86_64-fedora-gcc 0.1.0-16 36.68 WARN
r-devel-osx-x86_64-clang 0.1.0-16 34.80 WARN
r-devel-osx-x86_64-gcc 0.1.0-16 OK
r-devel-windows-ix86+x86_64 0.1.0-16 50.00 27.00 77.00 WARN
r-patched-linux-x86_64 0.1.0-16 7.85 12.72 20.57 WARN
r-patched-solaris-sparc 0.1.0-16 202.20 OK
r-patched-solaris-x86 0.1.0-16 54.00 OK
r-release-linux-ix86 0.1.0-16 14.00 27.00 41.00 WARN
r-release-linux-x86_64 0.1.0-16 7.74 12.97 20.71 WARN
r-release-osx-x86_64-mavericks 0.1.0-16 WARN
r-release-osx-x86_64-snowleopard 0.1.0-16 OK
r-release-windows-ix86+x86_64 0.1.0-16 85.00 35.00 120.00 WARN
r-oldrel-windows-ix86+x86_64 0.1.0-16 51.00 28.00 79.00 OK

Check Details

Version: 0.1.0-16
Check: whether package can be installed
Result: WARNING
    Found the following significant warnings:
     rsample.c:326:1: warning: control reaches end of non-void function [-Wreturn-type]
    Found the following additional warnings:
     siftrules.c:393:1: warning: control may reach end of non-void function [-Wreturn-type]
     utility.c:144:1: warning: control may reach end of non-void function [-Wreturn-type]
     utility.c:167:1: warning: control may reach end of non-void function [-Wreturn-type]
     utility.c:187:1: warning: control may reach end of non-void function [-Wreturn-type]
    See ‘/home/hornik/tmp/R.check/r-devel-clang/Work/PKGS/C50.Rcheck/00install.out’ for details.
Flavor: r-devel-linux-x86_64-debian-clang

Version: 0.1.0-16
Check: whether package can be installed
Result: WARNING
    Found the following significant warnings:
     rsample.c:326:1: warning: control reaches end of non-void function [-Wreturn-type]
     siftrules.c:393:1: warning: control reaches end of non-void function [-Wreturn-type]
     utility.c:144:1: warning: control reaches end of non-void function [-Wreturn-type]
     utility.c:167:1: warning: control reaches end of non-void function [-Wreturn-type]
     utility.c:187:1: warning: control reaches end of non-void function [-Wreturn-type]
    See ‘/home/hornik/tmp/R.check/r-devel-gcc/Work/PKGS/C50.Rcheck/00install.out’ for details.
Flavor: r-devel-linux-x86_64-debian-gcc

Version: 0.1.0-16
Check: whether package can be installed
Result: WARNING
    Found the following significant warnings:
     rsample.c:326:1: warning: control reaches end of non-void function [-Wreturn-type]
    Found the following additional warnings:
     siftrules.c:393:1: warning: control may reach end of non-void function [-Wreturn-type]
     utility.c:144:1: warning: control may reach end of non-void function [-Wreturn-type]
     utility.c:167:1: warning: control may reach end of non-void function [-Wreturn-type]
     utility.c:187:1: warning: control may reach end of non-void function [-Wreturn-type]
    See ‘/data/gannet/ripley/R/packages/tests-clang/C50.Rcheck/00install.out’ for details.
Flavor: r-devel-linux-x86_64-fedora-clang

Version: 0.1.0-16
Check: whether package can be installed
Result: WARNING
    Found the following significant warnings:
     rsample.c:326:1: warning: control reaches end of non-void function [-Wreturn-type]
     siftrules.c:393:1: warning: control reaches end of non-void function [-Wreturn-type]
     utility.c:144:1: warning: control reaches end of non-void function [-Wreturn-type]
     utility.c:167:1: warning: control reaches end of non-void function [-Wreturn-type]
     utility.c:187:1: warning: control reaches end of non-void function [-Wreturn-type]
    See ‘/data/gannet/ripley/R/packages/tests-devel/C50.Rcheck/00install.out’ for details.
Flavor: r-devel-linux-x86_64-fedora-gcc

Version: 0.1.0-16
Check: whether package can be installed
Result: WARNING
    Found the following significant warnings:
     rsample.c:326:1: warning: control reaches end of non-void function [-Wreturn-type]
    See ‘/Users/ripley/R/packages/tests-devel/C50.Rcheck/00install.out’ for details.
Flavor: r-devel-osx-x86_64-clang

Version: 0.1.0-16
Check: whether package can be installed
Result: WARNING
    Found the following significant warnings:
     rsample.c:326:1: warning: control reaches end of non-void function [-Wreturn-type]
     siftrules.c:393:1: warning: control reaches end of non-void function [-Wreturn-type]
     rsample.c:326:1: warning: control reaches end of non-void function [-Wreturn-type]
     siftrules.c:393:1: warning: control reaches end of non-void function [-Wreturn-type]
    See 'd:/Rcompile/CRANpkg/local/3.2/C50.Rcheck/00install.out' for details.
Flavor: r-devel-windows-ix86+x86_64

Version: 0.1.0-16
Check: whether package can be installed
Result: WARNING
    Found the following significant warnings:
     rsample.c:326:1: warning: control reaches end of non-void function [-Wreturn-type]
     siftrules.c:393:1: warning: control reaches end of non-void function [-Wreturn-type]
     utility.c:144:1: warning: control reaches end of non-void function [-Wreturn-type]
     utility.c:167:1: warning: control reaches end of non-void function [-Wreturn-type]
     utility.c:187:1: warning: control reaches end of non-void function [-Wreturn-type]
    See ‘/home/hornik/tmp/R.check/r-patched-gcc/Work/PKGS/C50.Rcheck/00install.out’ for details.
Flavor: r-patched-linux-x86_64

Version: 0.1.0-16
Check: whether package can be installed
Result: WARNING
    Found the following significant warnings:
     rsample.c:326:1: warning: control reaches end of non-void function [-Wreturn-type]
     siftrules.c:393:1: warning: control reaches end of non-void function [-Wreturn-type]
     utility.c:144:1: warning: control reaches end of non-void function [-Wreturn-type]
     utility.c:167:1: warning: control reaches end of non-void function [-Wreturn-type]
     utility.c:187:1: warning: control reaches end of non-void function [-Wreturn-type]
    See ‘/home/hornik/tmp/R.check/r-release-gcc/Work/PKGS/C50.Rcheck/00install.out’ for details.
Flavors: r-release-linux-ix86, r-release-linux-x86_64

Version: 0.1.0-16
Check: whether package can be installed
Result: WARNING
    Found the following significant warnings:
     rsample.c:326:1: warning: control reaches end of non-void function [-Wreturn-type]
    See ‘/Builds/CRAN-QA-Simon/packages/mavericks-x86_64/results/3.1/C50.Rcheck/00install.out’ for details.
Flavor: r-release-osx-x86_64-mavericks

Version: 0.1.0-16
Check: whether package can be installed
Result: WARNING
    Found the following significant warnings:
     rsample.c:326:1: warning: control reaches end of non-void function [-Wreturn-type]
     siftrules.c:393:1: warning: control reaches end of non-void function [-Wreturn-type]
     rsample.c:326:1: warning: control reaches end of non-void function [-Wreturn-type]
     siftrules.c:393:1: warning: control reaches end of non-void function [-Wreturn-type]
    See 'd:/Rcompile/CRANpkg/local/3.1/C50.Rcheck/00install.out' for details.
Flavor: r-release-windows-ix86+x86_64