CRAN Package Check Results for Package C50

Last updated on 2015-07-29 10:47:33.

Flavor Version Tinstall Tcheck Ttotal Status Flags
r-devel-linux-x86_64-debian-clang 0.1.0-24 6.02 15.50 21.52 NOTE
r-devel-linux-x86_64-debian-gcc 0.1.0-24 8.12 15.20 23.31 NOTE
r-devel-linux-x86_64-fedora-clang 0.1.0-24 40.64 NOTE
r-devel-linux-x86_64-fedora-gcc 0.1.0-24 42.73 NOTE
r-devel-osx-x86_64-clang 0.1.0-24 41.16 OK
r-devel-windows-ix86+x86_64 0.1.0-24 50.00 35.00 85.00 NOTE
r-patched-linux-x86_64 0.1.0-24 8.22 14.86 23.08 OK
r-patched-solaris-sparc 0.1.0-24 262.90 OK
r-patched-solaris-x86 0.1.0-24 60.00 OK
r-release-linux-x86_64 0.1.0-24 8.07 15.94 24.01 OK
r-release-osx-x86_64-mavericks 0.1.0-24 OK
r-release-windows-ix86+x86_64 0.1.0-24 69.00 37.00 106.00 NOTE
r-oldrel-windows-ix86+x86_64 0.1.0-24 67.00 39.00 106.00 NOTE

Check Details

Version: 0.1.0-24
Check: R code for possible problems
Result: NOTE
    C5.0.formula: no visible binding for global variable ‘na.pass’
    C5.0.formula: no visible global function definition for ‘model.extract’
    C5.0.formula: no visible global function definition for ‘.getXlevels’
    as.party.C5.0: no visible global function definition for ‘model.frame’
    as.party.C5.0: no visible global function definition for ‘as.formula’
    as.party.C5.0: no visible global function definition for ‘terms’
    as.party.C5.0 : C5.0_fitted: no visible global function definition for
     ‘model.weights’
    model.frame.C5.0: no visible binding for global variable ‘na.omit’
    plot.C5.0: no visible global function definition for ‘plot’
    predict.C5.0: no visible binding for global variable ‘na.pass’
    predict.C5.0: no visible global function definition for
     ‘delete.response’
    predict.C5.0: no visible global function definition for ‘model.frame’
    Undefined global functions or variables:
     .getXlevels as.formula delete.response model.extract model.frame
     model.weights na.omit na.pass plot terms
    Consider adding
     importFrom("graphics", "plot")
     importFrom("stats", ".getXlevels", "as.formula", "delete.response",
     "model.extract", "model.frame", "model.weights", "na.omit",
     "na.pass", "terms")
    to your NAMESPACE.
Flavors: r-devel-linux-x86_64-debian-clang, r-devel-linux-x86_64-debian-gcc, r-devel-linux-x86_64-fedora-clang, r-devel-linux-x86_64-fedora-gcc, r-devel-windows-ix86+x86_64

Version: 0.1.0-24
Check: compiled code
Result: NOTE
    File 'C50/libs/i386/C50.dll':
     Found 'rand', possibly from 'rand' (C)
     Object: 'getdata.o'
    File 'C50/libs/x64/C50.dll':
     Found 'rand', possibly from 'rand' (C)
     Object: 'getdata.o'
    
    Compiled code should not call entry points which might terminate R nor
    write to stdout/stderr instead of to the console, nor the system RNG.
    
    See 'Writing portable packages' in the 'Writing R Extensions' manual.
Flavors: r-devel-windows-ix86+x86_64, r-release-windows-ix86+x86_64, r-oldrel-windows-ix86+x86_64