CRAN Package Check Results for Package C50

Last updated on 2014-12-20 08:50:57.

Flavor Version Tinstall Tcheck Ttotal Status Flags
r-devel-linux-x86_64-debian-clang 0.1.0-21 5.65 12.09 17.74 OK
r-devel-linux-x86_64-debian-gcc 0.1.0-21 7.98 12.12 20.09 OK
r-devel-linux-x86_64-fedora-clang 0.1.0-21 37.25 OK
r-devel-linux-x86_64-fedora-gcc 0.1.0-21 37.10 OK
r-devel-osx-x86_64-clang 0.1.0-21 35.30 OK
r-devel-windows-ix86+x86_64 0.1.0-21 73.00 36.00 109.00 NOTE
r-patched-linux-x86_64 0.1.0-21 8.08 13.14 21.22 OK
r-patched-solaris-sparc 0.1.0-21 191.70 OK
r-patched-solaris-x86 0.1.0-21 56.40 OK
r-release-linux-ix86 0.1.0-21 10.48 18.83 29.32 OK
r-release-linux-x86_64 0.1.0-21 7.97 12.53 20.50 OK
r-release-osx-x86_64-mavericks 0.1.0-21 OK
r-release-osx-x86_64-snowleopard 0.1.0-21 OK
r-release-windows-ix86+x86_64 0.1.0-21 56.00 39.00 95.00 NOTE
r-oldrel-windows-ix86+x86_64 0.1.0-21 45.00 32.00 77.00 OK

Check Details

Version: 0.1.0-21
Check: compiled code
Result: NOTE
    File 'C50/libs/i386/C50.dll':
     Found 'rand', possibly from 'rand' (C)
     Object: 'getdata.o'
    File 'C50/libs/x64/C50.dll':
     Found 'rand', possibly from 'rand' (C)
     Object: 'getdata.o'
    
    Compiled code should not call entry points which might terminate R nor
    write to stdout/stderr instead of to the console, nor the system RNG.
    
    See 'Writing portable packages' in the 'Writing R Extensions' manual.
Flavor: r-devel-windows-ix86+x86_64

Version: 0.1.0-21
Check: compiled code
Result: NOTE
    File 'C50/libs/i386/C50.dll':
     Found 'rand', possibly from 'rand' (C)
     Object: 'getdata.o'
    File 'C50/libs/x64/C50.dll':
     Found 'rand', possibly from 'rand' (C)
     Object: 'getdata.o'
    
    Compiled code should not call entry points which might terminate R nor
    write to stdout/stderr instead of to the console, nor the C RNG.
    
    See 'Writing portable packages' in the 'Writing R Extensions' manual.
Flavor: r-release-windows-ix86+x86_64