CRAN Package Check Results for Package C50

Last updated on 2015-05-27 17:47:08.

Flavor Version Tinstall Tcheck Ttotal Status Flags
r-devel-linux-x86_64-debian-clang 0.1.0-24 6.04 15.15 21.19 OK
r-devel-linux-x86_64-debian-gcc 0.1.0-24 8.13 14.18 22.31 OK
r-devel-linux-x86_64-fedora-clang 0.1.0-24 40.19 OK
r-devel-linux-x86_64-fedora-gcc 0.1.0-24 40.27 OK
r-devel-osx-x86_64-clang 0.1.0-24 42.81 OK
r-devel-windows-ix86+x86_64 0.1.0-24 63.00 35.00 98.00 NOTE
r-patched-linux-x86_64 0.1.0-24 8.16 14.64 22.80 OK
r-patched-solaris-sparc 0.1.0-24 242.30 OK
r-patched-solaris-x86 0.1.0-24 57.50 OK
r-release-linux-x86_64 0.1.0-24 8.03 14.83 22.86 OK
r-release-osx-x86_64-mavericks 0.1.0-24 OK
r-release-osx-x86_64-snowleopard 0.1.0-24 ERROR
r-release-windows-ix86+x86_64 0.1.0-24 55.00 33.00 88.00 NOTE
r-oldrel-windows-ix86+x86_64 0.1.0-24 51.00 37.00 88.00 NOTE

Check Details

Version: 0.1.0-24
Check: compiled code
Result: NOTE
    File 'C50/libs/i386/C50.dll':
     Found 'rand', possibly from 'rand' (C)
     Object: 'getdata.o'
    File 'C50/libs/x64/C50.dll':
     Found 'rand', possibly from 'rand' (C)
     Object: 'getdata.o'
    
    Compiled code should not call entry points which might terminate R nor
    write to stdout/stderr instead of to the console, nor the system RNG.
    
    See 'Writing portable packages' in the 'Writing R Extensions' manual.
Flavors: r-devel-windows-ix86+x86_64, r-release-windows-ix86+x86_64, r-oldrel-windows-ix86+x86_64

Version: 0.1.0-24
Check: package dependencies
Result: ERROR
    Package required but not available: ‘partykit’
    
    See section ‘The DESCRIPTION file’ in the ‘Writing R Extensions’
    manual.
Flavor: r-release-osx-x86_64-snowleopard