CRAN Package Check Results for Package C50

Last updated on 2014-09-02 03:49:33.

Flavor Version Tinstall Tcheck Ttotal Status Flags
r-devel-linux-x86_64-debian-clang 0.1.0-19 5.11 11.33 16.44 OK
r-devel-linux-x86_64-debian-gcc 0.1.0-19 7.95 11.64 19.60 OK
r-devel-linux-x86_64-fedora-clang 0.1.0-19 32.06 OK
r-devel-linux-x86_64-fedora-gcc 0.1.0-19 34.87 OK
r-devel-osx-x86_64-clang 0.1.0-19 33.81 OK
r-devel-windows-ix86+x86_64 0.1.0-19 47.00 28.00 75.00 NOTE
r-patched-linux-x86_64 0.1.0-19 7.94 12.03 19.98 OK
r-patched-solaris-sparc 0.1.0-19 229.10 OK
r-patched-solaris-x86 0.1.0-19 53.00 OK
r-release-linux-ix86 0.1.0-19 10.94 19.23 30.17 OK
r-release-linux-x86_64 0.1.0-19 7.92 12.09 20.01 OK
r-release-osx-x86_64-mavericks 0.1.0-19 OK
r-release-osx-x86_64-snowleopard 0.1.0-19 OK
r-release-windows-ix86+x86_64 0.1.0-19 60.00 28.00 88.00 OK
r-oldrel-windows-ix86+x86_64 0.1.0-19 45.00 26.00 71.00 OK

Check Details

Version: 0.1.0-19
Check: compiled code
Result: NOTE
    File 'd:/Rcompile/CRANpkg/lib/3.2/C50/libs/i386/C50.dll':
     Found 'rand', possibly from 'rand' (C)
     Object: 'getdata.o'
    File 'd:/Rcompile/CRANpkg/lib/3.2/C50/libs/x64/C50.dll':
     Found 'rand', possibly from 'rand' (C)
     Object: 'getdata.o'
    
    Compiled code should not call entry points which might terminate R nor
    write to stdout/stderr instead of to the console, nor the C RNG.
    
    See 'Writing portable packages' in the 'Writing R Extensions' manual.
Flavor: r-devel-windows-ix86+x86_64