CRAN Package Check Results for Package C50

Last updated on 2015-02-02 01:47:41.

Flavor Version Tinstall Tcheck Ttotal Status Flags
r-devel-linux-x86_64-debian-clang 0.1.0-21 5.70 12.48 18.18 OK
r-devel-linux-x86_64-debian-gcc 0.1.0-21 8.10 11.92 20.02 OK
r-devel-linux-x86_64-fedora-clang 0.1.0-21 34.06 OK
r-devel-linux-x86_64-fedora-gcc 0.1.0-21 34.79 OK
r-devel-osx-x86_64-clang 0.1.0-21 43.69 OK
r-devel-windows-ix86+x86_64 0.1.0-21 57.00 28.00 85.00 NOTE
r-patched-linux-x86_64 0.1.0-21 8.02 12.85 20.87 OK
r-patched-solaris-sparc 0.1.0-21 209.20 OK
r-patched-solaris-x86 0.1.0-21 55.80 OK
r-release-linux-ix86 0.1.0-21 10.61 19.56 30.17 OK
r-release-linux-x86_64 0.1.0-21 7.95 12.67 20.62 OK
r-release-osx-x86_64-mavericks 0.1.0-21 OK
r-release-osx-x86_64-snowleopard 0.1.0-21 OK
r-release-windows-ix86+x86_64 0.1.0-21 56.00 39.00 95.00 NOTE
r-oldrel-windows-ix86+x86_64 0.1.0-21 45.00 32.00 77.00 OK

Check Details

Version: 0.1.0-21
Check: compiled code
Result: NOTE
    File 'C50/libs/i386/C50.dll':
     Found 'rand', possibly from 'rand' (C)
     Object: 'getdata.o'
    File 'C50/libs/x64/C50.dll':
     Found 'rand', possibly from 'rand' (C)
     Object: 'getdata.o'
    
    Compiled code should not call entry points which might terminate R nor
    write to stdout/stderr instead of to the console, nor the system RNG.
    
    See 'Writing portable packages' in the 'Writing R Extensions' manual.
Flavor: r-devel-windows-ix86+x86_64

Version: 0.1.0-21
Check: compiled code
Result: NOTE
    File 'C50/libs/i386/C50.dll':
     Found 'rand', possibly from 'rand' (C)
     Object: 'getdata.o'
    File 'C50/libs/x64/C50.dll':
     Found 'rand', possibly from 'rand' (C)
     Object: 'getdata.o'
    
    Compiled code should not call entry points which might terminate R nor
    write to stdout/stderr instead of to the console, nor the C RNG.
    
    See 'Writing portable packages' in the 'Writing R Extensions' manual.
Flavor: r-release-windows-ix86+x86_64