CRAN Package Check Results for Package CADFtest

Last updated on 2014-08-29 02:47:39.

Flavor Version Tinstall Tcheck Ttotal Status Flags
r-devel-linux-x86_64-debian-clang 0.3-2 1.33 41.08 42.42 NOTE
r-devel-linux-x86_64-debian-gcc 0.3-2 1.31 39.86 41.16 NOTE
r-devel-linux-x86_64-fedora-clang 0.3-2 93.64 NOTE
r-devel-linux-x86_64-fedora-gcc 0.3-2 88.98 NOTE
r-devel-osx-x86_64-clang 0.3-2 84.78 NOTE
r-devel-windows-ix86+x86_64 0.3-2 5.00 69.00 74.00 NOTE
r-patched-linux-x86_64 0.3-2 1.46 47.33 48.79 NOTE
r-patched-solaris-sparc 0.3-2 547.50 NOTE
r-patched-solaris-x86 0.3-2 119.00 NOTE
r-release-linux-ix86 0.3-2 1.96 68.72 70.67 NOTE
r-release-linux-x86_64 0.3-2 1.44 48.07 49.52 NOTE
r-release-osx-x86_64-mavericks 0.3-2 NOTE
r-release-osx-x86_64-snowleopard 0.3-2 OK
r-release-windows-ix86+x86_64 0.3-2 6.00 82.00 88.00 NOTE
r-oldrel-windows-ix86+x86_64 0.3-2 6.00 76.00 82.00 NOTE

Check Details

Version: 0.3-2
Check: dependencies in R code
Result: NOTE
    Packages in Depends field not imported from:
     ‘dynlm’ ‘sandwich’ ‘tseries’ ‘urca’
     These packages need to be imported from (in the NAMESPACE file)
     for when this namespace is loaded but not attached.
    See the information on DESCRIPTION files in the chapter ‘Creating R
    packages’ of the ‘Writing R Extensions’ manual.
Flavors: r-devel-linux-x86_64-debian-clang, r-devel-linux-x86_64-debian-gcc, r-devel-linux-x86_64-fedora-clang, r-devel-linux-x86_64-fedora-gcc, r-devel-osx-x86_64-clang, r-devel-windows-ix86+x86_64, r-patched-linux-x86_64, r-patched-solaris-sparc, r-patched-solaris-x86, r-release-linux-ix86, r-release-linux-x86_64, r-release-osx-x86_64-mavericks, r-release-windows-ix86+x86_64, r-oldrel-windows-ix86+x86_64

Version: 0.3-2
Check: R code for possible problems
Result: NOTE
    CADFpvalues: no visible binding for global variable ‘coeffs_ct’
    CADFpvalues: no visible binding for global variable ‘coeffs_c’
    CADFpvalues: no visible binding for global variable ‘coeffs_nc’
    estmodel: no visible global function definition for ‘dynlm’
    estmodel: no visible global function definition for ‘punitroot’
    estmodel: no visible global function definition for ‘kernHAC’
    plot.CADFtest: no visible global function definition for
     ‘jarque.bera.test’
Flavors: r-devel-linux-x86_64-debian-clang, r-devel-linux-x86_64-debian-gcc, r-devel-linux-x86_64-fedora-clang, r-devel-linux-x86_64-fedora-gcc, r-devel-osx-x86_64-clang, r-devel-windows-ix86+x86_64