CRAN Package Check Results for Package CADFtest

Last updated on 2015-03-27 19:48:19.

Flavor Version Tinstall Tcheck Ttotal Status Flags
r-devel-linux-x86_64-debian-clang 0.3-2 3.78 61.65 65.43 NOTE
r-devel-linux-x86_64-debian-gcc 0.3-2 3.75 62.26 66.00 NOTE
r-devel-linux-x86_64-fedora-clang 0.3-2 142.38 NOTE
r-devel-linux-x86_64-fedora-gcc 0.3-2 136.67 NOTE
r-devel-osx-x86_64-clang 0.3-2 129.30 NOTE
r-prerel-windows-ix86+x86_64 0.3-2 12.00 90.00 102.00 NOTE
r-prerel-linux-x86_64 0.3-2 3.77 57.46 61.23 NOTE
r-prerel-solaris-sparc 0.3-2 802.80 NOTE
r-prerel-solaris-x86 0.3-2 163.40 NOTE
r-release-linux-x86_64 0.3-2 6.62 81.12 87.74 NOTE
r-release-osx-x86_64-mavericks 0.3-2 NOTE
r-release-osx-x86_64-snowleopard 0.3-2 OK
r-release-windows-ix86+x86_64 0.3-2 17.00 129.00 146.00 NOTE
r-oldrel-windows-ix86+x86_64 0.3-2 18.00 129.00 147.00 NOTE

Check Details

Version: 0.3-2
Check: DESCRIPTION meta-information
Result: NOTE
    Malformed Title field: should not end in a period.
Flavors: r-devel-linux-x86_64-debian-clang, r-devel-linux-x86_64-debian-gcc, r-devel-linux-x86_64-fedora-clang, r-devel-linux-x86_64-fedora-gcc, r-devel-osx-x86_64-clang, r-prerel-windows-ix86+x86_64, r-prerel-linux-x86_64, r-prerel-solaris-sparc, r-prerel-solaris-x86

Version: 0.3-2
Check: dependencies in R code
Result: NOTE
    Packages in Depends field not imported from:
     ‘dynlm’ ‘sandwich’ ‘tseries’ ‘urca’
     These packages need to be imported from (in the NAMESPACE file)
     for when this namespace is loaded but not attached.
Flavors: r-devel-linux-x86_64-debian-clang, r-devel-linux-x86_64-debian-gcc, r-devel-linux-x86_64-fedora-clang, r-devel-linux-x86_64-fedora-gcc, r-devel-osx-x86_64-clang, r-prerel-windows-ix86+x86_64, r-prerel-linux-x86_64, r-prerel-solaris-sparc, r-prerel-solaris-x86, r-release-linux-x86_64, r-release-windows-ix86+x86_64

Version: 0.3-2
Check: S3 generic/method consistency
Result: NOTE
    Found the following apparent S3 methods exported but not registered:
     CADFtest.default CADFtest.formula bread.mlm estfun.mlm
    See section ‘Registering S3 methods’ in the ‘Writing R Extensions’
    manual.
Flavors: r-devel-linux-x86_64-debian-clang, r-devel-linux-x86_64-debian-gcc, r-devel-linux-x86_64-fedora-clang, r-devel-linux-x86_64-fedora-gcc, r-devel-osx-x86_64-clang, r-prerel-linux-x86_64

Version: 0.3-2
Check: R code for possible problems
Result: NOTE
    CADFpvalues: no visible binding for global variable ‘coeffs_ct’
    CADFpvalues: no visible binding for global variable ‘coeffs_c’
    CADFpvalues: no visible binding for global variable ‘coeffs_nc’
    estmodel: no visible global function definition for ‘dynlm’
    estmodel: no visible global function definition for ‘punitroot’
    estmodel: no visible global function definition for ‘kernHAC’
    plot.CADFtest: no visible global function definition for
     ‘jarque.bera.test’
Flavors: r-devel-linux-x86_64-debian-clang, r-devel-linux-x86_64-debian-gcc, r-devel-linux-x86_64-fedora-clang, r-devel-linux-x86_64-fedora-gcc, r-devel-osx-x86_64-clang, r-prerel-windows-ix86+x86_64, r-prerel-linux-x86_64, r-prerel-solaris-sparc, r-prerel-solaris-x86, r-release-linux-x86_64, r-release-osx-x86_64-mavericks, r-release-windows-ix86+x86_64

Version: 0.3-2
Check: dependencies in R code
Result: NOTE
    Packages in Depends field not imported from:
     ‘dynlm’ ‘sandwich’ ‘tseries’ ‘urca’
     These packages need to be imported from (in the NAMESPACE file)
     for when this namespace is loaded but not attached.
    See the information on DESCRIPTION files in the chapter ‘Creating R
    packages’ of the ‘Writing R Extensions’ manual.
Flavors: r-release-osx-x86_64-mavericks, r-oldrel-windows-ix86+x86_64