CRAN Package Check Results for Package CADFtest

Last updated on 2015-07-01 17:47:29.

Flavor Version Tinstall Tcheck Ttotal Status Flags
r-devel-linux-x86_64-debian-clang 0.3-2 3.79 60.65 64.44 NOTE
r-devel-linux-x86_64-debian-gcc 0.3-2 3.81 57.45 61.26 NOTE
r-devel-linux-x86_64-fedora-clang 0.3-2 131.23 NOTE
r-devel-linux-x86_64-fedora-gcc 0.3-2 123.43 NOTE
r-devel-osx-x86_64-clang 0.3-2 120.56 NOTE
r-devel-windows-ix86+x86_64 0.3-2 12.00 95.00 107.00 NOTE
r-patched-linux-x86_64 0.3-2 4.76 58.04 62.79 NOTE
r-patched-solaris-sparc 0.3-2 771.10 NOTE
r-patched-solaris-x86 0.3-2 166.40 NOTE
r-release-linux-x86_64 0.3-2 3.78 58.81 62.60 NOTE
r-release-osx-x86_64-mavericks 0.3-2 NOTE
r-release-windows-ix86+x86_64 0.3-2 13.00 96.00 109.00 NOTE
r-oldrel-windows-ix86+x86_64 0.3-2 22.00 134.00 156.00 NOTE

Check Details

Version: 0.3-2
Check: DESCRIPTION meta-information
Result: NOTE
    Malformed Title field: should not end in a period.
Flavors: r-devel-linux-x86_64-debian-clang, r-devel-linux-x86_64-debian-gcc, r-devel-linux-x86_64-fedora-clang, r-devel-linux-x86_64-fedora-gcc, r-devel-osx-x86_64-clang, r-devel-windows-ix86+x86_64, r-patched-linux-x86_64, r-patched-solaris-sparc, r-patched-solaris-x86, r-release-linux-x86_64, r-release-osx-x86_64-mavericks, r-release-windows-ix86+x86_64

Version: 0.3-2
Check: dependencies in R code
Result: NOTE
    Packages in Depends field not imported from:
     ‘dynlm’ ‘sandwich’ ‘tseries’ ‘urca’
     These packages need to be imported from (in the NAMESPACE file)
     for when this namespace is loaded but not attached.
Flavors: r-devel-linux-x86_64-debian-clang, r-devel-linux-x86_64-debian-gcc, r-devel-linux-x86_64-fedora-clang, r-devel-linux-x86_64-fedora-gcc, r-devel-osx-x86_64-clang, r-devel-windows-ix86+x86_64, r-patched-linux-x86_64, r-patched-solaris-sparc, r-patched-solaris-x86, r-release-linux-x86_64, r-release-osx-x86_64-mavericks, r-release-windows-ix86+x86_64, r-oldrel-windows-ix86+x86_64

Version: 0.3-2
Check: S3 generic/method consistency
Result: NOTE
    Found the following apparent S3 methods exported but not registered:
     CADFtest.default CADFtest.formula bread.mlm estfun.mlm
    See section ‘Registering S3 methods’ in the ‘Writing R Extensions’
    manual.
Flavors: r-devel-linux-x86_64-debian-clang, r-devel-linux-x86_64-debian-gcc, r-devel-linux-x86_64-fedora-clang, r-devel-linux-x86_64-fedora-gcc, r-devel-osx-x86_64-clang, r-patched-linux-x86_64, r-patched-solaris-sparc, r-patched-solaris-x86, r-release-linux-x86_64

Version: 0.3-2
Check: R code for possible problems
Result: NOTE
    CADFpvalues: no visible binding for global variable ‘coeffs_ct’
    CADFpvalues: no visible binding for global variable ‘coeffs_c’
    CADFpvalues: no visible binding for global variable ‘coeffs_nc’
    CADFpvalues: no visible global function definition for ‘qnorm’
    CADFpvalues: no visible global function definition for ‘lm’
    CADFpvalues: no visible global function definition for ‘pnorm’
    CADFtest.default: no visible global function definition for ‘is.ts’
    CADFtest.default: no visible global function definition for ‘ts’
    CADFtest.default: no visible global function definition for ‘start’
    CADFtest.default: no visible global function definition for ‘frequency’
    CADFtest.formula: no visible global function definition for
     ‘model.frame’
    CADFtest.formula: no visible global function definition for
     ‘model.response’
    CADFtest.formula: no visible global function definition for
     ‘model.matrix’
    bread.mlm: no visible global function definition for ‘coef’
    estfun.mlm: no visible global function definition for ‘model.response’
    estfun.mlm: no visible global function definition for ‘model.frame’
    estfun.mlm: no visible global function definition for ‘coef’
    estmodel: no visible global function definition for ‘is.ts’
    estmodel: no visible global function definition for ‘ts’
    estmodel: no visible global function definition for ‘start’
    estmodel: no visible global function definition for ‘frequency’
    estmodel: no visible global function definition for ‘dynlm’
    estmodel: no visible global function definition for ‘formula’
    estmodel: no visible global function definition for ‘lsfit’
    estmodel: no visible global function definition for ‘punitroot’
    estmodel: no visible global function definition for ‘lm’
    estmodel: no visible global function definition for ‘kernHAC’
    plot.CADFtest: no visible global function definition for ‘par’
    plot.CADFtest: no visible global function definition for ‘layout’
    plot.CADFtest: no visible global function definition for ‘residuals’
    plot.CADFtest: no visible global function definition for ‘rstandard’
    plot.CADFtest: no visible global function definition for ‘plot’
    plot.CADFtest: no visible global function definition for ‘abline’
    plot.CADFtest: no visible global function definition for
     ‘jarque.bera.test’
    plot.CADFtest: no visible global function definition for ‘density’
    plot.CADFtest: no visible global function definition for ‘acf’
    plot.CADFtest: no visible global function definition for ‘pacf’
    residuals.CADFtest: no visible global function definition for
     ‘residuals.lm’
    summary.CADFtest: no visible global function definition for
     ‘summary.lm’
    summary.CADFtest: no visible global function definition for ‘lm’
    update.CADFtest: no visible global function definition for
     ‘update.formula’
Flavors: r-devel-linux-x86_64-debian-clang, r-devel-linux-x86_64-debian-gcc, r-devel-linux-x86_64-fedora-clang, r-devel-linux-x86_64-fedora-gcc, r-devel-windows-ix86+x86_64

Version: 0.3-2
Check: R code for possible problems
Result: NOTE
    CADFpvalues: no visible binding for global variable ‘coeffs_ct’
    CADFpvalues: no visible binding for global variable ‘coeffs_c’
    CADFpvalues: no visible binding for global variable ‘coeffs_nc’
    estmodel: no visible global function definition for ‘dynlm’
    estmodel: no visible global function definition for ‘punitroot’
    estmodel: no visible global function definition for ‘kernHAC’
    plot.CADFtest: no visible global function definition for
     ‘jarque.bera.test’
Flavors: r-devel-osx-x86_64-clang, r-patched-linux-x86_64, r-patched-solaris-sparc, r-patched-solaris-x86, r-release-linux-x86_64, r-release-osx-x86_64-mavericks, r-release-windows-ix86+x86_64, r-oldrel-windows-ix86+x86_64