CRAN Package Check Results for Package CADFtest

Last updated on 2014-10-01 11:47:43.

Flavor Version Tinstall Tcheck Ttotal Status Flags
r-devel-linux-x86_64-debian-clang 0.3-2 1.33 44.72 46.04 NOTE
r-devel-linux-x86_64-debian-gcc 0.3-2 1.71 42.27 43.98 NOTE
r-devel-linux-x86_64-fedora-clang 0.3-2 94.74 NOTE
r-devel-linux-x86_64-fedora-gcc 0.3-2 107.51 NOTE
r-devel-osx-x86_64-clang 0.3-2 83.00 NOTE
r-devel-windows-ix86+x86_64 0.3-2 7.00 69.00 76.00 NOTE
r-patched-linux-x86_64 0.3-2 1.42 46.84 48.26 NOTE
r-patched-solaris-sparc 0.3-2 547.50 NOTE
r-patched-solaris-x86 0.3-2 115.50 NOTE
r-release-linux-ix86 0.3-2 1.93 70.92 72.86 NOTE
r-release-linux-x86_64 0.3-2 1.59 46.62 48.20 NOTE
r-release-osx-x86_64-mavericks 0.3-2 NOTE
r-release-osx-x86_64-snowleopard 0.3-2 OK
r-release-windows-ix86+x86_64 0.3-2 7.00 73.00 80.00 NOTE
r-oldrel-windows-ix86+x86_64 0.3-2 8.00 76.00 84.00 NOTE

Check Details

Version: 0.3-2
Check: dependencies in R code
Result: NOTE
    Packages in Depends field not imported from:
     ‘dynlm’ ‘sandwich’ ‘tseries’ ‘urca’
     These packages need to be imported from (in the NAMESPACE file)
     for when this namespace is loaded but not attached.
    See the information on DESCRIPTION files in the chapter ‘Creating R
    packages’ of the ‘Writing R Extensions’ manual.
Flavors: r-devel-linux-x86_64-debian-clang, r-devel-linux-x86_64-debian-gcc, r-devel-linux-x86_64-fedora-clang, r-devel-linux-x86_64-fedora-gcc, r-devel-osx-x86_64-clang, r-devel-windows-ix86+x86_64, r-patched-linux-x86_64, r-patched-solaris-sparc, r-patched-solaris-x86, r-release-linux-ix86, r-release-linux-x86_64, r-release-osx-x86_64-mavericks, r-release-windows-ix86+x86_64, r-oldrel-windows-ix86+x86_64

Version: 0.3-2
Check: R code for possible problems
Result: NOTE
    CADFpvalues: no visible binding for global variable ‘coeffs_ct’
    CADFpvalues: no visible binding for global variable ‘coeffs_c’
    CADFpvalues: no visible binding for global variable ‘coeffs_nc’
    estmodel: no visible global function definition for ‘dynlm’
    estmodel: no visible global function definition for ‘punitroot’
    estmodel: no visible global function definition for ‘kernHAC’
    plot.CADFtest: no visible global function definition for
     ‘jarque.bera.test’
Flavors: r-devel-linux-x86_64-debian-clang, r-devel-linux-x86_64-debian-gcc, r-devel-linux-x86_64-fedora-clang, r-devel-linux-x86_64-fedora-gcc, r-devel-osx-x86_64-clang, r-devel-windows-ix86+x86_64