CRAN Package Check Results for Package CADFtest

Last updated on 2014-04-19 01:48:15.

Flavor Version Tinstall Tcheck Ttotal Status Flags
r-devel-linux-x86_64-debian-clang 0.3-2 1.72 46.69 48.42 NOTE
r-devel-linux-x86_64-debian-gcc NOTE
r-devel-linux-x86_64-fedora-clang 0.3-2 102.74 NOTE
r-devel-linux-x86_64-fedora-gcc 0.3-2 100.82 NOTE
r-devel-macosx-x86_64-clang 0.3-2 95.80 NOTE
r-devel-macosx-x86_64-gcc 0.3-2 ERROR
r-devel-windows-ix86+x86_64 0.3-2 6.00 74.00 80.00 NOTE
r-patched-linux-x86_64 0.3-2 1.57 47.27 48.84 NOTE
r-patched-solaris-sparc 0.3-2 507.30 NOTE
r-patched-solaris-x86 0.3-2 115.00 NOTE
r-release-linux-ix86 0.3-2 4.00 105.00 109.00 NOTE
r-release-linux-x86_64 0.3-2 1.50 47.22 48.73 NOTE
r-release-macosx-x86_64 0.3-2 OK
r-release-windows-ix86+x86_64 0.3-2 6.00 77.00 83.00 NOTE
r-oldrel-windows-ix86+x86_64 0.3-2 8.00 75.00 83.00 NOTE

Check Details

Version: 0.3-2
Check: dependencies in R code
Result: NOTE
    Packages in Depends field not imported from:
     ‘dynlm’ ‘sandwich’ ‘tseries’ ‘urca’
     These packages need to be imported from (in the NAMESPACE file)
     for when this namespace is loaded but not attached.
    See the information on DESCRIPTION files in the chapter ‘Creating R
    packages’ of the ‘Writing R Extensions’ manual.
Flavors: r-devel-linux-x86_64-debian-clang, r-devel-linux-x86_64-debian-gcc, r-devel-linux-x86_64-fedora-clang, r-devel-linux-x86_64-fedora-gcc, r-devel-macosx-x86_64-clang, r-devel-windows-ix86+x86_64, r-patched-linux-x86_64, r-patched-solaris-sparc, r-patched-solaris-x86, r-release-linux-ix86, r-release-linux-x86_64, r-release-windows-ix86+x86_64, r-oldrel-windows-ix86+x86_64

Version: 0.3-2
Check: package dependencies
Result: ERROR
    Packages required but not available: ‘dynlm’ ‘sandwich’ ‘tseries’
    
    See the information on DESCRIPTION files in the chapter ‘Creating R
    packages’ of the ‘Writing R Extensions’ manual.
Flavor: r-devel-macosx-x86_64-gcc