CRAN Package Check Results for Package CADFtest

Last updated on 2015-04-19 05:49:41.

Flavor Version Tinstall Tcheck Ttotal Status Flags
r-devel-linux-x86_64-debian-clang 0.3-2 4.11 60.54 64.65 NOTE
r-devel-linux-x86_64-debian-gcc 0.3-2 3.98 58.70 62.68 NOTE
r-devel-linux-x86_64-fedora-clang 0.3-2 135.36 NOTE
r-devel-linux-x86_64-fedora-gcc 0.3-2 134.30 NOTE
r-devel-osx-x86_64-clang 0.3-2 121.95 NOTE
r-patched-linux-x86_64 0.3-2 3.99 58.46 62.45 NOTE
r-patched-solaris-sparc 0.3-2 802.80 NOTE
r-patched-solaris-x86 0.3-2 165.30 NOTE
r-release-linux-x86_64 0.3-2 3.96 58.42 62.38 NOTE
r-release-osx-x86_64-mavericks 0.3-2 NOTE
r-release-osx-x86_64-snowleopard 0.3-2 ERROR
r-release-windows-ix86+x86_64 0.3-2 12.00 87.00 99.00 NOTE
r-oldrel-windows-ix86+x86_64 0.3-2 25.00 182.00 207.00 NOTE

Check Details

Version: 0.3-2
Check: DESCRIPTION meta-information
Result: NOTE
    Malformed Title field: should not end in a period.
Flavors: r-devel-linux-x86_64-debian-clang, r-devel-linux-x86_64-debian-gcc, r-devel-linux-x86_64-fedora-clang, r-devel-linux-x86_64-fedora-gcc, r-devel-osx-x86_64-clang, r-patched-linux-x86_64, r-patched-solaris-sparc, r-patched-solaris-x86, r-release-linux-x86_64, r-release-osx-x86_64-mavericks, r-release-windows-ix86+x86_64

Version: 0.3-2
Check: dependencies in R code
Result: NOTE
    Packages in Depends field not imported from:
     ‘dynlm’ ‘sandwich’ ‘tseries’ ‘urca’
     These packages need to be imported from (in the NAMESPACE file)
     for when this namespace is loaded but not attached.
Flavors: r-devel-linux-x86_64-debian-clang, r-devel-linux-x86_64-debian-gcc, r-devel-linux-x86_64-fedora-clang, r-devel-linux-x86_64-fedora-gcc, r-devel-osx-x86_64-clang, r-patched-linux-x86_64, r-patched-solaris-sparc, r-patched-solaris-x86, r-release-linux-x86_64, r-release-osx-x86_64-mavericks, r-release-windows-ix86+x86_64

Version: 0.3-2
Check: S3 generic/method consistency
Result: NOTE
    Found the following apparent S3 methods exported but not registered:
     CADFtest.default CADFtest.formula bread.mlm estfun.mlm
    See section ‘Registering S3 methods’ in the ‘Writing R Extensions’
    manual.
Flavors: r-devel-linux-x86_64-debian-clang, r-devel-linux-x86_64-debian-gcc, r-devel-linux-x86_64-fedora-clang, r-devel-linux-x86_64-fedora-gcc, r-devel-osx-x86_64-clang, r-patched-linux-x86_64, r-release-linux-x86_64

Version: 0.3-2
Check: R code for possible problems
Result: NOTE
    CADFpvalues: no visible binding for global variable ‘coeffs_ct’
    CADFpvalues: no visible binding for global variable ‘coeffs_c’
    CADFpvalues: no visible binding for global variable ‘coeffs_nc’
    estmodel: no visible global function definition for ‘dynlm’
    estmodel: no visible global function definition for ‘punitroot’
    estmodel: no visible global function definition for ‘kernHAC’
    plot.CADFtest: no visible global function definition for
     ‘jarque.bera.test’
Flavors: r-devel-linux-x86_64-debian-clang, r-devel-linux-x86_64-debian-gcc, r-devel-linux-x86_64-fedora-clang, r-devel-linux-x86_64-fedora-gcc, r-devel-osx-x86_64-clang, r-patched-linux-x86_64, r-patched-solaris-sparc, r-patched-solaris-x86, r-release-linux-x86_64, r-release-osx-x86_64-mavericks, r-release-windows-ix86+x86_64

Version: 0.3-2
Check: package dependencies
Result: ERROR
    Packages required but not available: ‘dynlm’ ‘sandwich’ ‘tseries’
    
    See section ‘The DESCRIPTION file’ in the ‘Writing R Extensions’
    manual.
Flavor: r-release-osx-x86_64-snowleopard

Version: 0.3-2
Check: dependencies in R code
Result: NOTE
    Packages in Depends field not imported from:
     'dynlm' 'sandwich' 'tseries' 'urca'
     These packages need to be imported from (in the NAMESPACE file)
     for when this namespace is loaded but not attached.
    See the information on DESCRIPTION files in the chapter 'Creating R
    packages' of the 'Writing R Extensions' manual.
Flavor: r-oldrel-windows-ix86+x86_64