CRAN Package Check Results for Package CADFtest

Last updated on 2015-01-25 09:51:23.

Flavor Version Tinstall Tcheck Ttotal Status Flags
r-devel-linux-x86_64-debian-clang 0.3-2 1.79 43.40 45.18 NOTE
r-devel-linux-x86_64-debian-gcc 0.3-2 1.30 42.36 43.66 NOTE
r-devel-linux-x86_64-fedora-clang 0.3-2 94.25 NOTE
r-devel-linux-x86_64-fedora-gcc 0.3-2 92.37 NOTE
r-devel-osx-x86_64-clang 0.3-2 91.96 NOTE
r-devel-windows-ix86+x86_64 0.3-2 7.00 67.00 74.00 NOTE
r-patched-linux-x86_64 0.3-2 1.37 44.82 46.20 NOTE
r-patched-solaris-sparc 0.3-2 513.90 NOTE
r-patched-solaris-x86 0.3-2 110.00 NOTE
r-release-linux-ix86 0.3-2 1.77 63.48 65.24 NOTE
r-release-linux-x86_64 0.3-2 1.38 45.22 46.60 NOTE
r-release-osx-x86_64-mavericks 0.3-2 NOTE
r-release-osx-x86_64-snowleopard 0.3-2 OK
r-release-windows-ix86+x86_64 0.3-2 7.00 76.00 83.00 NOTE
r-oldrel-windows-ix86+x86_64 0.3-2 7.00 74.00 81.00 NOTE

Check Details

Version: 0.3-2
Check: dependencies in R code
Result: NOTE
    Packages in Depends field not imported from:
     ‘dynlm’ ‘sandwich’ ‘tseries’ ‘urca’
     These packages need to be imported from (in the NAMESPACE file)
     for when this namespace is loaded but not attached.
Flavors: r-devel-linux-x86_64-debian-clang, r-devel-linux-x86_64-debian-gcc, r-devel-linux-x86_64-fedora-clang, r-devel-linux-x86_64-fedora-gcc, r-devel-osx-x86_64-clang, r-devel-windows-ix86+x86_64

Version: 0.3-2
Check: R code for possible problems
Result: NOTE
    CADFpvalues: no visible binding for global variable ‘coeffs_ct’
    CADFpvalues: no visible binding for global variable ‘coeffs_c’
    CADFpvalues: no visible binding for global variable ‘coeffs_nc’
    estmodel: no visible global function definition for ‘dynlm’
    estmodel: no visible global function definition for ‘punitroot’
    estmodel: no visible global function definition for ‘kernHAC’
    plot.CADFtest: no visible global function definition for
     ‘jarque.bera.test’
Flavors: r-devel-linux-x86_64-debian-clang, r-devel-linux-x86_64-debian-gcc, r-devel-linux-x86_64-fedora-clang, r-devel-linux-x86_64-fedora-gcc, r-devel-osx-x86_64-clang, r-devel-windows-ix86+x86_64, r-patched-linux-x86_64, r-patched-solaris-sparc, r-patched-solaris-x86, r-release-linux-ix86, r-release-linux-x86_64, r-release-osx-x86_64-mavericks, r-release-windows-ix86+x86_64

Version: 0.3-2
Check: S3 generic/method consistency
Result: NOTE
    Found the following apparent S3 methods exported but not registered:
     CADFtest.default CADFtest.formula bread.mlm estfun.mlm
    See section ‘Registering S3 methods’ in the ‘Writing R Extensions’
    manual.
Flavors: r-devel-linux-x86_64-fedora-clang, r-devel-linux-x86_64-fedora-gcc, r-devel-osx-x86_64-clang

Version: 0.3-2
Check: dependencies in R code
Result: NOTE
    Packages in Depends field not imported from:
     ‘dynlm’ ‘sandwich’ ‘tseries’ ‘urca’
     These packages need to be imported from (in the NAMESPACE file)
     for when this namespace is loaded but not attached.
    See the information on DESCRIPTION files in the chapter ‘Creating R
    packages’ of the ‘Writing R Extensions’ manual.
Flavors: r-patched-linux-x86_64, r-patched-solaris-sparc, r-patched-solaris-x86, r-release-linux-ix86, r-release-linux-x86_64, r-release-osx-x86_64-mavericks, r-release-windows-ix86+x86_64, r-oldrel-windows-ix86+x86_64