CRAN Package Check Results for Package CADFtest

Last updated on 2015-05-25 16:47:06.

Flavor Version Tinstall Tcheck Ttotal Status Flags
r-devel-linux-x86_64-debian-clang 0.3-2 4.06 59.00 63.06 NOTE
r-devel-linux-x86_64-debian-gcc 0.3-2 3.97 58.25 62.22 NOTE
r-devel-linux-x86_64-fedora-clang 0.3-2 132.43 NOTE
r-devel-linux-x86_64-fedora-gcc 0.3-2 124.16 NOTE
r-devel-osx-x86_64-clang 0.3-2 123.17 NOTE
r-devel-windows-ix86+x86_64 0.3-2 12.00 92.00 104.00 NOTE
r-patched-linux-x86_64 0.3-2 3.91 57.32 61.23 NOTE
r-patched-solaris-sparc 0.3-2 771.10 NOTE
r-patched-solaris-x86 0.3-2 165.40 NOTE
r-release-linux-x86_64 0.3-2 4.23 58.50 62.74 NOTE
r-release-osx-x86_64-mavericks 0.3-2 NOTE
r-release-osx-x86_64-snowleopard 0.3-2 ERROR
r-release-windows-ix86+x86_64 0.3-2 12.00 91.00 103.00 NOTE
r-oldrel-windows-ix86+x86_64 0.3-2 19.00 125.00 144.00 NOTE

Check Details

Version: 0.3-2
Check: DESCRIPTION meta-information
Result: NOTE
    Malformed Title field: should not end in a period.
Flavors: r-devel-linux-x86_64-debian-clang, r-devel-linux-x86_64-debian-gcc, r-devel-linux-x86_64-fedora-clang, r-devel-linux-x86_64-fedora-gcc, r-devel-osx-x86_64-clang, r-devel-windows-ix86+x86_64, r-patched-linux-x86_64, r-patched-solaris-sparc, r-patched-solaris-x86, r-release-linux-x86_64, r-release-osx-x86_64-mavericks, r-release-windows-ix86+x86_64

Version: 0.3-2
Check: dependencies in R code
Result: NOTE
    Packages in Depends field not imported from:
     ‘dynlm’ ‘sandwich’ ‘tseries’ ‘urca’
     These packages need to be imported from (in the NAMESPACE file)
     for when this namespace is loaded but not attached.
Flavors: r-devel-linux-x86_64-debian-clang, r-devel-linux-x86_64-debian-gcc, r-devel-linux-x86_64-fedora-clang, r-devel-linux-x86_64-fedora-gcc, r-devel-osx-x86_64-clang, r-devel-windows-ix86+x86_64, r-patched-linux-x86_64, r-patched-solaris-sparc, r-patched-solaris-x86, r-release-linux-x86_64, r-release-osx-x86_64-mavericks, r-release-windows-ix86+x86_64, r-oldrel-windows-ix86+x86_64

Version: 0.3-2
Check: S3 generic/method consistency
Result: NOTE
    Found the following apparent S3 methods exported but not registered:
     CADFtest.default CADFtest.formula bread.mlm estfun.mlm
    See section ‘Registering S3 methods’ in the ‘Writing R Extensions’
    manual.
Flavors: r-devel-linux-x86_64-debian-clang, r-devel-linux-x86_64-debian-gcc, r-devel-linux-x86_64-fedora-clang, r-devel-linux-x86_64-fedora-gcc, r-devel-osx-x86_64-clang, r-patched-linux-x86_64, r-patched-solaris-sparc, r-patched-solaris-x86, r-release-linux-x86_64

Version: 0.3-2
Check: R code for possible problems
Result: NOTE
    CADFpvalues: no visible binding for global variable ‘coeffs_ct’
    CADFpvalues: no visible binding for global variable ‘coeffs_c’
    CADFpvalues: no visible binding for global variable ‘coeffs_nc’
    estmodel: no visible global function definition for ‘dynlm’
    estmodel: no visible global function definition for ‘punitroot’
    estmodel: no visible global function definition for ‘kernHAC’
    plot.CADFtest: no visible global function definition for
     ‘jarque.bera.test’
Flavors: r-devel-linux-x86_64-debian-clang, r-devel-linux-x86_64-debian-gcc, r-devel-linux-x86_64-fedora-clang, r-devel-linux-x86_64-fedora-gcc, r-devel-osx-x86_64-clang, r-devel-windows-ix86+x86_64, r-patched-linux-x86_64, r-patched-solaris-sparc, r-patched-solaris-x86, r-release-linux-x86_64, r-release-osx-x86_64-mavericks, r-release-windows-ix86+x86_64, r-oldrel-windows-ix86+x86_64

Version: 0.3-2
Check: package dependencies
Result: ERROR
    Packages required but not available: ‘dynlm’ ‘sandwich’ ‘tseries’
    
    See section ‘The DESCRIPTION file’ in the ‘Writing R Extensions’
    manual.
Flavor: r-release-osx-x86_64-snowleopard