CRAN Package Check Results for Package CADFtest

Last updated on 2015-09-02 15:47:02.

Flavor Version Tinstall Tcheck Ttotal Status Flags
r-devel-linux-x86_64-debian-clang 0.3-2 3.92 59.51 63.44 NOTE
r-devel-linux-x86_64-debian-gcc 0.3-2 4.03 58.48 62.51 NOTE
r-devel-linux-x86_64-fedora-clang 0.3-2 129.92 NOTE
r-devel-linux-x86_64-fedora-gcc 0.3-2 124.51 NOTE
r-devel-osx-x86_64-clang 0.3-2 112.78 NOTE
r-devel-windows-ix86+x86_64 0.3-2 18.00 116.00 134.00 NOTE
r-patched-linux-x86_64 0.3-2 4.60 62.78 67.38 NOTE
r-patched-solaris-sparc 0.3-2 786.40 NOTE
r-patched-solaris-x86 0.3-2 174.20 NOTE
r-release-linux-x86_64 0.3-2 4.29 61.53 65.82 NOTE
r-release-osx-x86_64-mavericks 0.3-2 NOTE
r-release-windows-ix86+x86_64 0.3-2 16.00 105.00 121.00 NOTE
r-oldrel-windows-ix86+x86_64 0.3-2 28.00 157.00 185.00 NOTE

Check Details

Version: 0.3-2
Check: DESCRIPTION meta-information
Result: NOTE
    Malformed Title field: should not end in a period.
Flavors: r-devel-linux-x86_64-debian-clang, r-devel-linux-x86_64-debian-gcc, r-devel-linux-x86_64-fedora-clang, r-devel-linux-x86_64-fedora-gcc, r-devel-osx-x86_64-clang, r-devel-windows-ix86+x86_64, r-patched-linux-x86_64, r-patched-solaris-sparc, r-patched-solaris-x86, r-release-linux-x86_64, r-release-osx-x86_64-mavericks, r-release-windows-ix86+x86_64

Version: 0.3-2
Check: dependencies in R code
Result: NOTE
    Packages in Depends field not imported from:
     ‘dynlm’ ‘sandwich’ ‘tseries’ ‘urca’
     These packages need to be imported from (in the NAMESPACE file)
     for when this namespace is loaded but not attached.
Flavors: r-devel-linux-x86_64-debian-clang, r-devel-linux-x86_64-debian-gcc, r-devel-linux-x86_64-fedora-clang, r-devel-linux-x86_64-fedora-gcc, r-devel-osx-x86_64-clang, r-devel-windows-ix86+x86_64, r-patched-linux-x86_64, r-patched-solaris-sparc, r-patched-solaris-x86, r-release-linux-x86_64, r-release-osx-x86_64-mavericks, r-release-windows-ix86+x86_64, r-oldrel-windows-ix86+x86_64

Version: 0.3-2
Check: S3 generic/method consistency
Result: NOTE
    Found the following apparent S3 methods exported but not registered:
     CADFtest.default CADFtest.formula bread.mlm estfun.mlm
    See section ‘Registering S3 methods’ in the ‘Writing R Extensions’
    manual.
Flavors: r-devel-linux-x86_64-debian-clang, r-devel-linux-x86_64-debian-gcc, r-devel-linux-x86_64-fedora-clang, r-devel-linux-x86_64-fedora-gcc, r-devel-osx-x86_64-clang, r-patched-linux-x86_64, r-patched-solaris-sparc, r-patched-solaris-x86, r-release-linux-x86_64

Version: 0.3-2
Check: R code for possible problems
Result: NOTE
    CADFpvalues: no visible binding for global variable ‘coeffs_ct’
    CADFpvalues: no visible binding for global variable ‘coeffs_c’
    CADFpvalues: no visible binding for global variable ‘coeffs_nc’
    CADFpvalues: no visible global function definition for ‘qnorm’
    CADFpvalues: no visible global function definition for ‘lm’
    CADFpvalues: no visible global function definition for ‘pnorm’
    CADFtest.default: no visible global function definition for ‘is.ts’
    CADFtest.default: no visible global function definition for ‘ts’
    CADFtest.default: no visible global function definition for ‘start’
    CADFtest.default: no visible global function definition for ‘frequency’
    CADFtest.formula: no visible global function definition for
     ‘model.frame’
    CADFtest.formula: no visible global function definition for
     ‘model.response’
    CADFtest.formula: no visible global function definition for
     ‘model.matrix’
    bread.mlm: no visible global function definition for ‘coef’
    estfun.mlm: no visible global function definition for ‘model.response’
    estfun.mlm: no visible global function definition for ‘model.frame’
    estfun.mlm: no visible global function definition for ‘coef’
    estmodel: no visible global function definition for ‘is.ts’
    estmodel: no visible global function definition for ‘ts’
    estmodel: no visible global function definition for ‘start’
    estmodel: no visible global function definition for ‘frequency’
    estmodel: no visible global function definition for ‘dynlm’
    estmodel: no visible global function definition for ‘formula’
    estmodel: no visible global function definition for ‘lsfit’
    estmodel: no visible global function definition for ‘punitroot’
    estmodel: no visible global function definition for ‘lm’
    estmodel: no visible global function definition for ‘kernHAC’
    plot.CADFtest: no visible global function definition for ‘par’
    plot.CADFtest: no visible global function definition for ‘layout’
    plot.CADFtest: no visible global function definition for ‘residuals’
    plot.CADFtest: no visible global function definition for ‘rstandard’
    plot.CADFtest: no visible global function definition for ‘plot’
    plot.CADFtest: no visible global function definition for ‘abline’
    plot.CADFtest: no visible global function definition for
     ‘jarque.bera.test’
    plot.CADFtest: no visible global function definition for ‘density’
    plot.CADFtest: no visible global function definition for ‘acf’
    plot.CADFtest: no visible global function definition for ‘pacf’
    residuals.CADFtest: no visible global function definition for
     ‘residuals.lm’
    summary.CADFtest: no visible global function definition for
     ‘summary.lm’
    summary.CADFtest: no visible global function definition for ‘lm’
    update.CADFtest: no visible global function definition for
     ‘update.formula’
    Undefined global functions or variables:
     abline acf coef coeffs_c coeffs_ct coeffs_nc density dynlm formula
     frequency is.ts jarque.bera.test kernHAC layout lm lsfit model.frame
     model.matrix model.response pacf par plot pnorm punitroot qnorm
     residuals residuals.lm rstandard start summary.lm ts update.formula
    Consider adding
     importFrom("graphics", "abline", "layout", "par", "plot")
     importFrom("stats", "acf", "coef", "density", "formula", "frequency",
     "is.ts", "lm", "lsfit", "model.frame", "model.matrix",
     "model.response", "pacf", "pnorm", "qnorm", "residuals",
     "residuals.lm", "rstandard", "start", "summary.lm", "ts",
     "update.formula")
    to your NAMESPACE.
Flavors: r-devel-linux-x86_64-debian-clang, r-devel-linux-x86_64-debian-gcc, r-devel-linux-x86_64-fedora-clang, r-devel-linux-x86_64-fedora-gcc, r-devel-windows-ix86+x86_64

Version: 0.3-2
Check: R code for possible problems
Result: NOTE
    CADFpvalues: no visible binding for global variable ‘coeffs_ct’
    CADFpvalues: no visible binding for global variable ‘coeffs_c’
    CADFpvalues: no visible binding for global variable ‘coeffs_nc’
    estmodel: no visible global function definition for ‘dynlm’
    estmodel: no visible global function definition for ‘punitroot’
    estmodel: no visible global function definition for ‘kernHAC’
    plot.CADFtest: no visible global function definition for
     ‘jarque.bera.test’
    Undefined global functions or variables:
     coeffs_c coeffs_ct coeffs_nc dynlm jarque.bera.test kernHAC punitroot
Flavor: r-devel-osx-x86_64-clang

Version: 0.3-2
Check: R code for possible problems
Result: NOTE
    CADFpvalues: no visible binding for global variable ‘coeffs_ct’
    CADFpvalues: no visible binding for global variable ‘coeffs_c’
    CADFpvalues: no visible binding for global variable ‘coeffs_nc’
    estmodel: no visible global function definition for ‘dynlm’
    estmodel: no visible global function definition for ‘punitroot’
    estmodel: no visible global function definition for ‘kernHAC’
    plot.CADFtest: no visible global function definition for
     ‘jarque.bera.test’
Flavors: r-patched-linux-x86_64, r-patched-solaris-sparc, r-patched-solaris-x86, r-release-linux-x86_64, r-release-osx-x86_64-mavericks, r-release-windows-ix86+x86_64, r-oldrel-windows-ix86+x86_64