CRAN Package Check Results for Package CALIBERrfimpute

Last updated on 2018-02-25 11:47:51 CET.

Flavor Version Tinstall Tcheck Ttotal Status Flags
r-devel-linux-x86_64-debian-clang 0.1-6 3.76 151.42 155.18 NOTE
r-devel-linux-x86_64-debian-gcc 0.1-6 3.77 111.40 115.17 NOTE
r-devel-linux-x86_64-fedora-clang 0.1-6 183.38 NOTE
r-devel-linux-x86_64-fedora-gcc 0.1-6 191.08 NOTE
r-devel-windows-ix86+x86_64 0.1-6 12.00 206.00 218.00 NOTE
r-patched-linux-x86_64 0.1-6 4.08 96.06 100.14 NOTE
r-patched-solaris-x86 0.1-6 242.90 NOTE
r-release-linux-x86_64 0.1-6 3.98 95.71 99.69 NOTE
r-release-windows-ix86+x86_64 0.1-6 11.00 208.00 219.00 NOTE
r-release-osx-x86_64 0.1-6 NOTE
r-oldrel-windows-ix86+x86_64 0.1-6 7.00 160.00 167.00 NOTE
r-oldrel-osx-x86_64 0.1-6 NOTE

Check Details

Version: 0.1-6
Check: R code for possible problems
Result: NOTE
    makemar : predictions: no visible global function definition for
     ‘rbinom’
    mice.impute.rfcat : <anonymous>: no visible global function definition
     for ‘predict’
    mice.impute.rfcont: no visible global function definition for ‘predict’
    mice.impute.rfcont: no visible global function definition for ‘rnorm’
    simdata: no visible global function definition for ‘rbinom’
    simdata: no visible global function definition for ‘rnorm’
    Undefined global functions or variables:
     predict rbinom rnorm
    Consider adding
     importFrom("stats", "predict", "rbinom", "rnorm")
    to your NAMESPACE file.
Flavors: r-devel-linux-x86_64-debian-clang, r-devel-linux-x86_64-debian-gcc, r-devel-linux-x86_64-fedora-clang, r-devel-linux-x86_64-fedora-gcc, r-devel-windows-ix86+x86_64, r-patched-linux-x86_64, r-patched-solaris-x86, r-release-linux-x86_64, r-release-windows-ix86+x86_64, r-release-osx-x86_64, r-oldrel-windows-ix86+x86_64, r-oldrel-osx-x86_64