CRAN Package Check Results for Package CALIBERrfimpute

Last updated on 2018-05-23 23:48:11 CEST.

Flavor Version Tinstall Tcheck Ttotal Status Flags
r-devel-linux-x86_64-debian-clang 0.1-6 5.92 161.72 167.64 NOTE
r-devel-linux-x86_64-debian-gcc 0.1-6 4.05 118.50 122.55 NOTE
r-devel-linux-x86_64-fedora-clang 0.1-6 199.31 NOTE
r-devel-linux-x86_64-fedora-gcc 0.1-6 206.86 NOTE
r-devel-windows-ix86+x86_64 0.1-6 10.00 216.00 226.00 NOTE
r-patched-linux-x86_64 0.1-6 3.56 143.50 147.06 NOTE
r-patched-solaris-x86 0.1-6 248.70 NOTE
r-release-linux-x86_64 0.1-6 4.25 142.59 146.84 NOTE
r-release-windows-ix86+x86_64 0.1-6 13.00 207.00 220.00 NOTE
r-release-osx-x86_64 0.1-6 NOTE
r-oldrel-windows-ix86+x86_64 0.1-6 10.00 215.00 225.00 NOTE
r-oldrel-osx-x86_64 0.1-6 NOTE

Check Details

Version: 0.1-6
Check: R code for possible problems
Result: NOTE
    makemar : predictions: no visible global function definition for
     ‘rbinom’
    mice.impute.rfcat : <anonymous>: no visible global function definition
     for ‘predict’
    mice.impute.rfcont: no visible global function definition for ‘predict’
    mice.impute.rfcont: no visible global function definition for ‘rnorm’
    simdata: no visible global function definition for ‘rbinom’
    simdata: no visible global function definition for ‘rnorm’
    Undefined global functions or variables:
     predict rbinom rnorm
    Consider adding
     importFrom("stats", "predict", "rbinom", "rnorm")
    to your NAMESPACE file.
Flavors: r-devel-linux-x86_64-debian-clang, r-devel-linux-x86_64-debian-gcc, r-devel-linux-x86_64-fedora-clang, r-devel-linux-x86_64-fedora-gcc, r-devel-windows-ix86+x86_64, r-patched-linux-x86_64, r-patched-solaris-x86, r-release-linux-x86_64, r-release-windows-ix86+x86_64, r-release-osx-x86_64, r-oldrel-windows-ix86+x86_64, r-oldrel-osx-x86_64