CRAN Package Check Results for Package CAMAN

Last updated on 2019-05-27 13:48:53 CEST.

Flavor Version Tinstall Tcheck Ttotal Status Flags
r-devel-linux-x86_64-debian-clang 0.74 21.05 50.60 71.65 OK
r-devel-linux-x86_64-debian-gcc 0.74 17.48 39.78 57.26 OK
r-devel-linux-x86_64-fedora-clang 0.74 95.20 NOTE
r-devel-linux-x86_64-fedora-gcc 0.74 91.88 NOTE
r-devel-windows-ix86+x86_64 0.74 33.00 127.00 160.00 OK
r-patched-linux-x86_64 0.74 OK
r-patched-solaris-x86 0.74 115.30 OK
r-release-linux-x86_64 0.74 21.92 50.48 72.40 OK
r-release-windows-ix86+x86_64 0.74 41.00 98.00 139.00 OK
r-release-osx-x86_64 0.74 OK
r-oldrel-windows-ix86+x86_64 0.74 31.00 101.00 132.00 OK
r-oldrel-osx-x86_64 0.74 OK

Check Details

Version: 0.74
Check: compiled code
Result: NOTE
    File ‘CAMAN/libs/CAMAN.so’:
     Found no calls to: ‘R_registerRoutines’, ‘R_useDynamicSymbols’
    
    It is good practice to register native routines and to disable symbol
    search.
    
    See ‘Writing portable packages’ in the ‘Writing R Extensions’ manual.
Flavors: r-devel-linux-x86_64-fedora-clang, r-devel-linux-x86_64-fedora-gcc