CRAN Package Check Results for Package CARBayes

Last updated on 2014-11-23 01:48:00.

Flavor Version Tinstall Tcheck Ttotal Status Flags
r-devel-linux-x86_64-debian-clang 3.0 9.68 65.81 75.48 NOTE
r-devel-linux-x86_64-debian-gcc 3.0 11.28 60.21 71.49 NOTE
r-devel-linux-x86_64-fedora-clang 3.0 154.17 NOTE
r-devel-linux-x86_64-fedora-gcc 3.0 142.36 NOTE
r-devel-osx-x86_64-clang 3.0 130.67 NOTE
r-devel-windows-ix86+x86_64 3.0 34.00 108.00 142.00 NOTE
r-patched-linux-x86_64 3.0 11.82 65.99 77.81 NOTE
r-patched-solaris-sparc 3.0 859.70 NOTE
r-patched-solaris-x86 3.0 168.50 NOTE
r-release-linux-ix86 3.0 14.62 88.36 102.98 NOTE
r-release-linux-x86_64 3.0 11.52 65.72 77.24 NOTE
r-release-osx-x86_64-mavericks 3.0 NOTE
r-release-osx-x86_64-snowleopard 3.0 NOTE
r-release-windows-ix86+x86_64 3.0 46.00 126.00 172.00 NOTE
r-oldrel-windows-ix86+x86_64 3.0 36.00 128.00 164.00 NOTE

Check Details

Version: 3.0
Check: installed package size
Result: NOTE
     installed size is 5.6Mb
     sub-directories of 1Mb or more:
     data 3.6Mb
     doc 1.1Mb
Flavors: r-devel-linux-x86_64-debian-clang, r-devel-linux-x86_64-debian-gcc, r-devel-linux-x86_64-fedora-clang, r-devel-linux-x86_64-fedora-gcc, r-devel-osx-x86_64-clang, r-devel-windows-ix86+x86_64, r-patched-linux-x86_64, r-patched-solaris-sparc, r-patched-solaris-x86, r-release-linux-ix86, r-release-linux-x86_64, r-release-osx-x86_64-mavericks, r-release-osx-x86_64-snowleopard, r-release-windows-ix86+x86_64, r-oldrel-windows-ix86+x86_64

Version: 3.0
Check: R code for possible problems
Result: NOTE
    combine.data.shapefile: no visible global function definition for
     ‘Polygon’
    combine.data.shapefile: no visible global function definition for
     ‘Polygons’
    combine.data.shapefile: no visible global function definition for
     ‘SpatialPolygons’
    combine.data.shapefile: no visible global function definition for
     ‘SpatialPolygonsDataFrame’
    highlight.borders: no visible global function definition for
     ‘SpatialPoints’
Flavors: r-devel-linux-x86_64-debian-clang, r-devel-linux-x86_64-debian-gcc, r-devel-linux-x86_64-fedora-clang, r-devel-linux-x86_64-fedora-gcc, r-devel-osx-x86_64-clang, r-devel-windows-ix86+x86_64, r-patched-linux-x86_64, r-patched-solaris-sparc, r-patched-solaris-x86, r-release-linux-ix86, r-release-linux-x86_64, r-release-windows-ix86+x86_64