CRAN Package Check Results for Package CARBayes

Last updated on 2017-04-27 10:48:12.

Flavor Version Tinstall Tcheck Ttotal Status Flags
r-devel-linux-x86_64-debian-clang 4.7 19.91 77.13 97.04 NOTE
r-devel-linux-x86_64-debian-gcc 4.7 19.04 75.86 94.90 NOTE
r-devel-linux-x86_64-fedora-clang 4.7 201.13 NOTE --no-stop-on-test-error
r-devel-linux-x86_64-fedora-gcc 4.7 192.37 NOTE --no-stop-on-test-error
r-devel-windows-ix86+x86_64 4.7 51.00 153.00 204.00 OK
r-patched-linux-x86_64 4.7 18.07 75.80 93.87 NOTE
r-patched-solaris-sparc 4.7 1113.70 OK
r-patched-solaris-x86 4.7 243.00 OK
r-release-linux-x86_64 4.7 18.18 75.78 93.95 NOTE
r-release-windows-ix86+x86_64 4.7 44.00 149.00 193.00 OK
r-release-osx-x86_64 4.7 OK
r-oldrel-windows-ix86+x86_64 4.7 50.00 147.00 197.00 OK
r-oldrel-osx-x86_64 4.7 OK

Check Details

Version: 4.7
Check: compiled code
Result: NOTE
    File ‘CARBayes/libs/CARBayes.so’:
     Found no calls to: ‘R_registerRoutines’, ‘R_useDynamicSymbols’
    
    It is good practice to register native routines and to disable symbol
    search.
    
    See ‘Writing portable packages’ in the ‘Writing R Extensions’ manual.
Flavors: r-devel-linux-x86_64-debian-clang, r-devel-linux-x86_64-debian-gcc, r-patched-linux-x86_64, r-release-linux-x86_64

Version: 4.7
Flags: --no-stop-on-test-error
Check: compiled code
Result: NOTE
    File ‘CARBayes/libs/CARBayes.so’:
     Found no calls to: ‘R_registerRoutines’, ‘R_useDynamicSymbols’
    
    It is good practice to register native routines and to disable symbol
    search.
    
    See ‘Writing portable packages’ in the ‘Writing R Extensions’ manual.
Flavors: r-devel-linux-x86_64-fedora-clang, r-devel-linux-x86_64-fedora-gcc