CRAN Package Check Results for Package CARBayes

Last updated on 2014-09-16 01:48:07.

Flavor Version Tinstall Tcheck Ttotal Status Flags
r-devel-linux-x86_64-debian-clang 3.0 9.22 63.09 72.30 NOTE
r-devel-linux-x86_64-debian-gcc 3.0 11.07 63.98 75.05 NOTE
r-devel-linux-x86_64-fedora-clang 3.0 148.53 NOTE
r-devel-linux-x86_64-fedora-gcc 3.0 138.92 NOTE
r-devel-osx-x86_64-clang 3.0 115.31 NOTE
r-devel-windows-ix86+x86_64 3.0 38.00 101.00 139.00 NOTE
r-patched-linux-x86_64 3.0 11.34 66.38 77.73 NOTE
r-patched-solaris-sparc 3.0 864.20 NOTE
r-patched-solaris-x86 3.0 178.80 NOTE
r-release-linux-ix86 3.0 14.95 92.15 107.10 NOTE
r-release-linux-x86_64 3.0 11.40 71.61 83.01 NOTE
r-release-osx-x86_64-mavericks 3.0 NOTE
r-release-osx-x86_64-snowleopard 3.0 NOTE
r-release-windows-ix86+x86_64 3.0 34.00 126.00 160.00 NOTE
r-oldrel-windows-ix86+x86_64 3.0 34.00 127.00 161.00 NOTE

Check Details

Version: 3.0
Check: installed package size
Result: NOTE
     installed size is 5.6Mb
     sub-directories of 1Mb or more:
     data 3.6Mb
     doc 1.1Mb
Flavors: r-devel-linux-x86_64-debian-clang, r-devel-linux-x86_64-debian-gcc, r-devel-linux-x86_64-fedora-clang, r-devel-linux-x86_64-fedora-gcc, r-devel-osx-x86_64-clang, r-devel-windows-ix86+x86_64, r-patched-linux-x86_64, r-patched-solaris-sparc, r-patched-solaris-x86, r-release-linux-ix86, r-release-linux-x86_64, r-release-osx-x86_64-mavericks, r-release-osx-x86_64-snowleopard, r-release-windows-ix86+x86_64, r-oldrel-windows-ix86+x86_64

Version: 3.0
Check: R code for possible problems
Result: NOTE
    combine.data.shapefile: no visible global function definition for
     ‘Polygon’
    combine.data.shapefile: no visible global function definition for
     ‘Polygons’
    combine.data.shapefile: no visible global function definition for
     ‘SpatialPolygons’
    combine.data.shapefile: no visible global function definition for
     ‘SpatialPolygonsDataFrame’
    highlight.borders: no visible global function definition for
     ‘SpatialPoints’
Flavors: r-devel-linux-x86_64-debian-clang, r-devel-linux-x86_64-debian-gcc, r-devel-linux-x86_64-fedora-clang, r-devel-linux-x86_64-fedora-gcc, r-devel-osx-x86_64-clang, r-devel-windows-ix86+x86_64