CRAN Package Check Results for Package CARBayes

Last updated on 2015-04-01 16:51:58.

Flavor Version Tinstall Tcheck Ttotal Status Flags
r-devel-linux-x86_64-debian-clang 4.0 8.05 71.02 79.07 NOTE
r-devel-linux-x86_64-debian-gcc 4.0 9.71 70.66 80.36 NOTE
r-devel-linux-x86_64-fedora-clang 4.1 81.38 OK
r-devel-linux-x86_64-fedora-gcc 4.1 77.08 OK
r-devel-osx-x86_64-clang 4.1 83.07 OK
r-prerel-windows-ix86+x86_64 4.1 32.00 136.00 168.00 OK
r-prerel-linux-x86_64 4.0 8.80 69.15 77.95 NOTE
r-prerel-solaris-sparc 4.1 815.70 OK
r-prerel-solaris-x86 ERROR
r-release-linux-x86_64 4.0 10.78 85.90 96.69 OK
r-release-osx-x86_64-mavericks 4.0 OK
r-release-osx-x86_64-snowleopard 4.0 OK
r-release-windows-ix86+x86_64 4.0 35.00 158.00 193.00 OK
r-oldrel-windows-ix86+x86_64 4.1 36.00 183.00 219.00 OK

Check Details

Version: 4.0
Check: S3 generic/method consistency
Result: NOTE
    Found the following apparent S3 methods exported but not registered:
     print.carbayes
    See section ‘Registering S3 methods’ in the ‘Writing R Extensions’
    manual.
Flavors: r-devel-linux-x86_64-debian-clang, r-devel-linux-x86_64-debian-gcc, r-prerel-linux-x86_64

Version: 4.1
Check: whether package can be installed
Result: ERROR
    Installation failed.
Flavor: r-prerel-solaris-x86