CRAN Package Check Results for Package CARBayes

Last updated on 2015-01-26 03:52:18.

Flavor Version Tinstall Tcheck Ttotal Status Flags
r-devel-linux-x86_64-debian-clang 4.0 8.39 77.58 85.97 OK
r-devel-linux-x86_64-debian-gcc 4.0 9.39 77.98 87.37 OK
r-devel-linux-x86_64-fedora-clang 4.0 189.75 NOTE
r-devel-linux-x86_64-fedora-gcc 4.0 184.05 NOTE
r-devel-osx-x86_64-clang 4.0 172.03 NOTE
r-devel-windows-ix86+x86_64 4.0 40.00 131.00 171.00 OK
r-patched-linux-x86_64 4.0 9.88 85.59 95.47 OK
r-patched-solaris-sparc 4.0 1144.40 OK
r-patched-solaris-x86 4.0 217.50 OK
r-release-linux-ix86 4.0 11.81 109.65 121.46 OK
r-release-linux-x86_64 4.0 9.63 86.18 95.81 OK
r-release-osx-x86_64-mavericks 4.0 OK
r-release-osx-x86_64-snowleopard 4.0 OK
r-release-windows-ix86+x86_64 4.0 30.00 153.00 183.00 OK
r-oldrel-windows-ix86+x86_64 4.0 31.00 159.00 190.00 OK

Check Details

Version: 4.0
Check: S3 generic/method consistency
Result: NOTE
    Found the following apparent S3 methods exported but not registered:
     print.carbayes
    See section ‘Registering S3 methods’ in the ‘Writing R Extensions’
    manual.
Flavors: r-devel-linux-x86_64-fedora-clang, r-devel-linux-x86_64-fedora-gcc, r-devel-osx-x86_64-clang