CRAN Package Check Results for Package CARBayes

Last updated on 2014-04-25 05:47:12.

Flavor Version Tinstall Tcheck Ttotal Status Flags
r-devel-linux-x86_64-debian-clang 3.0 9.04 65.24 74.28 NOTE
r-devel-linux-x86_64-debian-gcc 3.0 10.87 66.06 76.94 NOTE
r-devel-linux-x86_64-fedora-clang 3.0 158.23 NOTE
r-devel-linux-x86_64-fedora-gcc 3.0 155.29 NOTE
r-devel-osx-x86_64-clang 3.0 122.83 NOTE
r-devel-osx-x86_64-gcc 3.0 ERROR
r-devel-windows-ix86+x86_64 3.0 36.00 104.00 140.00 NOTE
r-patched-linux-x86_64 3.0 10.96 66.02 76.98 NOTE
r-patched-solaris-sparc 3.0 790.40 NOTE
r-patched-solaris-x86 3.0 166.40 NOTE
r-release-linux-ix86 3.0 17.00 115.00 132.00 NOTE
r-release-linux-x86_64 3.0 11.22 65.97 77.18 NOTE
r-release-osx-x86_64-mavericks 3.0 ERROR
r-release-osx-x86_64-snowleopard 3.0 NOTE
r-release-windows-ix86+x86_64 3.0 38.00 124.00 162.00 NOTE
r-oldrel-windows-ix86+x86_64 3.0 39.00 108.00 147.00 NOTE

Check Details

Version: 3.0
Check: installed package size
Result: NOTE
     installed size is 5.5Mb
     sub-directories of 1Mb or more:
     data 3.6Mb
     doc 1.1Mb
Flavors: r-devel-linux-x86_64-debian-clang, r-devel-linux-x86_64-debian-gcc, r-devel-linux-x86_64-fedora-clang, r-devel-linux-x86_64-fedora-gcc, r-devel-osx-x86_64-clang, r-devel-windows-ix86+x86_64, r-patched-linux-x86_64, r-patched-solaris-sparc, r-patched-solaris-x86, r-release-linux-ix86, r-release-linux-x86_64, r-release-osx-x86_64-mavericks, r-release-osx-x86_64-snowleopard, r-release-windows-ix86+x86_64, r-oldrel-windows-ix86+x86_64

Version: 3.0
Check: package dependencies
Result: ERROR
    Package required but not available: ‘spam’
    
    Packages suggested but not available for checking: ‘maptools’ ‘spdep’
    
    See the information on DESCRIPTION files in the chapter ‘Creating R
    packages’ of the ‘Writing R Extensions’ manual.
Flavor: r-devel-osx-x86_64-gcc

Version: 3.0
Check: package dependencies
Result: NOTE
    Packages suggested but not available for checking: ‘maptools’ ‘spdep’
Flavor: r-release-osx-x86_64-mavericks

Version: 3.0
Check: examples
Result: ERROR
    Running examples in ‘CARBayes-Ex.R’ failed
    The error most likely occurred in:
    
    > ### Name: CARBayes-package
    > ### Title: Spatial areal unit modelling
    > ### Aliases: CARBayes-package CARBayes
    >
    > ### ** Examples
    >
    > ################################################################
    > #### Load the libraries required to do an extended analysis
    > ################################################################
    > library(foreign)
    > library(shapefiles)
    
    Attaching package: ‘shapefiles’
    
    The following objects are masked from ‘package:foreign’:
    
     read.dbf, write.dbf
    
    > library(sp)
    > library(boot)
    > library(Matrix)
    > library(nlme)
    > library(maptools)
    Error in library(maptools) : there is no package called ‘maptools’
    Execution halted
Flavor: r-release-osx-x86_64-mavericks