CRAN Package Check Results for Package CARBayes

Last updated on 2014-10-21 12:49:03.

Flavor Version Tinstall Tcheck Ttotal Status Flags
r-devel-linux-x86_64-debian-clang 3.0 12.42 63.04 75.46 NOTE
r-devel-linux-x86_64-debian-gcc 3.0 11.30 62.44 73.74 NOTE
r-devel-linux-x86_64-fedora-clang 3.0 153.10 NOTE
r-devel-linux-x86_64-fedora-gcc 3.0 142.26 NOTE
r-devel-osx-x86_64-clang 3.0 124.08 NOTE
r-devel-windows-ix86+x86_64 3.0 36.00 101.00 137.00 NOTE
r-patched-linux-x86_64 3.0 11.48 69.08 80.56 NOTE
r-patched-solaris-sparc 3.0 859.70 NOTE
r-patched-solaris-x86 3.0 167.40 NOTE
r-release-linux-ix86 3.0 14.87 91.28 106.16 NOTE
r-release-linux-x86_64 3.0 11.40 70.72 82.12 NOTE
r-release-osx-x86_64-mavericks 3.0 NOTE
r-release-osx-x86_64-snowleopard 3.0 NOTE
r-release-windows-ix86+x86_64 3.0 38.00 125.00 163.00 NOTE
r-oldrel-windows-ix86+x86_64 3.0 40.00 119.00 159.00 NOTE

Check Details

Version: 3.0
Check: installed package size
Result: NOTE
     installed size is 5.6Mb
     sub-directories of 1Mb or more:
     data 3.6Mb
     doc 1.1Mb
Flavors: r-devel-linux-x86_64-debian-clang, r-devel-linux-x86_64-debian-gcc, r-devel-linux-x86_64-fedora-clang, r-devel-linux-x86_64-fedora-gcc, r-devel-osx-x86_64-clang, r-devel-windows-ix86+x86_64, r-patched-linux-x86_64, r-patched-solaris-sparc, r-patched-solaris-x86, r-release-linux-ix86, r-release-linux-x86_64, r-release-osx-x86_64-mavericks, r-release-osx-x86_64-snowleopard, r-release-windows-ix86+x86_64, r-oldrel-windows-ix86+x86_64

Version: 3.0
Check: R code for possible problems
Result: NOTE
    combine.data.shapefile: no visible global function definition for
     ‘Polygon’
    combine.data.shapefile: no visible global function definition for
     ‘Polygons’
    combine.data.shapefile: no visible global function definition for
     ‘SpatialPolygons’
    combine.data.shapefile: no visible global function definition for
     ‘SpatialPolygonsDataFrame’
    highlight.borders: no visible global function definition for
     ‘SpatialPoints’
Flavors: r-devel-linux-x86_64-debian-clang, r-devel-linux-x86_64-debian-gcc, r-devel-linux-x86_64-fedora-clang, r-devel-linux-x86_64-fedora-gcc, r-devel-osx-x86_64-clang, r-devel-windows-ix86+x86_64, r-patched-linux-x86_64, r-patched-solaris-sparc, r-patched-solaris-x86