CRAN Package Check Results for Package CARBayes

Last updated on 2017-01-16 17:49:02.

Flavor Version Tinstall Tcheck Ttotal Status Flags
r-devel-linux-x86_64-debian-clang 4.6 13.14 82.69 95.83 OK
r-devel-linux-x86_64-debian-gcc 4.6 14.19 85.08 99.27 OK
r-devel-linux-x86_64-fedora-clang 4.6 193.16 OK --no-stop-on-test-error
r-devel-linux-x86_64-fedora-gcc 4.6 194.38 NOTE --no-stop-on-test-error
r-devel-macos-x86_64-clang 4.6 144.48 OK --no-stop-on-test-error
r-devel-windows-ix86+x86_64 4.6 62.00 172.00 234.00 OK
r-patched-linux-x86_64 4.6 12.80 79.90 92.71 OK
r-patched-solaris-sparc 4.6 1060.00 OK
r-patched-solaris-x86 4.6 208.50 OK
r-release-linux-x86_64 4.6 12.59 79.25 91.83 OK
r-release-osx-x86_64-mavericks 4.6 OK
r-release-windows-ix86+x86_64 4.6 58.00 213.00 271.00 OK
r-oldrel-windows-ix86+x86_64 4.6 41.00 192.00 233.00 OK

Check Details

Version: 4.6
Flags: --no-stop-on-test-error
Check: compiled code
Result: NOTE
    File ‘CARBayes/libs/CARBayes.so’:
     Found no calls to: ‘R_registerRoutines’, ‘R_useDynamicSymbols’
    
    It is good practice to use registered native symbols and disable symbol
    search.
    
    See ‘Writing portable packages’ in the ‘Writing R Extensions’ manual.
Flavor: r-devel-linux-x86_64-fedora-gcc