CRAN Package Check Results for Package CARBayes

Last updated on 2014-07-29 13:46:54.

Flavor Version Tinstall Tcheck Ttotal Status Flags
r-devel-linux-x86_64-debian-clang 3.0 8.61 64.80 73.41 NOTE
r-devel-linux-x86_64-debian-gcc 3.0 10.83 65.36 76.19 NOTE
r-devel-linux-x86_64-fedora-clang 3.0 156.97 NOTE
r-devel-linux-x86_64-fedora-gcc 3.0 153.71 NOTE
r-devel-osx-x86_64-clang 3.0 122.34 NOTE
r-devel-windows-ix86+x86_64 3.0 38.00 116.00 154.00 NOTE
r-patched-linux-x86_64 3.0 11.07 61.71 72.78 NOTE
r-patched-solaris-sparc 3.0 790.40 NOTE
r-patched-solaris-x86 3.0 175.70 NOTE
r-release-linux-ix86 3.0 14.05 86.24 100.30 NOTE
r-release-linux-x86_64 3.0 10.96 62.60 73.55 NOTE
r-release-osx-x86_64-mavericks 3.0 NOTE
r-release-osx-x86_64-snowleopard 3.0 NOTE
r-release-windows-ix86+x86_64 3.0 35.00 111.00 146.00 NOTE
r-oldrel-windows-ix86+x86_64 3.0 37.00 122.00 159.00 NOTE

Check Details

Version: 3.0
Check: installed package size
Result: NOTE
     installed size is 5.5Mb
     sub-directories of 1Mb or more:
     data 3.6Mb
     doc 1.1Mb
Flavors: r-devel-linux-x86_64-debian-clang, r-devel-linux-x86_64-debian-gcc, r-devel-linux-x86_64-fedora-clang, r-devel-linux-x86_64-fedora-gcc, r-devel-osx-x86_64-clang, r-devel-windows-ix86+x86_64, r-patched-linux-x86_64, r-patched-solaris-sparc, r-patched-solaris-x86, r-release-linux-ix86, r-release-linux-x86_64, r-release-osx-x86_64-mavericks, r-release-osx-x86_64-snowleopard, r-release-windows-ix86+x86_64, r-oldrel-windows-ix86+x86_64