CRAN Package Check Results for Package CARBayes

Last updated on 2017-02-28 12:49:07.

Flavor Version Tinstall Tcheck Ttotal Status Flags
r-devel-linux-x86_64-debian-clang 4.7 19.14 75.58 94.72 NOTE
r-devel-linux-x86_64-debian-gcc 4.7 19.49 78.50 97.99 NOTE
r-devel-linux-x86_64-fedora-clang 4.7 228.57 NOTE --no-stop-on-test-error
r-devel-linux-x86_64-fedora-gcc 4.7 217.59 NOTE --no-stop-on-test-error
r-devel-macos-x86_64-clang 4.7 145.17 NOTE --no-stop-on-test-error
r-devel-windows-ix86+x86_64 4.7 76.00 225.00 301.00 OK
r-patched-linux-x86_64 4.7 17.53 70.91 88.44 OK
r-patched-solaris-sparc 4.7 997.70 OK
r-patched-solaris-x86 4.7 190.10 OK
r-release-linux-x86_64 4.7 17.18 71.92 89.10 OK
r-release-osx-x86_64-mavericks 4.7 OK
r-release-windows-ix86+x86_64 4.7 68.00 207.00 275.00 OK
r-oldrel-windows-ix86+x86_64 4.7 73.00 232.00 305.00 OK

Check Details

Version: 4.7
Check: compiled code
Result: NOTE
    File ‘CARBayes/libs/CARBayes.so’:
     Found no calls to: ‘R_registerRoutines’, ‘R_useDynamicSymbols’
    
    It is good practice to register native routines and to disable symbol
    search.
    
    See ‘Writing portable packages’ in the ‘Writing R Extensions’ manual.
Flavors: r-devel-linux-x86_64-debian-clang, r-devel-linux-x86_64-debian-gcc

Version: 4.7
Flags: --no-stop-on-test-error
Check: compiled code
Result: NOTE
    File ‘CARBayes/libs/CARBayes.so’:
     Found no calls to: ‘R_registerRoutines’, ‘R_useDynamicSymbols’
    
    It is good practice to register native routines and to disable symbol
    search.
    
    See ‘Writing portable packages’ in the ‘Writing R Extensions’ manual.
Flavors: r-devel-linux-x86_64-fedora-clang, r-devel-linux-x86_64-fedora-gcc, r-devel-macos-x86_64-clang