CRAN Package Check Results for Package CARBayes

Last updated on 2015-05-30 21:46:28.

Flavor Version Tinstall Tcheck Ttotal Status Flags
r-devel-linux-x86_64-debian-clang 4.1 8.29 67.34 75.63 OK
r-devel-linux-x86_64-debian-gcc 4.1 9.23 66.25 75.48 OK
r-devel-linux-x86_64-fedora-clang 4.1 152.74 OK
r-devel-linux-x86_64-fedora-gcc 4.1 144.56 OK
r-devel-osx-x86_64-clang 4.1 139.47 OK
r-devel-windows-ix86+x86_64 4.1 30.00 114.00 144.00 OK
r-patched-linux-x86_64 4.1 9.48 66.90 76.38 OK
r-patched-solaris-sparc 4.1 923.00 OK
r-patched-solaris-x86 4.1 171.40 OK
r-release-linux-x86_64 4.1 9.10 66.90 76.00 OK
r-release-osx-x86_64-mavericks 4.1 OK
r-release-osx-x86_64-snowleopard 4.1 ERROR
r-release-windows-ix86+x86_64 4.1 30.00 111.00 141.00 OK
r-oldrel-windows-ix86+x86_64 4.1 33.00 138.00 171.00 OK

Check Details

Version: 4.1
Check: package dependencies
Result: ERROR
    Package required but not available: ‘spam’
    
    Package suggested but not available for checking: ‘spdep’
    
    See section ‘The DESCRIPTION file’ in the ‘Writing R Extensions’
    manual.
Flavor: r-release-osx-x86_64-snowleopard