CRAN Package Check Results for Package CARBayes

Last updated on 2016-07-25 05:48:32.

Flavor Version Tinstall Tcheck Ttotal Status Flags
r-devel-linux-x86_64-debian-clang 4.6 16.63 92.86 109.49 OK
r-devel-linux-x86_64-debian-gcc 4.6 19.33 92.89 112.22 OK
r-devel-linux-x86_64-fedora-clang 4.6 220.62 OK
r-devel-linux-x86_64-fedora-gcc 4.6 180.93 OK
r-devel-osx-x86_64-clang 4.6 143.03 OK
r-devel-windows-ix86+x86_64 4.6 53.00 175.00 228.00 OK
r-patched-linux-x86_64 4.6 14.28 90.53 104.81 OK
r-patched-solaris-sparc 4.6 1050.70 NOTE
r-patched-solaris-x86 4.6 201.80 OK
r-release-linux-x86_64 4.6 15.35 91.23 106.58 OK
r-release-osx-x86_64-mavericks 4.6 OK
r-release-windows-ix86+x86_64 4.6 44.00 171.00 215.00 OK
r-oldrel-windows-ix86+x86_64 4.6 53.00 197.00 250.00 OK

Check Details

Version: 4.6
Check: installed package size
Result: NOTE
     installed size is 5.9Mb
     sub-directories of 1Mb or more:
     libs 5.0Mb
Flavor: r-patched-solaris-sparc