CRAN Package Check Results for Package CARME

Last updated on 2024-02-25 18:51:19 CET.

Flavor Version Tinstall Tcheck Ttotal Status Flags
r-devel-linux-x86_64-debian-clang 0.1.1 168.49 167.93 336.42 NOTE
r-devel-linux-x86_64-debian-gcc 0.1.1 150.30 131.27 281.57 NOTE
r-devel-linux-x86_64-fedora-clang 0.1.1 421.51 NOTE
r-devel-linux-x86_64-fedora-gcc 0.1.1 493.90 NOTE
r-devel-windows-x86_64 0.1.1 135.00 152.00 287.00 NOTE
r-patched-linux-x86_64 0.1.1 149.10 175.29 324.39 NOTE
r-release-linux-x86_64 0.1.1 175.10 174.64 349.74 NOTE
r-release-macos-arm64 0.1.1 99.00 NOTE
r-release-macos-x86_64 0.1.1 171.00 NOTE
r-release-windows-x86_64 0.1.1 171.00 184.00 355.00 NOTE
r-oldrel-macos-arm64 0.1.1 92.00 NOTE
r-oldrel-windows-x86_64 0.1.1 160.00 177.00 337.00 NOTE

Check Details

Version: 0.1.1
Check: for GNU extensions in Makefiles
Result: NOTE GNU make is a SystemRequirements. Flavors: r-devel-linux-x86_64-debian-clang, r-devel-linux-x86_64-debian-gcc, r-devel-linux-x86_64-fedora-clang, r-devel-linux-x86_64-fedora-gcc, r-devel-windows-x86_64, r-patched-linux-x86_64, r-release-linux-x86_64, r-release-macos-arm64, r-release-macos-x86_64, r-release-windows-x86_64, r-oldrel-macos-arm64, r-oldrel-windows-x86_64

Version: 0.1.1
Check: dependencies in R code
Result: NOTE Namespace in Imports field not imported from: ‘rstantools’ All declared Imports should be used. Flavors: r-devel-linux-x86_64-fedora-clang, r-devel-linux-x86_64-fedora-gcc

Version: 0.1.1
Check: installed package size
Result: NOTE installed size is 38.3Mb sub-directories of 1Mb or more: libs 38.0Mb Flavors: r-release-macos-arm64, r-release-macos-x86_64, r-oldrel-macos-arm64