CRAN Package Check Results for Package CARramps

Last updated on 2015-08-30 15:46:37.

Flavor Version Tinstall Tcheck Ttotal Status Flags
r-devel-linux-x86_64-debian-clang 0.1.2 0.66 10.69 11.35 WARN --install=fake
r-devel-linux-x86_64-debian-gcc 0.1.2 0.64 11.12 11.76 WARN --install=fake
r-devel-linux-x86_64-fedora-clang 0.1.2 20.10 WARN --install=fake
r-devel-linux-x86_64-fedora-gcc 0.1.2 18.55 WARN --install=fake
r-patched-linux-x86_64 0.1.2 0.71 11.08 11.80 WARN --install=fake
r-release-linux-x86_64 0.1.2 0.76 11.35 12.11 WARN --install=fake
r-release-osx-x86_64-mavericks 0.1.2 ERROR

Check Details

Version: 0.1.2
Flags: --install=fake
Check: R code for possible problems
Result: NOTE
    NB: .First.lib is obsolete and will not be used in R >= 3.0.0
    
    CARramps.fit: no visible global function definition for ‘coefficients’
    CARramps.fit: no visible global function definition for ‘lm’
    CARramps.fit: no visible global function definition for ‘runif’
    CARramps.fit: no visible global function definition for ‘write.table’
    CARramps.fit: no visible global function definition for ‘rgamma’
    CARramps.fit: no visible global function definition for ‘rnorm’
    multivspost2blogandtausqtot : genst: no visible global function
     definition for ‘rgamma’
    optimizelogpost: no visible global function definition for ‘optim’
    optimizelogpost: no visible global function definition for ‘optimize’
    plot2D: no visible global function definition for ‘par’
    plot2D: no visible global function definition for ‘image’
    plot2D: no visible global function definition for ‘terrain.colors’
    rdirichlet: no visible global function definition for ‘rgamma’
    Undefined global functions or variables:
     coefficients image lm optim optimize par rgamma rnorm runif
     terrain.colors write.table
    Consider adding
     importFrom("grDevices", "terrain.colors")
     importFrom("graphics", "image", "par")
     importFrom("stats", "coefficients", "lm", "optim", "optimize",
     "rgamma", "rnorm", "runif")
     importFrom("utils", "write.table")
    to your NAMESPACE.
Flavors: r-devel-linux-x86_64-debian-clang, r-devel-linux-x86_64-debian-gcc, r-devel-linux-x86_64-fedora-clang, r-devel-linux-x86_64-fedora-gcc

Version: 0.1.2
Flags: --install=fake
Check: Rd files
Result: NOTE
    prepare_Rd: CARramps-package.Rd:75-77: Dropping empty section \seealso
    prepare_Rd: CARramps.fit.Rd:112-114: Dropping empty section \details
    prepare_Rd: CARramps.fit.Rd:140-142: Dropping empty section \note
    prepare_Rd: CARramps.fit.Rd:134-136: Dropping empty section \references
    prepare_Rd: CARramps.fit.Rd:146-148: Dropping empty section \seealso
    prepare_Rd: combo1colFromC1QD.Rd:33-35: Dropping empty section \details
    prepare_Rd: combo1colFromC1QD.Rd:50-52: Dropping empty section \note
    prepare_Rd: combo1colFromC1QD.Rd:47-49: Dropping empty section \author
    prepare_Rd: combo1colFromC1QD.Rd:44-46: Dropping empty section \references
    prepare_Rd: combo1colFromC1QD.Rd:56-58: Dropping empty section \seealso
    prepare_Rd: combo1colFromC3QD.Rd:33-34: Dropping empty section \details
    prepare_Rd: combo1colFromC3QD.Rd:45-47: Dropping empty section \note
    prepare_Rd: combo1colFromC3QD.Rd:40-41: Dropping empty section \references
    prepare_Rd: combo1colFromC3QD.Rd:51-53: Dropping empty section \seealso
    prepare_Rd: combo1colFromCD.Rd:33-35: Dropping empty section \details
    prepare_Rd: combo1colFromCD.Rd:49-51: Dropping empty section \note
    prepare_Rd: combo1colFromCD.Rd:46-48: Dropping empty section \author
    prepare_Rd: combo1colFromCD.Rd:43-45: Dropping empty section \references
    prepare_Rd: combo1colFromCD.Rd:55-57: Dropping empty section \seealso
    prepare_Rd: eigenCAR1.Rd:20-22: Dropping empty section \details
    prepare_Rd: eigenCAR1.Rd:34-36: Dropping empty section \note
    prepare_Rd: eigenCAR1.Rd:40-42: Dropping empty section \seealso
    prepare_Rd: eigenRW1.Rd:17-19: Dropping empty section \details
    prepare_Rd: eigenRW1.Rd:30-32: Dropping empty section \note
    prepare_Rd: eigenRW1.Rd:36-38: Dropping empty section \seealso
    prepare_Rd: inprod.Rd:22-24: Dropping empty section \details
    prepare_Rd: inprod.Rd:37-39: Dropping empty section \note
    prepare_Rd: inprod.Rd:34-36: Dropping empty section \author
    prepare_Rd: inprod.Rd:31-33: Dropping empty section \references
    prepare_Rd: inprod.Rd:43-45: Dropping empty section \seealso
    prepare_Rd: kronVectMult1colFromC3Q_d.Rd:29-31: Dropping empty section \details
    prepare_Rd: kronVectMult1colFromC3Q_d.Rd:32-38: Dropping empty section \value
    prepare_Rd: kronVectMult1colFromC3Q_d.Rd:45-47: Dropping empty section \note
    prepare_Rd: kronVectMult1colFromC3Q_d.Rd:42-44: Dropping empty section \author
    prepare_Rd: kronVectMult1colFromC3Q_d.Rd:39-41: Dropping empty section \references
    prepare_Rd: kronVectMult1colFromC3Q_d.Rd:51-53: Dropping empty section \seealso
    prepare_Rd: kronVectMult1colFromC_d.Rd:28-30: Dropping empty section \details
    prepare_Rd: kronVectMult1colFromC_d.Rd:43-45: Dropping empty section \note
    prepare_Rd: kronVectMult1colFromC_d.Rd:40-42: Dropping empty section \author
    prepare_Rd: kronVectMult1colFromC_d.Rd:37-39: Dropping empty section \references
    prepare_Rd: kronVectMult1colFromC_d.Rd:49-51: Dropping empty section \seealso
    prepare_Rd: makeQ.Rd:23-25: Dropping empty section \details
    prepare_Rd: makeQ.Rd:40-42: Dropping empty section \note
    prepare_Rd: makeQ.Rd:34-36: Dropping empty section \references
    prepare_Rd: makeQ.Rd:46-48: Dropping empty section \seealso
    prepare_Rd: makeRW1Q.Rd:19-21: Dropping empty section \details
    prepare_Rd: makeRW1Q.Rd:36-38: Dropping empty section \note
    prepare_Rd: makeRW1Q.Rd:29-31: Dropping empty section \references
    prepare_Rd: makeRW1Q.Rd:42-44: Dropping empty section \seealso
    prepare_Rd: makeRW2Q.Rd:19-21: Dropping empty section \details
    prepare_Rd: makeRW2Q.Rd:36-38: Dropping empty section \note
    prepare_Rd: makeRW2Q.Rd:30-32: Dropping empty section \references
    prepare_Rd: multivspost2blog.Rd:37-39: Dropping empty section \details
    prepare_Rd: multivspost2blog.Rd:40-46: Dropping empty section \value
    prepare_Rd: multivspost2blog.Rd:54-56: Dropping empty section \note
    prepare_Rd: multivspost2blog.Rd:47-49: Dropping empty section \references
    prepare_Rd: multivspost2blog.Rd:60-62: Dropping empty section \seealso
    prepare_Rd: multivspost2blogandtausqtot.Rd:37-39: Dropping empty section \details
    prepare_Rd: multivspost2blogandtausqtot.Rd:40-46: Dropping empty section \value
    prepare_Rd: multivspost2blogandtausqtot.Rd:53-55: Dropping empty section \note
    prepare_Rd: multivspost2blogandtausqtot.Rd:47-49: Dropping empty section \references
    prepare_Rd: multivspost2blogandtausqtot.Rd:59-61: Dropping empty section \seealso
    prepare_Rd: optimizelogpost.Rd:37-39: Dropping empty section \details
    prepare_Rd: optimizelogpost.Rd:40-46: Dropping empty section \value
    prepare_Rd: optimizelogpost.Rd:53-55: Dropping empty section \note
    prepare_Rd: optimizelogpost.Rd:47-49: Dropping empty section \references
    prepare_Rd: optimizelogpost.Rd:59-61: Dropping empty section \seealso
    prepare_Rd: plot2D.Rd:23-25: Dropping empty section \details
    prepare_Rd: plot2D.Rd:41-43: Dropping empty section \note
    prepare_Rd: plot2D.Rd:35-37: Dropping empty section \references
    prepare_Rd: rdirichlet.Rd:22-24: Dropping empty section \details
    prepare_Rd: rdirichlet.Rd:38-40: Dropping empty section \note
    prepare_Rd: rdirichlet.Rd:32-34: Dropping empty section \references
    prepare_Rd: rdirichlet.Rd:44-46: Dropping empty section \seealso
    prepare_Rd: samplingFromCD.Rd:35-37: Dropping empty section \details
    prepare_Rd: samplingFromCD.Rd:38-44: Dropping empty section \value
    prepare_Rd: samplingFromCD.Rd:51-53: Dropping empty section \note
    prepare_Rd: samplingFromCD.Rd:48-50: Dropping empty section \author
    prepare_Rd: samplingFromCD.Rd:45-47: Dropping empty section \references
    prepare_Rd: samplingFromCD.Rd:57-59: Dropping empty section \seealso
Flavors: r-devel-linux-x86_64-debian-clang, r-devel-linux-x86_64-debian-gcc, r-devel-linux-x86_64-fedora-clang, r-devel-linux-x86_64-fedora-gcc, r-patched-linux-x86_64, r-release-linux-x86_64

Version: 0.1.2
Flags: --install=fake
Check: Rd line widths
Result: NOTE
    Rd file 'plot2D.Rd':
     \examples lines wider than 100 characters:
     image(1:l1, 1:l2, matrix(objname$phi$phimean,nrow=l1),col=terrain.colors(numcols),xlab='',ylab='', main="Estimated underlying truth" ) ... [TRUNCATED]
    
    These lines will be truncated in the PDF manual.
Flavors: r-devel-linux-x86_64-debian-clang, r-devel-linux-x86_64-debian-gcc, r-devel-linux-x86_64-fedora-clang, r-devel-linux-x86_64-fedora-gcc, r-patched-linux-x86_64, r-release-linux-x86_64

Version: 0.1.2
Flags: --install=fake
Check: for GNU extensions in Makefiles
Result: WARN
    Found the following file(s) containing GNU extensions:
     src/Makefile.in
    Portable Makefiles do not use GNU extensions such as +=, :=, $(shell),
    $(wildcard), ifeq ... endif. See section ‘Writing portable packages’ in
    the ‘Writing R Extensions’ manual.
Flavors: r-devel-linux-x86_64-debian-clang, r-devel-linux-x86_64-debian-gcc, r-devel-linux-x86_64-fedora-clang, r-devel-linux-x86_64-fedora-gcc, r-patched-linux-x86_64, r-release-linux-x86_64

Version: 0.1.2
Flags: --install=fake
Check: R code for possible problems
Result: NOTE
    NB: .First.lib is obsolete and will not be used in R >= 3.0.0
Flavors: r-patched-linux-x86_64, r-release-linux-x86_64

Version: 0.1.2
Check: whether package can be installed
Result: ERROR
    Installation failed.
Flavor: r-release-osx-x86_64-mavericks