CRAN Package Check Results for Package CARrampsOcl

Last updated on 2016-08-29 04:50:04.

Flavor Version Tinstall Tcheck Ttotal Status Flags
r-devel-linux-x86_64-debian-clang 0.1.4 2.38 21.24 23.63 NOTE --no-examples --no-tests --no-vignettes
r-devel-linux-x86_64-debian-gcc 0.1.4 2.21 20.58 22.78 NOTE --no-examples --no-tests --no-vignettes
r-devel-osx-x86_64-clang 0.1.4 43.82 NOTE
r-patched-linux-x86_64 0.1.4 2.17 20.09 22.26 NOTE --no-examples --no-tests --no-vignettes
r-release-linux-x86_64 0.1.4 2.31 21.24 23.55 NOTE --no-examples --no-tests --no-vignettes
r-release-osx-x86_64-mavericks 0.1.4 ERROR
r-release-windows-ix86+x86_64 0.1.4 1.00 4.00 5.00 ERROR

Check Details

Version: 0.1.4
Flags: --no-examples --no-tests --no-vignettes
Check: R code for possible problems
Result: NOTE
    CARrampsOcl.fit: no visible global function definition for
     ‘coefficients’
    CARrampsOcl.fit: no visible global function definition for ‘lm’
    CARrampsOcl.fit: no visible global function definition for ‘runif’
    CARrampsOcl.fit: no visible global function definition for
     ‘write.table’
    CARrampsOcl.fit: no visible global function definition for ‘rgamma’
    CARrampsOcl.fit: no visible global function definition for ‘rnorm’
    multivspost2blogandtausqtot : genst: no visible global function
     definition for ‘rgamma’
    optimizelogpost: no visible global function definition for ‘optim’
    optimizelogpost: no visible global function definition for ‘optimize’
    plot2Q: no visible global function definition for ‘terrain.colors’
    plot2Q: no visible global function definition for ‘par’
    plot3Q: no visible global function definition for ‘terrain.colors’
    plot3Q: no visible global function definition for ‘par’
    plot3Q: no visible global function definition for ‘dev.flush’
    plotCAR1: no visible global function definition for ‘terrain.colors’
    plotCAR1: no visible global function definition for ‘par’
    plotCAR1plus1Q: no visible global function definition for
     ‘terrain.colors’
    plotCAR1plus1Q: no visible global function definition for ‘par’
    plotCAR1plus1Q: no visible global function definition for ‘dev.flush’
    rdirichlet: no visible global function definition for ‘rgamma’
    Undefined global functions or variables:
     coefficients dev.flush lm optim optimize par rgamma rnorm runif
     terrain.colors write.table
    Consider adding
     importFrom("grDevices", "dev.flush", "terrain.colors")
     importFrom("graphics", "par")
     importFrom("stats", "coefficients", "lm", "optim", "optimize",
     "rgamma", "rnorm", "runif")
     importFrom("utils", "write.table")
    to your NAMESPACE file.
Flavors: r-devel-linux-x86_64-debian-clang, r-devel-linux-x86_64-debian-gcc, r-patched-linux-x86_64, r-release-linux-x86_64

Version: 0.1.4
Check: R code for possible problems
Result: NOTE
    CARrampsOcl.fit: no visible global function definition for
     ‘coefficients’
    CARrampsOcl.fit: no visible global function definition for ‘lm’
    CARrampsOcl.fit: no visible global function definition for ‘runif’
    CARrampsOcl.fit: no visible global function definition for
     ‘write.table’
    CARrampsOcl.fit: no visible global function definition for ‘rgamma’
    CARrampsOcl.fit: no visible global function definition for ‘rnorm’
    multivspost2blogandtausqtot : genst: no visible global function
     definition for ‘rgamma’
    optimizelogpost: no visible global function definition for ‘optim’
    optimizelogpost: no visible global function definition for ‘optimize’
    plot2Q: no visible global function definition for ‘terrain.colors’
    plot2Q: no visible global function definition for ‘par’
    plot3Q: no visible global function definition for ‘terrain.colors’
    plot3Q: no visible global function definition for ‘par’
    plot3Q: no visible global function definition for ‘dev.flush’
    plotCAR1: no visible global function definition for ‘terrain.colors’
    plotCAR1: no visible global function definition for ‘par’
    plotCAR1plus1Q: no visible global function definition for
     ‘terrain.colors’
    plotCAR1plus1Q: no visible global function definition for ‘par’
    plotCAR1plus1Q: no visible global function definition for ‘dev.flush’
    rdirichlet: no visible global function definition for ‘rgamma’
    Undefined global functions or variables:
     coefficients dev.flush lm optim optimize par rgamma rnorm runif
     terrain.colors write.table
    Consider adding
     importFrom("grDevices", "dev.flush", "terrain.colors")
     importFrom("graphics", "par")
     importFrom("stats", "coefficients", "lm", "optim", "optimize",
     "rgamma", "rnorm", "runif")
     importFrom("utils", "write.table")
    to your NAMESPACE file.
Flavor: r-devel-osx-x86_64-clang

Version: 0.1.4
Check: package dependencies
Result: ERROR
    Package required but not available: ‘OpenCL’
    
    See section ‘The DESCRIPTION file’ in the ‘Writing R Extensions’
    manual.
Flavors: r-release-osx-x86_64-mavericks, r-release-windows-ix86+x86_64