CRAN Package Check Results for Package CARrampsOcl

Last updated on 2015-05-27 19:47:03.

Flavor Version Tinstall Tcheck Ttotal Status Flags
r-devel-linux-x86_64-debian-clang 0.1.4 2.19 28.55 30.74 OK
r-devel-linux-x86_64-debian-gcc 0.1.4 2.22 25.59 27.81 OK
r-devel-linux-x86_64-fedora-clang 0.1.4 69.04 OK
r-devel-linux-x86_64-fedora-gcc 0.1.4 65.67 OK
r-devel-osx-x86_64-clang 0.1.4 60.92 OK
r-patched-linux-x86_64 0.1.4 2.17 26.25 28.42 OK
r-release-linux-x86_64 0.1.4 2.30 27.28 29.58 OK
r-release-osx-x86_64-mavericks 0.1.4 ERROR
r-release-osx-x86_64-snowleopard 0.1.4 ERROR

Check Details

Version: 0.1.4
Check: package dependencies
Result: ERROR
    Package required but not available: ‘OpenCL’
    
    See section ‘The DESCRIPTION file’ in the ‘Writing R Extensions’
    manual.
Flavors: r-release-osx-x86_64-mavericks, r-release-osx-x86_64-snowleopard