CRAN Package Check Results for Package CARrampsOcl

Last updated on 2014-11-26 13:47:00.

Flavor Version Tinstall Tcheck Ttotal Status Flags
r-devel-linux-x86_64-debian-clang 0.1.4 3.02 34.30 37.31 OK
r-devel-linux-x86_64-debian-gcc 0.1.4 3.00 32.15 35.15 OK
r-devel-linux-x86_64-fedora-clang 0.1.4 89.99 OK
r-devel-linux-x86_64-fedora-gcc 0.1.4 80.74 OK
r-devel-osx-x86_64-clang 0.1.4 78.03 OK
r-patched-linux-x86_64 0.1.4 3.23 33.03 36.26 OK
r-release-linux-ix86 0.1.4 1.56 2.09 3.65 ERROR
r-release-linux-x86_64 0.1.4 3.69 33.44 37.13 OK
r-release-osx-x86_64-mavericks 0.1.4 ERROR
r-release-osx-x86_64-snowleopard 0.1.4 ERROR

Check Details

Version: 0.1.4
Check: whether package can be installed
Result: ERROR
    Installation failed.
Flavor: r-release-linux-ix86

Version: 0.1.4
Check: package dependencies
Result: ERROR
    Package required but not available: ‘OpenCL’
    
    See the information on DESCRIPTION files in the chapter ‘Creating R
    packages’ of the ‘Writing R Extensions’ manual.
Flavors: r-release-osx-x86_64-mavericks, r-release-osx-x86_64-snowleopard