CRAN Package Check Results for Package CARrampsOcl

Last updated on 2015-03-05 10:49:54.

Flavor Version Tinstall Tcheck Ttotal Status Flags
r-devel-linux-x86_64-debian-clang 0.1.4 2.36 27.54 29.90 OK
r-devel-linux-x86_64-debian-gcc 0.1.4 2.18 25.89 28.07 OK
r-devel-linux-x86_64-fedora-clang 0.1.4 69.35 OK
r-devel-linux-x86_64-fedora-gcc 0.1.4 66.09 OK
r-devel-osx-x86_64-clang 0.1.4 62.13 OK
r-patched-linux-x86_64 0.1.4 3.04 34.71 37.75 OK
r-release-linux-ix86 0.1.4 1.52 2.78 4.30 ERROR
r-release-linux-x86_64 0.1.4 3.09 34.30 37.39 OK
r-release-osx-x86_64-mavericks 0.1.4 ERROR
r-release-osx-x86_64-snowleopard 0.1.4 ERROR

Check Details

Version: 0.1.4
Check: whether package can be installed
Result: ERROR
    Installation failed.
Flavor: r-release-linux-ix86

Version: 0.1.4
Check: package dependencies
Result: ERROR
    Package required but not available: ‘OpenCL’
    
    See section ‘The DESCRIPTION file’ in the ‘Writing R Extensions’
    manual.
Flavors: r-release-osx-x86_64-mavericks, r-release-osx-x86_64-snowleopard