CRAN Package Check Results for Package CARrampsOcl

Last updated on 2015-07-03 21:46:23.

Flavor Version Tinstall Tcheck Ttotal Status Flags
r-devel-linux-x86_64-debian-clang 0.1.4 2.34 26.46 28.79 NOTE
r-devel-linux-x86_64-debian-gcc 0.1.4 2.27 26.39 28.66 NOTE
r-devel-linux-x86_64-fedora-clang 0.1.4 65.63 NOTE
r-devel-linux-x86_64-fedora-gcc 0.1.4 63.39 NOTE
r-devel-osx-x86_64-clang 0.1.4 57.15 OK
r-patched-linux-x86_64 0.1.4 2.14 25.58 27.72 OK
r-release-linux-x86_64 0.1.4 2.14 26.06 28.20 OK
r-release-osx-x86_64-mavericks 0.1.4 ERROR

Check Details

Version: 0.1.4
Check: R code for possible problems
Result: NOTE
    CARrampsOcl.fit: no visible global function definition for
     ‘coefficients’
    CARrampsOcl.fit: no visible global function definition for ‘lm’
    CARrampsOcl.fit: no visible global function definition for ‘runif’
    CARrampsOcl.fit: no visible global function definition for
     ‘write.table’
    CARrampsOcl.fit: no visible global function definition for ‘rgamma’
    CARrampsOcl.fit: no visible global function definition for ‘rnorm’
    multivspost2blogandtausqtot : genst: no visible global function
     definition for ‘rgamma’
    optimizelogpost: no visible global function definition for ‘optim’
    optimizelogpost: no visible global function definition for ‘optimize’
    plot2Q: no visible global function definition for ‘terrain.colors’
    plot2Q: no visible global function definition for ‘par’
    plot3Q: no visible global function definition for ‘terrain.colors’
    plot3Q: no visible global function definition for ‘par’
    plot3Q: no visible global function definition for ‘dev.flush’
    plotCAR1: no visible global function definition for ‘terrain.colors’
    plotCAR1: no visible global function definition for ‘par’
    plotCAR1plus1Q: no visible global function definition for
     ‘terrain.colors’
    plotCAR1plus1Q: no visible global function definition for ‘par’
    plotCAR1plus1Q: no visible global function definition for ‘dev.flush’
    rdirichlet: no visible global function definition for ‘rgamma’
    Undefined global functions or variables:
     coefficients dev.flush lm optim optimize par rgamma rnorm runif
     terrain.colors write.table
Flavors: r-devel-linux-x86_64-debian-clang, r-devel-linux-x86_64-debian-gcc, r-devel-linux-x86_64-fedora-clang, r-devel-linux-x86_64-fedora-gcc

Version: 0.1.4
Check: package dependencies
Result: ERROR
    Package required but not available: ‘OpenCL’
    
    See section ‘The DESCRIPTION file’ in the ‘Writing R Extensions’
    manual.
Flavor: r-release-osx-x86_64-mavericks