CRAN Package Check Results for Package CARrampsOcl

Last updated on 2014-12-19 12:48:13.

Flavor Version Tinstall Tcheck Ttotal Status Flags
r-devel-linux-x86_64-debian-clang 0.1.4 3.08 33.38 36.46 OK
r-devel-linux-x86_64-debian-gcc 0.1.4 2.97 31.58 34.56 OK
r-devel-linux-x86_64-fedora-clang 0.1.4 85.37 OK
r-devel-linux-x86_64-fedora-gcc 0.1.4 80.35 OK
r-devel-osx-x86_64-clang 0.1.4 71.53 OK
r-patched-linux-x86_64 0.1.4 3.09 33.34 36.43 OK
r-release-linux-ix86 0.1.4 1.46 2.17 3.63 ERROR
r-release-linux-x86_64 0.1.4 3.16 33.67 36.82 OK
r-release-osx-x86_64-mavericks 0.1.4 ERROR
r-release-osx-x86_64-snowleopard 0.1.4 ERROR

Check Details

Version: 0.1.4
Check: whether package can be installed
Result: ERROR
    Installation failed.
Flavor: r-release-linux-ix86

Version: 0.1.4
Check: package dependencies
Result: ERROR
    Package required but not available: ‘OpenCL’
    
    See the information on DESCRIPTION files in the chapter ‘Creating R
    packages’ of the ‘Writing R Extensions’ manual.
Flavors: r-release-osx-x86_64-mavericks, r-release-osx-x86_64-snowleopard