CRAN Package Check Results for Package CARrampsOcl

Last updated on 2015-01-28 23:49:28.

Flavor Version Tinstall Tcheck Ttotal Status Flags
r-devel-linux-x86_64-debian-clang 0.1.4 2.71 29.72 32.43 OK
r-devel-linux-x86_64-debian-gcc 0.1.4 2.63 29.13 31.76 OK
r-devel-linux-x86_64-fedora-clang 0.1.4 83.78 OK
r-devel-linux-x86_64-fedora-gcc 0.1.4 75.36 OK
r-devel-osx-x86_64-clang 0.1.4 72.09 OK
r-patched-linux-x86_64 0.1.4 3.03 33.21 36.24 OK
r-release-linux-ix86 0.1.4 1.54 2.16 3.70 ERROR
r-release-linux-x86_64 0.1.4 3.23 33.31 36.54 OK
r-release-osx-x86_64-mavericks 0.1.4 ERROR
r-release-osx-x86_64-snowleopard 0.1.4 ERROR

Check Details

Version: 0.1.4
Check: whether package can be installed
Result: ERROR
    Installation failed.
Flavor: r-release-linux-ix86

Version: 0.1.4
Check: package dependencies
Result: ERROR
    Package required but not available: ‘OpenCL’
    
    See the information on DESCRIPTION files in the chapter ‘Creating R
    packages’ of the ‘Writing R Extensions’ manual.
Flavors: r-release-osx-x86_64-mavericks, r-release-osx-x86_64-snowleopard