CRAN Package Check Results for Package CARrampsOcl

Last updated on 2014-08-23 20:46:49.

Flavor Version Tinstall Tcheck Ttotal Status Flags
r-devel-linux-x86_64-debian-clang 0.1.4 2.60 29.96 32.56 OK
r-devel-linux-x86_64-debian-gcc 0.1.4 2.56 29.48 32.04 OK
r-devel-linux-x86_64-fedora-clang 0.1.4 74.89 OK
r-devel-linux-x86_64-fedora-gcc 0.1.4 72.18 OK
r-devel-osx-x86_64-clang 0.1.4 64.20 OK
r-patched-linux-x86_64 0.1.4 2.58 30.69 33.28 OK
r-release-linux-ix86 0.1.4 1.54 2.04 3.58 ERROR
r-release-linux-x86_64 0.1.4 2.80 30.80 33.61 OK
r-release-osx-x86_64-mavericks 0.1.4 ERROR
r-release-osx-x86_64-snowleopard 0.1.4 ERROR

Check Details

Version: 0.1.4
Check: whether package can be installed
Result: ERROR
    Installation failed.
Flavor: r-release-linux-ix86

Version: 0.1.4
Check: package dependencies
Result: ERROR
    Package required but not available: ‘OpenCL’
    
    See the information on DESCRIPTION files in the chapter ‘Creating R
    packages’ of the ‘Writing R Extensions’ manual.
Flavors: r-release-osx-x86_64-mavericks, r-release-osx-x86_64-snowleopard