CRAN Package Check Results for Package CARrampsOcl

Last updated on 2015-08-28 03:48:14.

Flavor Version Tinstall Tcheck Ttotal Status Flags
r-devel-linux-x86_64-debian-clang 0.1.4 2.37 26.22 28.59 NOTE
r-devel-linux-x86_64-debian-gcc 0.1.4 2.14 24.75 26.89 NOTE
r-devel-linux-x86_64-fedora-clang 0.1.4 64.47 NOTE
r-devel-linux-x86_64-fedora-gcc 0.1.4 62.07 NOTE
r-devel-osx-x86_64-clang 0.1.4 52.05 OK
r-patched-linux-x86_64 0.1.4 2.32 27.20 29.52 OK
r-release-linux-x86_64 0.1.4 2.19 26.67 28.86 OK
r-release-osx-x86_64-mavericks 0.1.4 ERROR

Check Details

Version: 0.1.4
Check: R code for possible problems
Result: NOTE
    CARrampsOcl.fit: no visible global function definition for
     ‘coefficients’
    CARrampsOcl.fit: no visible global function definition for ‘lm’
    CARrampsOcl.fit: no visible global function definition for ‘runif’
    CARrampsOcl.fit: no visible global function definition for
     ‘write.table’
    CARrampsOcl.fit: no visible global function definition for ‘rgamma’
    CARrampsOcl.fit: no visible global function definition for ‘rnorm’
    multivspost2blogandtausqtot : genst: no visible global function
     definition for ‘rgamma’
    optimizelogpost: no visible global function definition for ‘optim’
    optimizelogpost: no visible global function definition for ‘optimize’
    plot2Q: no visible global function definition for ‘terrain.colors’
    plot2Q: no visible global function definition for ‘par’
    plot3Q: no visible global function definition for ‘terrain.colors’
    plot3Q: no visible global function definition for ‘par’
    plot3Q: no visible global function definition for ‘dev.flush’
    plotCAR1: no visible global function definition for ‘terrain.colors’
    plotCAR1: no visible global function definition for ‘par’
    plotCAR1plus1Q: no visible global function definition for
     ‘terrain.colors’
    plotCAR1plus1Q: no visible global function definition for ‘par’
    plotCAR1plus1Q: no visible global function definition for ‘dev.flush’
    rdirichlet: no visible global function definition for ‘rgamma’
    Undefined global functions or variables:
     coefficients dev.flush lm optim optimize par rgamma rnorm runif
     terrain.colors write.table
    Consider adding
     importFrom("grDevices", "dev.flush", "terrain.colors")
     importFrom("graphics", "par")
     importFrom("stats", "coefficients", "lm", "optim", "optimize",
     "rgamma", "rnorm", "runif")
     importFrom("utils", "write.table")
    to your NAMESPACE.
Flavors: r-devel-linux-x86_64-debian-clang, r-devel-linux-x86_64-debian-gcc, r-devel-linux-x86_64-fedora-clang, r-devel-linux-x86_64-fedora-gcc

Version: 0.1.4
Check: package dependencies
Result: ERROR
    Package required but not available: ‘OpenCL’
    
    See section ‘The DESCRIPTION file’ in the ‘Writing R Extensions’
    manual.
Flavor: r-release-osx-x86_64-mavericks