CRAN Package Check Results for Package CARrampsOcl

Last updated on 2014-07-25 12:47:29.

Flavor Version Tinstall Tcheck Ttotal Status Flags
r-devel-linux-x86_64-debian-clang 0.1.4 2.72 29.83 32.55 OK
r-devel-linux-x86_64-debian-gcc 0.1.4 2.68 28.88 31.56 OK
r-devel-linux-x86_64-fedora-clang 0.1.4 74.96 OK
r-devel-linux-x86_64-fedora-gcc 0.1.4 75.71 OK
r-devel-osx-x86_64-clang 0.1.4 62.30 OK
r-patched-linux-x86_64 0.1.4 2.68 30.49 33.17 OK
r-release-linux-ix86 0.1.4 1.53 2.04 3.57 ERROR
r-release-linux-x86_64 0.1.4 2.64 30.91 33.55 OK
r-release-osx-x86_64-mavericks 0.1.4 ERROR
r-release-osx-x86_64-snowleopard 0.1.4 ERROR

Check Details

Version: 0.1.4
Check: whether package can be installed
Result: ERROR
    Installation failed.
    See ‘/home/hornik/tmp/R.check/r-release-gcc/Work/PKGS/CARrampsOcl.Rcheck/00install.out’ for details.
Flavor: r-release-linux-ix86

Version: 0.1.4
Check: package dependencies
Result: ERROR
    Package required but not available: ‘OpenCL’
    
    See the information on DESCRIPTION files in the chapter ‘Creating R
    packages’ of the ‘Writing R Extensions’ manual.
Flavors: r-release-osx-x86_64-mavericks, r-release-osx-x86_64-snowleopard