CRAN Package Check Results for Package CARrampsOcl

Last updated on 2014-09-20 13:48:04.

Flavor Version Tinstall Tcheck Ttotal Status Flags
r-devel-linux-x86_64-debian-clang 0.1.4 3.00 32.77 35.78 OK
r-devel-linux-x86_64-debian-gcc 0.1.4 2.94 31.96 34.90 OK
r-devel-linux-x86_64-fedora-clang 0.1.4 82.60 OK
r-devel-linux-x86_64-fedora-gcc 0.1.4 75.46 OK
r-devel-osx-x86_64-clang 0.1.4 70.11 OK
r-patched-linux-x86_64 0.1.4 3.12 35.84 38.95 OK
r-release-linux-ix86 0.1.4 1.57 2.09 3.66 ERROR
r-release-linux-x86_64 0.1.4 3.07 34.82 37.90 OK
r-release-osx-x86_64-mavericks 0.1.4 ERROR
r-release-osx-x86_64-snowleopard 0.1.4 ERROR

Check Details

Version: 0.1.4
Check: whether package can be installed
Result: ERROR
    Installation failed.
Flavor: r-release-linux-ix86

Version: 0.1.4
Check: package dependencies
Result: ERROR
    Package required but not available: ‘OpenCL’
    
    See the information on DESCRIPTION files in the chapter ‘Creating R
    packages’ of the ‘Writing R Extensions’ manual.
Flavors: r-release-osx-x86_64-mavericks, r-release-osx-x86_64-snowleopard