CRAN Package Check Results for Package CARrampsOcl

Last updated on 2014-10-20 10:50:26.

Flavor Version Tinstall Tcheck Ttotal Status Flags
r-devel-linux-x86_64-debian-clang 0.1.4 2.99 34.10 37.09 OK
r-devel-linux-x86_64-debian-gcc 0.1.4 2.92 32.57 35.49 OK
r-devel-linux-x86_64-fedora-clang 0.1.4 83.55 OK
r-devel-linux-x86_64-fedora-gcc 0.1.4 77.54 OK
r-devel-osx-x86_64-clang 0.1.4 72.30 OK
r-patched-linux-x86_64 0.1.4 3.27 33.86 37.13 OK
r-release-linux-ix86 0.1.4 1.52 2.05 3.56 ERROR
r-release-linux-x86_64 0.1.4 3.08 34.70 37.78 OK
r-release-osx-x86_64-mavericks 0.1.4 ERROR
r-release-osx-x86_64-snowleopard 0.1.4 ERROR

Check Details

Version: 0.1.4
Check: whether package can be installed
Result: ERROR
    Installation failed.
Flavor: r-release-linux-ix86

Version: 0.1.4
Check: package dependencies
Result: ERROR
    Package required but not available: ‘OpenCL’
    
    See the information on DESCRIPTION files in the chapter ‘Creating R
    packages’ of the ‘Writing R Extensions’ manual.
Flavors: r-release-osx-x86_64-mavericks, r-release-osx-x86_64-snowleopard