CRAN Package Check Results for Package CARrampsOcl

Last updated on 2014-04-18 20:47:56.

Flavor Version Tinstall Tcheck Ttotal Status Flags
r-devel-linux-x86_64-debian-clang 0.1.4 2.92 31.81 34.72 OK
r-devel-linux-x86_64-debian-gcc OK
r-devel-linux-x86_64-fedora-clang 0.1.4 77.09 OK
r-devel-linux-x86_64-fedora-gcc 0.1.4 71.90 OK
r-devel-macosx-x86_64-clang 0.1.4 67.27 OK
r-devel-macosx-x86_64-gcc 0.1.4 ERROR
r-patched-linux-x86_64 0.1.4 2.74 31.88 34.61 OK
r-release-linux-ix86 0.1.4 3.00 5.00 8.00 ERROR
r-release-linux-x86_64 0.1.4 2.76 31.49 34.24 OK
r-release-macosx-x86_64 0.1.4 ERROR

Check Details

Version: 0.1.4
Check: package dependencies
Result: ERROR
    Packages required but not available: ‘OpenCL’ ‘fields’
    
    See the information on DESCRIPTION files in the chapter ‘Creating R
    packages’ of the ‘Writing R Extensions’ manual.
Flavor: r-devel-macosx-x86_64-gcc

Version: 0.1.4
Check: whether package can be installed
Result: ERROR
    Installation failed.
    See ‘/home/hornik/tmp/R.check/r-release-gcc/Work/PKGS/CARrampsOcl.Rcheck/00install.out’ for details.
Flavor: r-release-linux-ix86

Version: 0.1.4
Check: package dependencies
Result: ERROR
    Package required but not available: ‘OpenCL’
    
    See the information on DESCRIPTION files in the chapter ‘Creating R
    packages’ of the ‘Writing R Extensions’ manual.
Flavor: r-release-macosx-x86_64