CRAN Package Check Results for Package CAWaR

Last updated on 2019-09-23 13:46:15 CEST.

Flavor Version Tinstall Tcheck Ttotal Status Flags
r-devel-linux-x86_64-debian-clang 0.0.1 20.69 204.33 225.02 OK
r-devel-linux-x86_64-debian-gcc 0.0.1 17.74 152.20 169.94 OK
r-devel-linux-x86_64-fedora-clang 0.0.1 280.25 NOTE
r-devel-linux-x86_64-fedora-gcc 0.0.1 260.36 NOTE
r-devel-windows-ix86+x86_64 0.0.1 65.00 269.00 334.00 OK
r-patched-linux-x86_64 0.0.1 18.08 190.63 208.71 OK
r-patched-solaris-x86 0.0.1 415.60 NOTE
r-release-linux-x86_64 0.0.1 17.42 193.03 210.45 OK
r-release-windows-ix86+x86_64 0.0.1 76.00 319.00 395.00 OK
r-release-osx-x86_64 0.0.1 NOTE
r-oldrel-windows-ix86+x86_64 0.0.1 24.00 184.00 208.00 OK
r-oldrel-osx-x86_64 0.0.1 NOTE

Check Details

Version: 0.0.1
Check: dependencies in R code
Result: NOTE
    Namespaces in Imports field not imported from:
     ‘grDevices’ ‘rgdal’ ‘spatialEco’
     All declared Imports should be used.
Flavors: r-devel-linux-x86_64-fedora-clang, r-devel-linux-x86_64-fedora-gcc, r-patched-solaris-x86, r-release-osx-x86_64, r-oldrel-osx-x86_64