CRAN Package Check Results for Package CAWaR

Last updated on 2020-02-19 03:48:52 CET.

Flavor Version Tinstall Tcheck Ttotal Status Flags
r-devel-linux-x86_64-debian-clang 0.0.1 0.55 2.42 2.97 ERROR
r-devel-linux-x86_64-debian-gcc 0.0.1 21.81 195.36 217.17 OK
r-devel-linux-x86_64-fedora-clang 0.0.1 333.40 NOTE
r-devel-linux-x86_64-fedora-gcc 0.0.1 331.42 NOTE
r-devel-windows-ix86+x86_64 0.0.1 57.00 237.00 294.00 OK
r-devel-windows-ix86+x86_64-gcc8 0.0.1 74.00 323.00 397.00 OK
r-patched-linux-x86_64 0.0.1 22.33 215.56 237.89 OK
r-patched-solaris-x86 0.0.1 451.00 NOTE
r-release-linux-x86_64 0.0.1 19.33 217.61 236.94 OK
r-release-windows-ix86+x86_64 0.0.1 48.00 202.00 250.00 OK
r-release-osx-x86_64 0.0.1 NOTE
r-oldrel-windows-ix86+x86_64 0.0.1 28.00 188.00 216.00 OK
r-oldrel-osx-x86_64 0.0.1 NOTE

Check Details

Version: 0.0.1
Check: package dependencies
Result: ERROR
    Packages required but not available: 'spatialEco', 'fieldRS'
    
    See section 'The DESCRIPTION file' in the 'Writing R Extensions'
    manual.
Flavor: r-devel-linux-x86_64-debian-clang

Version: 0.0.1
Check: dependencies in R code
Result: NOTE
    Namespaces in Imports field not imported from:
     ‘grDevices’ ‘rgdal’ ‘spatialEco’
     All declared Imports should be used.
Flavors: r-devel-linux-x86_64-fedora-clang, r-devel-linux-x86_64-fedora-gcc, r-patched-solaris-x86, r-release-osx-x86_64, r-oldrel-osx-x86_64