CRAN Package Check Results for Package CAvariants

Last updated on 2019-08-21 02:49:02 CEST.

Flavor Version Tinstall Tcheck Ttotal Status Flags
r-devel-linux-x86_64-debian-clang 4.0 7.05 58.57 65.62 OK
r-devel-linux-x86_64-debian-gcc 4.0 6.25 44.30 50.55 OK
r-devel-linux-x86_64-fedora-clang 4.0 77.90 OK
r-devel-linux-x86_64-fedora-gcc 4.0 74.55 OK
r-devel-windows-ix86+x86_64 4.0 24.00 106.00 130.00 OK
r-patched-linux-x86_64 4.0 7.21 56.42 63.63 OK
r-patched-solaris-x86 4.0 105.50 OK
r-release-linux-x86_64 4.0 7.52 55.32 62.84 OK
r-release-windows-ix86+x86_64 4.0 14.00 69.00 83.00 OK
r-release-osx-x86_64 4.0 WARN
r-oldrel-windows-ix86+x86_64 4.0 15.00 102.00 117.00 OK
r-oldrel-osx-x86_64 4.0 OK

Check Details

Version: 4.0
Check: whether package can be installed
Result: WARN
    Found the following significant warnings:
     Warning: 'rgl_init' failed, running with rgl.useNULL = TRUE
Flavor: r-release-osx-x86_64