CRAN Package Check Results for Package CBPS

Last updated on 2015-08-31 04:48:35.

Flavor Version Tinstall Tcheck Ttotal Status Flags
r-devel-linux-x86_64-debian-clang 0.9 0.76 17.80 18.56 NOTE
r-devel-linux-x86_64-debian-gcc 0.9 0.70 17.94 18.63 NOTE
r-devel-linux-x86_64-fedora-clang 0.9 34.91 NOTE
r-devel-linux-x86_64-fedora-gcc 0.9 32.67 NOTE
r-devel-osx-x86_64-clang 0.9 32.95 OK
r-devel-windows-ix86+x86_64 0.9 5.00 32.00 37.00 NOTE
r-patched-linux-x86_64 0.9 0.76 19.28 20.05 OK
r-patched-solaris-sparc 0.9 234.70 OK
r-patched-solaris-x86 0.9 46.20 OK
r-release-linux-x86_64 0.9 0.83 18.78 19.60 OK
r-release-osx-x86_64-mavericks 0.9 OK
r-release-windows-ix86+x86_64 0.9 5.00 32.00 37.00 OK
r-oldrel-windows-ix86+x86_64 0.9 6.00 38.00 44.00 OK

Check Details

Version: 0.9
Check: R code for possible problems
Result: NOTE
    .onAttach: no visible global function definition for
     ‘packageDescription’
    CBMSM: no visible global function definition for ‘binomial’
    CBMSM: no visible global function definition for ‘model.response’
    CBMSM: no visible global function definition for ‘is.empty.model’
    CBMSM: no visible global function definition for ‘model.matrix’
    CBMSM: no visible binding for global variable ‘sd’
    CBMSM.fit: no visible binding for global variable ‘sd’
    CBMSM.fit: no visible global function definition for ‘glm’
    CBMSM.fit : <anonymous>: no visible global function definition for ‘sd’
    CBMSM.fit: no visible global function definition for ‘optim’
    CBPS: no visible global function definition for ‘binomial’
    CBPS: no visible global function definition for ‘model.response’
    CBPS: no visible global function definition for ‘is.empty.model’
    CBPS: no visible global function definition for ‘model.matrix’
    CBPS: no visible binding for global variable ‘sd’
    CBPS: no visible global function definition for ‘.getXlevels’
    CBPS.2Treat: no visible global function definition for ‘glm’
    CBPS.2Treat: no visible binding for global variable ‘binomial’
    CBPS.2Treat: no visible global function definition for ‘optimize’
    CBPS.2Treat: no visible global function definition for ‘optim’
    CBPS.2Treat: no visible binding for global variable ‘data’
    CBPS.3Treat: no visible global function definition for ‘as.formula’
    CBPS.3Treat: no visible global function definition for ‘coef’
    CBPS.3Treat: no visible global function definition for ‘optimize’
    CBPS.3Treat: no visible global function definition for ‘optim’
    CBPS.3Treat : <anonymous>: no visible global function definition for
     ‘optim’
    CBPS.3Treat: no visible binding for global variable ‘data’
    CBPS.4Treat: no visible global function definition for ‘as.formula’
    CBPS.4Treat: no visible global function definition for ‘coef’
    CBPS.4Treat: no visible global function definition for ‘optimize’
    CBPS.4Treat: no visible global function definition for ‘optim’
    CBPS.4Treat : <anonymous>: no visible global function definition for
     ‘optim’
    CBPS.4Treat: no visible binding for global variable ‘data’
    CBPS.Continuous : gmm.func: no visible global function definition for
     ‘dnorm’
    CBPS.Continuous : bal.loss: no visible global function definition for
     ‘dnorm’
    CBPS.Continuous : gmm.gradient: no visible global function definition
     for ‘dnorm’
    CBPS.Continuous : bal.gradient: no visible global function definition
     for ‘dnorm’
    CBPS.Continuous: no visible global function definition for ‘lm’
    CBPS.Continuous: no visible global function definition for ‘coef’
    CBPS.Continuous : <anonymous>: no visible global function definition
     for ‘dnorm’
    CBPS.Continuous: no visible global function definition for ‘dnorm’
    CBPS.Continuous: no visible global function definition for ‘optimize’
    CBPS.Continuous: no visible global function definition for ‘optim’
    CBPS.Continuous : <anonymous>: no visible global function definition
     for ‘optim’
    CBPS.Continuous: no visible binding for global variable ‘data’
    CBPS.fit: no visible binding for global variable ‘sd’
    CBPS.fit : <anonymous>: no visible global function definition for ‘sd’
    CBPS.fit: no visible global function definition for ‘coef’
    balance.CBMSM: no visible global function definition for ‘sd’
    balance.CBPS: no visible global function definition for ‘sd’
    balance.CBPSContinuous: no visible global function definition for ‘cor’
    plot.CBMSM: no visible global function definition for ‘par’
    plot.CBMSM: no visible global function definition for ‘plot’
    plot.CBMSM: no visible global function definition for ‘abline’
    plot.CBPS: no visible global function definition for ‘layout’
    plot.CBPS: no visible global function definition for ‘par’
    plot.CBPS: no visible global function definition for ‘plot’
    plot.CBPS: no visible global function definition for ‘axis’
    plot.CBPS: no visible global function definition for ‘mtext’
    plot.CBPS: no visible global function definition for ‘points’
    plot.CBPSContinuous: no visible global function definition for ‘plot’
    plot.CBPSContinuous: no visible global function definition for ‘axis’
    plot.CBPSContinuous: no visible global function definition for ‘mtext’
    plot.CBPSContinuous: no visible global function definition for ‘points’
    print.CBPS: no visible global function definition for ‘coef’
    print.CBPS: no visible global function definition for ‘naprint’
    summary.CBPS: no visible global function definition for ‘pnorm’
    summary.CBPS: no visible global function definition for ‘coef’
    summary.CBPS: no visible global function definition for ‘symnum’
    Undefined global functions or variables:
     .getXlevels abline as.formula axis binomial coef cor data dnorm glm
     is.empty.model layout lm model.matrix model.response mtext naprint
     optim optimize packageDescription par plot pnorm points sd symnum
    Consider adding
     importFrom("graphics", "abline", "axis", "layout", "mtext", "par",
     "plot", "points")
     importFrom("stats", ".getXlevels", "as.formula", "binomial", "coef",
     "cor", "dnorm", "glm", "is.empty.model", "lm",
     "model.matrix", "model.response", "naprint", "optim",
     "optimize", "pnorm", "sd", "symnum")
     importFrom("utils", "data", "packageDescription")
    to your NAMESPACE.
Flavors: r-devel-linux-x86_64-debian-clang, r-devel-linux-x86_64-debian-gcc, r-devel-linux-x86_64-fedora-clang, r-devel-linux-x86_64-fedora-gcc, r-devel-windows-ix86+x86_64