CRAN Package Check Results for Package CBPS

Last updated on 2014-04-25 05:47:12.

Flavor Version Tinstall Tcheck Ttotal Status Flags
r-devel-linux-x86_64-debian-clang 0.8 1.05 23.54 24.58 OK
r-devel-linux-x86_64-debian-gcc 0.8 0.97 24.04 25.01 OK
r-devel-linux-x86_64-fedora-clang 0.8 45.71 OK
r-devel-linux-x86_64-fedora-gcc 0.8 43.14 OK
r-devel-osx-x86_64-clang 0.8 47.27 OK
r-devel-osx-x86_64-gcc 0.8 OK
r-devel-windows-ix86+x86_64 0.8 3.00 33.00 36.00 OK
r-patched-linux-x86_64 0.8 0.95 23.58 24.53 OK
r-patched-solaris-sparc 0.8 252.10 OK
r-patched-solaris-x86 0.8 54.90 OK
r-release-linux-ix86 0.8 2.00 41.00 43.00 OK
r-release-linux-x86_64 0.8 1.02 23.55 24.58 OK
r-release-osx-x86_64-mavericks 0.8 WARN
r-release-osx-x86_64-snowleopard 0.8 OK
r-release-windows-ix86+x86_64 0.8 3.00 36.00 39.00 OK
r-oldrel-windows-ix86+x86_64 0.8 4.00 35.00 39.00 OK

Check Details

Version: 0.8
Check: PDF version of manual
Result: WARNING
    LaTeX errors when creating PDF version.
    This typically indicates Rd problems.
    LaTeX errors found:
    ! LaTeX Error: File `upquote.sty' not found.
    
    Type X to quit or <RETURN> to proceed,
    or enter new name. (Default extension: sty)
    
    2e96ed99/Rd2.tex:8: ==> Fatal error occurred, no output PDF file produced!
Flavor: r-release-osx-x86_64-mavericks