CRAN Package Check Results for Package CBPS

Last updated on 2017-12-12 02:49:26 CET.

Flavor Version Tinstall Tcheck Ttotal Status Flags
r-devel-linux-x86_64-debian-clang 0.15 3.52 83.94 87.46 OK
r-devel-linux-x86_64-debian-gcc 0.15 2.84 71.15 73.99 OK
r-devel-linux-x86_64-fedora-clang 0.15 118.40 OK
r-devel-linux-x86_64-fedora-gcc 0.15 119.00 OK
r-devel-windows-ix86+x86_64 0.15 13.00 116.00 129.00 OK
r-patched-linux-x86_64 0.15 3.38 102.77 106.15 OK
r-patched-solaris-x86 0.15 189.80 ERROR
r-release-linux-x86_64 0.15 3.82 101.57 105.39 OK
r-release-windows-ix86+x86_64 0.15 8.00 113.00 121.00 OK
r-release-osx-x86_64 0.15 OK
r-oldrel-windows-ix86+x86_64 0.15 12.00 141.00 153.00 OK
r-oldrel-osx-x86_64 0.15 OK

Additional issues

noLD

Check Details

Version: 0.15
Check: tests
Result: ERROR
     Running ‘testthat.R’ [14s/18s]
    Running the tests in ‘tests/testthat.R’ failed.
    Complete output:
     > library(testthat)
     > library(CBPS)
     Loading required package: MASS
     Loading required package: MatchIt
     Loading required package: nnet
     Loading required package: numDeriv
     Loading required package: glmnet
     Loading required package: Matrix
     Loading required package: foreach
     Loaded glmnet 2.0-13
    
     CBPS: Covariate Balancing Propensity Score
     Version: 0.15
     Authors: Christian Fong [aut, cre],
     Marc Ratkovic [aut],
     Kosuke Imai [aut],
     Chad Hazlett [ctb],
     Xiaolin Yang [ctb],
     Sida Peng [ctb]
    
     >
     > test_check("CBPS")
     [1] "Finding ATT with T=1 as the treatment. Set ATT=2 to find ATT with T=0 as the treatment"
     1. Failure: tests CBMS on the Lalonde data (@test-all.R#27) --------------------
     x["age", "age"] not equal to 0.009398473.
     1/1 mismatches
     [1] 0.0121 - 0.0094 == 0.00268
    
    
     2. Failure: tests CBMS on the Lalonde data (@test-all.R#28) --------------------
     x["re74", "re75"] not equal to -0.03388872.
     1/1 mismatches
     [1] -0.0311 - -0.0339 == 0.00278
    
    
     testthat results ================================================================
     OK: 8 SKIPPED: 0 FAILED: 2
     1. Failure: tests CBMS on the Lalonde data (@test-all.R#27)
     2. Failure: tests CBMS on the Lalonde data (@test-all.R#28)
    
     Error: testthat unit tests failed
     Execution halted
Flavor: r-patched-solaris-x86