CRAN Package Check Results for Package CCA

Last updated on 2015-03-02 05:47:35.

Flavor Version Tinstall Tcheck Ttotal Status Flags
r-devel-linux-x86_64-debian-clang 1.2 3.69 41.56 45.25 NOTE
r-devel-linux-x86_64-debian-gcc 1.2 3.52 39.13 42.65 NOTE
r-devel-linux-x86_64-fedora-clang 1.2 92.88 NOTE
r-devel-linux-x86_64-fedora-gcc 1.2 90.32 NOTE
r-devel-osx-x86_64-clang 1.2 88.26 NOTE
r-devel-windows-ix86+x86_64 1.2 16.00 65.00 81.00 NOTE
r-patched-linux-x86_64 1.2 5.60 54.79 60.39 NOTE
r-patched-solaris-sparc 1.2 770.30 NOTE
r-patched-solaris-x86 1.2 170.70 NOTE
r-release-linux-ix86 1.2 5.65 64.06 69.71 NOTE
r-release-linux-x86_64 1.2 5.16 54.65 59.81 NOTE
r-release-osx-x86_64-mavericks 1.2 NOTE
r-release-windows-ix86+x86_64 1.2 20.00 110.00 130.00 NOTE
r-oldrel-windows-ix86+x86_64 1.2 12.00 74.00 86.00 NOTE

Check Details

Version: 1.2
Check: R code for possible problems
Result: NOTE
    estim.regul: warning in matrix(res, nc = length(grid2)): partial
     argument match of ‘nc’ to ‘ncol’
Flavors: r-devel-linux-x86_64-debian-clang, r-devel-linux-x86_64-debian-gcc, r-devel-linux-x86_64-fedora-clang, r-devel-linux-x86_64-fedora-gcc, r-devel-osx-x86_64-clang, r-devel-windows-ix86+x86_64, r-patched-linux-x86_64, r-patched-solaris-sparc, r-patched-solaris-x86, r-release-linux-ix86, r-release-linux-x86_64, r-release-osx-x86_64-mavericks, r-release-windows-ix86+x86_64, r-oldrel-windows-ix86+x86_64

Version: 1.2
Check: Rd files
Result: NOTE
    prepare_Rd: estim.regul.Rd:24-26: Dropping empty section \details
    prepare_Rd: img.estim.regul.Rd:15-17: Dropping empty section \details
    prepare_Rd: img.estim.regul.Rd:24-25: Dropping empty section \examples
Flavors: r-devel-linux-x86_64-debian-clang, r-devel-linux-x86_64-debian-gcc, r-devel-linux-x86_64-fedora-clang, r-devel-linux-x86_64-fedora-gcc, r-devel-osx-x86_64-clang, r-devel-windows-ix86+x86_64, r-patched-linux-x86_64, r-patched-solaris-sparc, r-patched-solaris-x86, r-release-linux-ix86, r-release-linux-x86_64, r-release-osx-x86_64-mavericks, r-release-windows-ix86+x86_64, r-oldrel-windows-ix86+x86_64