CRAN Package Check Results for Package CCA

Last updated on 2015-04-02 05:49:31.

Flavor Version Tinstall Tcheck Ttotal Status Flags
r-devel-linux-x86_64-debian-clang 1.2 3.60 40.94 44.54 NOTE
r-devel-linux-x86_64-debian-gcc 1.2 3.49 39.91 43.40 NOTE
r-devel-linux-x86_64-fedora-clang 1.2 93.40 NOTE
r-devel-linux-x86_64-fedora-gcc 1.2 87.59 NOTE
r-devel-osx-x86_64-clang 1.2 89.46 NOTE
r-prerel-windows-ix86+x86_64 1.2 8.00 62.00 70.00 NOTE
r-prerel-linux-x86_64 1.2 3.50 40.08 43.58 NOTE
r-prerel-solaris-sparc 1.2 555.10 NOTE
r-prerel-solaris-x86 1.2 116.10 NOTE
r-release-linux-x86_64 1.2 5.26 53.72 58.98 NOTE
r-release-osx-x86_64-mavericks 1.2 NOTE
r-release-windows-ix86+x86_64 1.2 12.00 79.00 91.00 NOTE
r-oldrel-windows-ix86+x86_64 1.2 12.00 70.00 82.00 NOTE

Check Details

Version: 1.2
Check: R code for possible problems
Result: NOTE
    estim.regul: warning in matrix(res, nc = length(grid2)): partial
     argument match of ‘nc’ to ‘ncol’
Flavors: r-devel-linux-x86_64-debian-clang, r-devel-linux-x86_64-debian-gcc, r-devel-linux-x86_64-fedora-clang, r-devel-linux-x86_64-fedora-gcc, r-devel-osx-x86_64-clang, r-prerel-windows-ix86+x86_64, r-prerel-linux-x86_64, r-prerel-solaris-sparc, r-prerel-solaris-x86, r-release-linux-x86_64, r-release-osx-x86_64-mavericks, r-release-windows-ix86+x86_64, r-oldrel-windows-ix86+x86_64

Version: 1.2
Check: Rd files
Result: NOTE
    prepare_Rd: estim.regul.Rd:24-26: Dropping empty section \details
    prepare_Rd: img.estim.regul.Rd:15-17: Dropping empty section \details
    prepare_Rd: img.estim.regul.Rd:24-25: Dropping empty section \examples
Flavors: r-devel-linux-x86_64-debian-clang, r-devel-linux-x86_64-debian-gcc, r-devel-linux-x86_64-fedora-clang, r-devel-linux-x86_64-fedora-gcc, r-devel-osx-x86_64-clang, r-prerel-windows-ix86+x86_64, r-prerel-linux-x86_64, r-prerel-solaris-sparc, r-prerel-solaris-x86, r-release-linux-x86_64, r-release-osx-x86_64-mavericks, r-release-windows-ix86+x86_64, r-oldrel-windows-ix86+x86_64