CRAN Package Check Results for Package CCA

Last updated on 2014-09-02 22:47:34.

Flavor Version Tinstall Tcheck Ttotal Status Flags
r-devel-linux-x86_64-debian-clang 1.2 4.40 49.51 53.92 NOTE
r-devel-linux-x86_64-debian-gcc 1.2 4.31 49.40 53.71 NOTE
r-devel-linux-x86_64-fedora-clang 1.2 128.48 NOTE
r-devel-linux-x86_64-fedora-gcc 1.2 122.24 NOTE
r-devel-osx-x86_64-clang 1.2 101.90 NOTE
r-devel-windows-ix86+x86_64 1.2 11.00 72.00 83.00 NOTE
r-patched-linux-x86_64 1.2 4.47 50.56 55.03 NOTE
r-patched-solaris-sparc 1.2 710.30 NOTE
r-patched-solaris-x86 1.2 159.80 NOTE
r-release-linux-ix86 1.2 5.40 61.16 66.55 NOTE
r-release-linux-x86_64 1.2 4.60 50.64 55.23 NOTE
r-release-osx-x86_64-mavericks 1.2 NOTE
r-release-windows-ix86+x86_64 1.2 12.00 75.00 87.00 NOTE
r-oldrel-windows-ix86+x86_64 1.2 10.00 66.00 76.00 NOTE

Check Details

Version: 1.2
Check: R code for possible problems
Result: NOTE
    estim.regul: warning in matrix(res, nc = length(grid2)): partial
     argument match of 'nc' to 'ncol'
Flavors: r-devel-linux-x86_64-debian-clang, r-devel-linux-x86_64-debian-gcc, r-devel-linux-x86_64-fedora-clang, r-devel-linux-x86_64-fedora-gcc, r-devel-osx-x86_64-clang, r-devel-windows-ix86+x86_64, r-patched-linux-x86_64, r-patched-solaris-sparc, r-patched-solaris-x86, r-release-linux-ix86, r-release-linux-x86_64, r-release-osx-x86_64-mavericks, r-release-windows-ix86+x86_64, r-oldrel-windows-ix86+x86_64

Version: 1.2
Check: Rd files
Result: NOTE
    prepare_Rd: estim.regul.Rd:24-26: Dropping empty section \details
    prepare_Rd: img.estim.regul.Rd:15-17: Dropping empty section \details
    prepare_Rd: img.estim.regul.Rd:24-25: Dropping empty section \examples
Flavors: r-devel-linux-x86_64-debian-clang, r-devel-linux-x86_64-debian-gcc, r-devel-linux-x86_64-fedora-clang, r-devel-linux-x86_64-fedora-gcc, r-devel-osx-x86_64-clang, r-devel-windows-ix86+x86_64, r-patched-linux-x86_64, r-patched-solaris-sparc, r-patched-solaris-x86, r-release-linux-ix86, r-release-linux-x86_64, r-release-osx-x86_64-mavericks, r-release-windows-ix86+x86_64, r-oldrel-windows-ix86+x86_64