CRAN Package Check Results for Package CCA

Last updated on 2014-10-23 00:47:54.

Flavor Version Tinstall Tcheck Ttotal Status Flags
r-devel-linux-x86_64-debian-clang 1.2 4.70 55.24 59.94 NOTE
r-devel-linux-x86_64-debian-gcc 1.2 4.73 52.40 57.13 NOTE
r-devel-linux-x86_64-fedora-clang 1.2 133.23 NOTE
r-devel-linux-x86_64-fedora-gcc 1.2 125.41 NOTE
r-devel-osx-x86_64-clang 1.2 117.64 NOTE
r-devel-windows-ix86+x86_64 1.2 12.00 70.00 82.00 NOTE
r-patched-linux-x86_64 1.2 4.94 54.94 59.88 NOTE
r-patched-solaris-sparc 1.2 738.20 NOTE
r-patched-solaris-x86 1.2 168.90 NOTE
r-release-linux-ix86 1.2 5.98 66.41 72.39 NOTE
r-release-linux-x86_64 1.2 5.08 55.08 60.16 NOTE
r-release-osx-x86_64-mavericks 1.2 NOTE
r-release-windows-ix86+x86_64 1.2 12.00 74.00 86.00 NOTE
r-oldrel-windows-ix86+x86_64 1.2 12.00 71.00 83.00 NOTE

Check Details

Version: 1.2
Check: R code for possible problems
Result: NOTE
    estim.regul: warning in matrix(res, nc = length(grid2)): partial
     argument match of ‘nc’ to ‘ncol’
Flavors: r-devel-linux-x86_64-debian-clang, r-devel-linux-x86_64-debian-gcc, r-devel-linux-x86_64-fedora-clang, r-devel-linux-x86_64-fedora-gcc, r-devel-osx-x86_64-clang, r-devel-windows-ix86+x86_64, r-patched-linux-x86_64, r-patched-solaris-sparc, r-patched-solaris-x86, r-release-linux-ix86, r-release-linux-x86_64, r-release-osx-x86_64-mavericks, r-release-windows-ix86+x86_64, r-oldrel-windows-ix86+x86_64

Version: 1.2
Check: Rd files
Result: NOTE
    prepare_Rd: estim.regul.Rd:24-26: Dropping empty section \details
    prepare_Rd: img.estim.regul.Rd:15-17: Dropping empty section \details
    prepare_Rd: img.estim.regul.Rd:24-25: Dropping empty section \examples
Flavors: r-devel-linux-x86_64-debian-clang, r-devel-linux-x86_64-debian-gcc, r-devel-linux-x86_64-fedora-clang, r-devel-linux-x86_64-fedora-gcc, r-devel-osx-x86_64-clang, r-devel-windows-ix86+x86_64, r-patched-linux-x86_64, r-patched-solaris-sparc, r-patched-solaris-x86, r-release-linux-ix86, r-release-linux-x86_64, r-release-osx-x86_64-mavericks, r-release-windows-ix86+x86_64, r-oldrel-windows-ix86+x86_64