CRAN Package Check Results for Package CCA

Last updated on 2015-07-07 17:47:28.

Flavor Version Tinstall Tcheck Ttotal Status Flags
r-devel-linux-x86_64-debian-clang 1.2 3.52 41.00 44.51 NOTE
r-devel-linux-x86_64-debian-gcc 1.2 3.46 39.57 43.02 NOTE
r-devel-linux-x86_64-fedora-clang 1.2 89.87 NOTE
r-devel-linux-x86_64-fedora-gcc 1.2 84.36 NOTE
r-devel-osx-x86_64-clang 1.2 76.38 NOTE
r-devel-windows-ix86+x86_64 1.2 14.00 61.00 75.00 NOTE
r-patched-linux-x86_64 1.2 3.62 40.11 43.73 NOTE
r-patched-solaris-sparc 1.2 561.50 NOTE
r-patched-solaris-x86 1.2 122.30 NOTE
r-release-linux-x86_64 1.2 3.46 39.92 43.38 NOTE
r-release-osx-x86_64-mavericks 1.2 NOTE
r-release-windows-ix86+x86_64 1.2 13.00 61.00 74.00 NOTE
r-oldrel-windows-ix86+x86_64 1.2 12.00 81.00 93.00 NOTE

Check Details

Version: 1.2
Check: R code for possible problems
Result: NOTE
    estim.regul: warning in matrix(res, nc = length(grid2)): partial
     argument match of ‘nc’ to ‘ncol’
    comput: no visible global function definition for ‘cor’
    img.estim.regul: no visible global function definition for ‘par’
    img.estim.regul: no visible global function definition for ‘image’
    img.estim.regul: no visible global function definition for
     ‘heat.colors’
    img.estim.regul: no visible global function definition for ‘axis’
    img.estim.regul: no visible global function definition for ‘box’
    img.matcor: no visible global function definition for ‘par’
    img.matcor: no visible global function definition for ‘image’
    img.matcor: no visible global function definition for ‘box’
    img.matcor: no visible global function definition for ‘abline’
    img.matcor: no visible global function definition for ‘layout’
    loo: no visible global function definition for ‘cor’
    matcor: no visible global function definition for ‘cor’
    plt.cc: no visible global function definition for ‘par’
    plt.cc: no visible global function definition for ‘layout’
    plt.indiv: no visible global function definition for ‘plot’
    plt.indiv: no visible global function definition for ‘text’
    plt.indiv: no visible global function definition for ‘abline’
    plt.var: no visible global function definition for ‘plot’
    plt.var: no visible global function definition for ‘points’
    plt.var: no visible global function definition for ‘text’
    plt.var: no visible global function definition for ‘abline’
    plt.var: no visible global function definition for ‘lines’
    rcc: no visible global function definition for ‘var’
    rcc: no visible global function definition for ‘cov’
    Undefined global functions or variables:
     abline axis box cor cov heat.colors image layout lines par plot
     points text var
Flavors: r-devel-linux-x86_64-debian-clang, r-devel-linux-x86_64-debian-gcc, r-devel-linux-x86_64-fedora-clang, r-devel-linux-x86_64-fedora-gcc, r-devel-windows-ix86+x86_64

Version: 1.2
Check: Rd files
Result: NOTE
    prepare_Rd: estim.regul.Rd:24-26: Dropping empty section \details
    prepare_Rd: img.estim.regul.Rd:15-17: Dropping empty section \details
    prepare_Rd: img.estim.regul.Rd:24-25: Dropping empty section \examples
Flavors: r-devel-linux-x86_64-debian-clang, r-devel-linux-x86_64-debian-gcc, r-devel-linux-x86_64-fedora-clang, r-devel-linux-x86_64-fedora-gcc, r-devel-osx-x86_64-clang, r-devel-windows-ix86+x86_64, r-patched-linux-x86_64, r-patched-solaris-sparc, r-patched-solaris-x86, r-release-linux-x86_64, r-release-osx-x86_64-mavericks, r-release-windows-ix86+x86_64, r-oldrel-windows-ix86+x86_64

Version: 1.2
Check: R code for possible problems
Result: NOTE
    estim.regul: warning in matrix(res, nc = length(grid2)): partial
     argument match of 'nc' to 'ncol'
Flavors: r-devel-osx-x86_64-clang, r-patched-linux-x86_64, r-patched-solaris-sparc, r-patched-solaris-x86, r-release-linux-x86_64, r-release-osx-x86_64-mavericks, r-release-windows-ix86+x86_64, r-oldrel-windows-ix86+x86_64