CRAN Package Check Results for Package CCA

Last updated on 2015-02-01 20:48:30.

Flavor Version Tinstall Tcheck Ttotal Status Flags
r-devel-linux-x86_64-debian-clang 1.2 3.60 41.84 45.45 NOTE
r-devel-linux-x86_64-debian-gcc 1.2 3.50 38.86 42.36 NOTE
r-devel-linux-x86_64-fedora-clang 1.2 95.70 NOTE
r-devel-linux-x86_64-fedora-gcc 1.2 89.85 NOTE
r-devel-osx-x86_64-clang 1.2 94.56 NOTE
r-devel-windows-ix86+x86_64 1.2 14.00 59.00 73.00 NOTE
r-patched-linux-x86_64 1.2 4.93 55.53 60.46 NOTE
r-patched-solaris-sparc 1.2 770.30 NOTE
r-patched-solaris-x86 1.2 170.70 NOTE
r-release-linux-ix86 1.2 5.68 63.74 69.42 NOTE
r-release-linux-x86_64 1.2 5.10 53.69 58.79 NOTE
r-release-osx-x86_64-mavericks 1.2 NOTE
r-release-windows-ix86+x86_64 1.2 13.00 80.00 93.00 NOTE
r-oldrel-windows-ix86+x86_64 1.2 12.00 71.00 83.00 NOTE

Check Details

Version: 1.2
Check: R code for possible problems
Result: NOTE
    estim.regul: warning in matrix(res, nc = length(grid2)): partial
     argument match of ‘nc’ to ‘ncol’
Flavors: r-devel-linux-x86_64-debian-clang, r-devel-linux-x86_64-debian-gcc, r-devel-linux-x86_64-fedora-clang, r-devel-linux-x86_64-fedora-gcc, r-devel-osx-x86_64-clang, r-devel-windows-ix86+x86_64, r-patched-linux-x86_64, r-patched-solaris-sparc, r-patched-solaris-x86, r-release-linux-ix86, r-release-linux-x86_64, r-release-osx-x86_64-mavericks, r-release-windows-ix86+x86_64, r-oldrel-windows-ix86+x86_64

Version: 1.2
Check: Rd files
Result: NOTE
    prepare_Rd: estim.regul.Rd:24-26: Dropping empty section \details
    prepare_Rd: img.estim.regul.Rd:15-17: Dropping empty section \details
    prepare_Rd: img.estim.regul.Rd:24-25: Dropping empty section \examples
Flavors: r-devel-linux-x86_64-debian-clang, r-devel-linux-x86_64-debian-gcc, r-devel-linux-x86_64-fedora-clang, r-devel-linux-x86_64-fedora-gcc, r-devel-osx-x86_64-clang, r-devel-windows-ix86+x86_64, r-patched-linux-x86_64, r-patched-solaris-sparc, r-patched-solaris-x86, r-release-linux-ix86, r-release-linux-x86_64, r-release-osx-x86_64-mavericks, r-release-windows-ix86+x86_64, r-oldrel-windows-ix86+x86_64