CRAN Package Check Results for Package CCA

Last updated on 2015-08-31 21:46:40.

Flavor Version Tinstall Tcheck Ttotal Status Flags
r-devel-linux-x86_64-debian-clang 1.2 3.32 38.17 41.48 NOTE
r-devel-linux-x86_64-debian-gcc 1.2 3.28 36.28 39.55 NOTE
r-devel-linux-x86_64-fedora-clang 1.2 87.38 NOTE
r-devel-linux-x86_64-fedora-gcc 1.2 81.80 NOTE
r-devel-osx-x86_64-clang 1.2 73.30 NOTE
r-devel-windows-ix86+x86_64 1.2 13.00 70.00 83.00 NOTE
r-patched-linux-x86_64 1.2 3.70 40.89 44.59 NOTE
r-patched-solaris-sparc 1.2 577.20 NOTE
r-patched-solaris-x86 1.2 122.50 NOTE
r-release-linux-x86_64 1.2 3.87 41.32 45.20 NOTE
r-release-osx-x86_64-mavericks 1.2 NOTE
r-release-windows-ix86+x86_64 1.2 12.00 99.00 111.00 NOTE
r-oldrel-windows-ix86+x86_64 1.2 19.00 91.00 110.00 NOTE

Check Details

Version: 1.2
Check: R code for possible problems
Result: NOTE
    estim.regul: warning in matrix(res, nc = length(grid2)): partial
     argument match of ‘nc’ to ‘ncol’
    comput: no visible global function definition for ‘cor’
    img.estim.regul: no visible global function definition for ‘par’
    img.estim.regul: no visible global function definition for ‘image’
    img.estim.regul: no visible global function definition for
     ‘heat.colors’
    img.estim.regul: no visible global function definition for ‘axis’
    img.estim.regul: no visible global function definition for ‘box’
    img.matcor: no visible global function definition for ‘par’
    img.matcor: no visible global function definition for ‘image’
    img.matcor: no visible global function definition for ‘box’
    img.matcor: no visible global function definition for ‘abline’
    img.matcor: no visible global function definition for ‘layout’
    loo: no visible global function definition for ‘cor’
    matcor: no visible global function definition for ‘cor’
    plt.cc: no visible global function definition for ‘par’
    plt.cc: no visible global function definition for ‘layout’
    plt.indiv: no visible global function definition for ‘plot’
    plt.indiv: no visible global function definition for ‘text’
    plt.indiv: no visible global function definition for ‘abline’
    plt.var: no visible global function definition for ‘plot’
    plt.var: no visible global function definition for ‘points’
    plt.var: no visible global function definition for ‘text’
    plt.var: no visible global function definition for ‘abline’
    plt.var: no visible global function definition for ‘lines’
    rcc: no visible global function definition for ‘var’
    rcc: no visible global function definition for ‘cov’
    Undefined global functions or variables:
     abline axis box cor cov heat.colors image layout lines par plot
     points text var
    Consider adding
     importFrom("grDevices", "heat.colors")
     importFrom("graphics", "abline", "axis", "box", "image", "layout",
     "lines", "par", "plot", "points", "text")
     importFrom("stats", "cor", "cov", "var")
    to your NAMESPACE.
Flavors: r-devel-linux-x86_64-debian-clang, r-devel-linux-x86_64-debian-gcc, r-devel-linux-x86_64-fedora-clang, r-devel-linux-x86_64-fedora-gcc, r-devel-windows-ix86+x86_64

Version: 1.2
Check: Rd files
Result: NOTE
    prepare_Rd: estim.regul.Rd:24-26: Dropping empty section \details
    prepare_Rd: img.estim.regul.Rd:15-17: Dropping empty section \details
    prepare_Rd: img.estim.regul.Rd:24-25: Dropping empty section \examples
Flavors: r-devel-linux-x86_64-debian-clang, r-devel-linux-x86_64-debian-gcc, r-devel-linux-x86_64-fedora-clang, r-devel-linux-x86_64-fedora-gcc, r-devel-osx-x86_64-clang, r-devel-windows-ix86+x86_64, r-patched-linux-x86_64, r-patched-solaris-sparc, r-patched-solaris-x86, r-release-linux-x86_64, r-release-osx-x86_64-mavericks, r-release-windows-ix86+x86_64, r-oldrel-windows-ix86+x86_64

Version: 1.2
Check: R code for possible problems
Result: NOTE
    estim.regul: warning in matrix(res, nc = length(grid2)): partial
     argument match of 'nc' to 'ncol'
Flavors: r-devel-osx-x86_64-clang, r-patched-linux-x86_64, r-patched-solaris-sparc, r-patched-solaris-x86, r-release-linux-x86_64, r-release-osx-x86_64-mavericks, r-release-windows-ix86+x86_64, r-oldrel-windows-ix86+x86_64