CRAN Package Check Results for Package CCA

Last updated on 2014-07-22 19:47:48.

Flavor Version Tinstall Tcheck Ttotal Status Flags
r-devel-linux-x86_64-debian-clang 1.2 4.54 51.67 56.21 NOTE
r-devel-linux-x86_64-debian-gcc 1.2 5.33 50.85 56.18 NOTE
r-devel-linux-x86_64-fedora-clang 1.2 129.22 NOTE
r-devel-linux-x86_64-fedora-gcc 1.2 121.77 NOTE
r-devel-osx-x86_64-clang 1.2 105.47 NOTE
r-devel-windows-ix86+x86_64 1.2 12.00 69.00 81.00 NOTE
r-patched-linux-x86_64 1.2 4.58 50.41 54.98 NOTE
r-patched-solaris-sparc 1.2 691.30 NOTE
r-patched-solaris-x86 1.2 158.60 NOTE
r-release-linux-ix86 1.2 5.40 60.76 66.16 NOTE
r-release-linux-x86_64 1.2 4.63 52.14 56.77 NOTE
r-release-osx-x86_64-mavericks 1.2 NOTE
r-release-windows-ix86+x86_64 1.2 11.00 69.00 80.00 NOTE
r-oldrel-windows-ix86+x86_64 1.2 11.00 67.00 78.00 NOTE

Check Details

Version: 1.2
Check: R code for possible problems
Result: NOTE
    estim.regul: warning in matrix(res, nc = length(grid2)): partial
     argument match of 'nc' to 'ncol'
Flavors: r-devel-linux-x86_64-debian-clang, r-devel-linux-x86_64-debian-gcc, r-devel-linux-x86_64-fedora-clang, r-devel-linux-x86_64-fedora-gcc, r-devel-osx-x86_64-clang, r-devel-windows-ix86+x86_64, r-patched-linux-x86_64, r-patched-solaris-sparc, r-patched-solaris-x86, r-release-linux-ix86, r-release-linux-x86_64, r-release-osx-x86_64-mavericks, r-release-windows-ix86+x86_64, r-oldrel-windows-ix86+x86_64

Version: 1.2
Check: Rd files
Result: NOTE
    prepare_Rd: estim.regul.Rd:24-26: Dropping empty section \details
    prepare_Rd: img.estim.regul.Rd:15-17: Dropping empty section \details
    prepare_Rd: img.estim.regul.Rd:24-25: Dropping empty section \examples
Flavors: r-devel-linux-x86_64-debian-clang, r-devel-linux-x86_64-debian-gcc, r-devel-linux-x86_64-fedora-clang, r-devel-linux-x86_64-fedora-gcc, r-devel-osx-x86_64-clang, r-devel-windows-ix86+x86_64, r-patched-linux-x86_64, r-patched-solaris-sparc, r-patched-solaris-x86, r-release-linux-ix86, r-release-linux-x86_64, r-release-osx-x86_64-mavericks, r-release-windows-ix86+x86_64, r-oldrel-windows-ix86+x86_64