CRAN Package Check Results for Package CCM

Last updated on 2016-12-04 22:47:01.

Flavor Version Tinstall Tcheck Ttotal Status Flags
r-devel-linux-x86_64-debian-clang 1.1 0.60 11.52 12.12 NOTE
r-devel-linux-x86_64-debian-gcc 1.1 0.71 11.46 12.17 NOTE
r-devel-linux-x86_64-fedora-clang 1.1 20.32 NOTE --no-stop-on-test-error
r-devel-linux-x86_64-fedora-gcc 1.1 20.34 NOTE --no-stop-on-test-error
r-devel-macos-x86_64-clang 1.1 18.25 NOTE
r-devel-windows-ix86+x86_64 1.1 4.00 38.00 42.00 NOTE
r-patched-linux-x86_64 1.1 0.57 9.33 9.91 NOTE
r-patched-solaris-sparc 1.1 108.20 NOTE
r-patched-solaris-x86 1.1 23.90 NOTE
r-release-linux-x86_64 1.1 0.58 9.73 10.31 NOTE
r-release-osx-x86_64-mavericks 1.1 NOTE
r-release-windows-ix86+x86_64 1.1 2.00 25.00 27.00 NOTE
r-oldrel-windows-ix86+x86_64 1.1 2.00 23.00 25.00 OK

Check Details

Version: 1.1
Check: S3 generic/method consistency
Result: NOTE
    Found the following apparent S3 methods exported but not registered:
     plot.CCM predict.CCM
    See section ‘Registering S3 methods’ in the ‘Writing R Extensions’
    manual.
Flavors: r-devel-linux-x86_64-debian-clang, r-devel-linux-x86_64-debian-gcc, r-devel-macos-x86_64-clang, r-patched-linux-x86_64, r-patched-solaris-sparc, r-patched-solaris-x86, r-release-linux-x86_64

Version: 1.1
Check: R code for possible problems
Result: NOTE
    cor.by.class: no visible global function definition for ‘cor’
    create.CCM: no visible global function definition for ‘cor’
    create.CCM: no visible binding for global variable ‘cor’
    plot.CCM: no visible global function definition for ‘boxplot’
    Undefined global functions or variables:
     boxplot cor
    Consider adding
     importFrom("graphics", "boxplot")
     importFrom("stats", "cor")
    to your NAMESPACE file.
Flavors: r-devel-linux-x86_64-debian-clang, r-devel-linux-x86_64-debian-gcc, r-devel-macos-x86_64-clang, r-devel-windows-ix86+x86_64, r-patched-linux-x86_64, r-patched-solaris-sparc, r-patched-solaris-x86, r-release-linux-x86_64, r-release-osx-x86_64-mavericks, r-release-windows-ix86+x86_64

Version: 1.1
Flags: --no-stop-on-test-error
Check: S3 generic/method consistency
Result: NOTE
    Found the following apparent S3 methods exported but not registered:
     plot.CCM predict.CCM
    See section ‘Registering S3 methods’ in the ‘Writing R Extensions’
    manual.
Flavors: r-devel-linux-x86_64-fedora-clang, r-devel-linux-x86_64-fedora-gcc

Version: 1.1
Flags: --no-stop-on-test-error
Check: R code for possible problems
Result: NOTE
    cor.by.class: no visible global function definition for ‘cor’
    create.CCM: no visible global function definition for ‘cor’
    create.CCM: no visible binding for global variable ‘cor’
    plot.CCM: no visible global function definition for ‘boxplot’
    Undefined global functions or variables:
     boxplot cor
    Consider adding
     importFrom("graphics", "boxplot")
     importFrom("stats", "cor")
    to your NAMESPACE file.
Flavors: r-devel-linux-x86_64-fedora-clang, r-devel-linux-x86_64-fedora-gcc