CRAN Package Check Results for Package CCM

Last updated on 2015-01-25 04:46:59.

Flavor Version Tinstall Tcheck Ttotal Status Flags
r-devel-linux-x86_64-debian-clang 1.1 0.56 9.79 10.36 OK
r-devel-linux-x86_64-debian-gcc 1.1 0.54 10.03 10.57 OK
r-devel-linux-x86_64-fedora-clang 1.1 21.56 NOTE
r-devel-linux-x86_64-fedora-gcc 1.1 20.93 NOTE
r-devel-osx-x86_64-clang 1.1 25.95 OK
r-devel-windows-ix86+x86_64 1.1 3.00 15.00 18.00 OK
r-patched-linux-x86_64 1.1 0.57 10.68 11.25 OK
r-patched-solaris-sparc 1.1 134.60 OK
r-patched-solaris-x86 1.1 30.00 OK
r-release-linux-ix86 1.1 0.85 15.27 16.12 OK
r-release-linux-x86_64 1.1 0.58 9.62 10.19 OK
r-release-osx-x86_64-mavericks 1.1 OK
r-release-osx-x86_64-snowleopard 1.1 OK
r-release-windows-ix86+x86_64 1.1 2.00 16.00 18.00 OK
r-oldrel-windows-ix86+x86_64 1.1 2.00 16.00 18.00 OK

Check Details

Version: 1.1
Check: S3 generic/method consistency
Result: NOTE
    Found the following apparent S3 methods exported but not registered:
     plot.CCM predict.CCM
    See section ‘Registering S3 methods’ in the ‘Writing R Extensions’
    manual.
Flavors: r-devel-linux-x86_64-fedora-clang, r-devel-linux-x86_64-fedora-gcc