CRAN Package Check Results for Package CCM

Last updated on 2015-09-01 10:50:46.

Flavor Version Tinstall Tcheck Ttotal Status Flags
r-devel-linux-x86_64-debian-clang 1.1 0.49 9.22 9.71 NOTE
r-devel-linux-x86_64-debian-gcc 1.1 0.48 9.22 9.70 NOTE
r-devel-linux-x86_64-fedora-clang 1.1 17.45 NOTE
r-devel-linux-x86_64-fedora-gcc 1.1 16.74 NOTE
r-devel-osx-x86_64-clang 1.1 18.95 NOTE
r-devel-windows-ix86+x86_64 1.1 2.00 18.00 20.00 NOTE
r-patched-linux-x86_64 1.1 0.55 9.59 10.14 NOTE
r-patched-solaris-sparc 1.1 125.80 NOTE
r-patched-solaris-x86 1.1 29.10 NOTE
r-release-linux-x86_64 1.1 0.59 9.58 10.17 NOTE
r-release-osx-x86_64-mavericks 1.1 OK
r-release-windows-ix86+x86_64 1.1 3.00 27.00 30.00 OK
r-oldrel-windows-ix86+x86_64 1.1 3.00 21.00 24.00 OK

Check Details

Version: 1.1
Check: S3 generic/method consistency
Result: NOTE
    Found the following apparent S3 methods exported but not registered:
     plot.CCM predict.CCM
    See section ‘Registering S3 methods’ in the ‘Writing R Extensions’
    manual.
Flavors: r-devel-linux-x86_64-debian-clang, r-devel-linux-x86_64-debian-gcc, r-devel-linux-x86_64-fedora-clang, r-devel-linux-x86_64-fedora-gcc, r-devel-osx-x86_64-clang, r-patched-linux-x86_64, r-patched-solaris-sparc, r-patched-solaris-x86, r-release-linux-x86_64

Version: 1.1
Check: R code for possible problems
Result: NOTE
    cor.by.class: no visible global function definition for ‘cor’
    create.CCM: no visible global function definition for ‘cor’
    create.CCM: no visible binding for global variable ‘cor’
    plot.CCM: no visible global function definition for ‘boxplot’
    Undefined global functions or variables:
     boxplot cor
    Consider adding
     importFrom("graphics", "boxplot")
     importFrom("stats", "cor")
    to your NAMESPACE.
Flavors: r-devel-linux-x86_64-debian-clang, r-devel-linux-x86_64-debian-gcc, r-devel-linux-x86_64-fedora-clang, r-devel-linux-x86_64-fedora-gcc, r-devel-windows-ix86+x86_64