CRAN Package Check Results for Package CCM

Last updated on 2015-03-04 11:47:29.

Flavor Version Tinstall Tcheck Ttotal Status Flags
r-devel-linux-x86_64-debian-clang 1.1 0.56 9.78 10.34 NOTE
r-devel-linux-x86_64-debian-gcc 1.1 0.52 9.85 10.38 NOTE
r-devel-linux-x86_64-fedora-clang 1.1 18.87 NOTE
r-devel-linux-x86_64-fedora-gcc 1.1 17.88 NOTE
r-devel-osx-x86_64-clang 1.1 26.17 NOTE
r-devel-windows-ix86+x86_64 1.1 3.00 16.00 19.00 OK
r-patched-linux-x86_64 1.1 0.57 9.94 10.50 OK
r-patched-solaris-sparc 1.1 164.60 OK
r-patched-solaris-x86 1.1 31.00 OK
r-release-linux-ix86 1.1 0.83 16.68 17.51 OK
r-release-linux-x86_64 1.1 0.73 10.39 11.12 OK
r-release-osx-x86_64-mavericks 1.1 OK
r-release-osx-x86_64-snowleopard 1.1 OK
r-release-windows-ix86+x86_64 1.1 2.00 16.00 18.00 OK
r-oldrel-windows-ix86+x86_64 1.1 2.00 16.00 18.00 OK

Check Details

Version: 1.1
Check: S3 generic/method consistency
Result: NOTE
    Found the following apparent S3 methods exported but not registered:
     plot.CCM predict.CCM
    See section ‘Registering S3 methods’ in the ‘Writing R Extensions’
    manual.
Flavors: r-devel-linux-x86_64-debian-clang, r-devel-linux-x86_64-debian-gcc, r-devel-linux-x86_64-fedora-clang, r-devel-linux-x86_64-fedora-gcc, r-devel-osx-x86_64-clang