CRAN Package Check Results for Package CCM

Last updated on 2017-05-29 14:50:04.

Flavor Version Tinstall Tcheck Ttotal Status Flags
r-devel-linux-x86_64-debian-clang 1.1 0.66 12.88 13.54 NOTE
r-devel-linux-x86_64-debian-gcc 1.1 0.62 11.43 12.05 NOTE
r-devel-linux-x86_64-fedora-clang 1.1 20.12 NOTE
r-devel-linux-x86_64-fedora-gcc 1.1 18.47 NOTE
r-devel-windows-ix86+x86_64 1.1 3.00 28.00 31.00 NOTE
r-patched-linux-x86_64 1.1 0.61 11.40 12.01 NOTE
r-patched-solaris-sparc 1.1 120.10 NOTE
r-patched-solaris-x86 1.1 29.80 NOTE
r-release-linux-x86_64 1.1 0.69 11.92 12.61 NOTE
r-release-windows-ix86+x86_64 1.1 2.00 27.00 29.00 NOTE
r-release-osx-x86_64 1.1 NOTE
r-oldrel-windows-ix86+x86_64 1.1 2.00 25.00 27.00 NOTE
r-oldrel-osx-x86_64 1.1 NOTE

Check Details

Version: 1.1
Check: S3 generic/method consistency
Result: NOTE
    Found the following apparent S3 methods exported but not registered:
     plot.CCM predict.CCM
    See section ‘Registering S3 methods’ in the ‘Writing R Extensions’
    manual.
Flavors: r-devel-linux-x86_64-debian-clang, r-devel-linux-x86_64-debian-gcc, r-devel-linux-x86_64-fedora-clang, r-devel-linux-x86_64-fedora-gcc, r-patched-linux-x86_64, r-patched-solaris-sparc, r-patched-solaris-x86, r-release-linux-x86_64

Version: 1.1
Check: R code for possible problems
Result: NOTE
    cor.by.class: no visible global function definition for ‘cor’
    create.CCM: no visible global function definition for ‘cor’
    create.CCM: no visible binding for global variable ‘cor’
    plot.CCM: no visible global function definition for ‘boxplot’
    Undefined global functions or variables:
     boxplot cor
    Consider adding
     importFrom("graphics", "boxplot")
     importFrom("stats", "cor")
    to your NAMESPACE file.
Flavors: r-devel-linux-x86_64-debian-clang, r-devel-linux-x86_64-debian-gcc, r-devel-linux-x86_64-fedora-clang, r-devel-linux-x86_64-fedora-gcc, r-devel-windows-ix86+x86_64, r-patched-linux-x86_64, r-patched-solaris-sparc, r-patched-solaris-x86, r-release-linux-x86_64, r-release-windows-ix86+x86_64, r-release-osx-x86_64, r-oldrel-windows-ix86+x86_64, r-oldrel-osx-x86_64