CRAN Package Check Results for Package CCM

Last updated on 2015-05-24 03:47:56.

Flavor Version Tinstall Tcheck Ttotal Status Flags
r-devel-linux-x86_64-debian-clang 1.1 0.54 9.93 10.47 NOTE
r-devel-linux-x86_64-debian-gcc 1.1 0.56 9.85 10.41 NOTE
r-devel-linux-x86_64-fedora-clang 1.1 18.84 NOTE
r-devel-linux-x86_64-fedora-gcc 1.1 17.25 NOTE
r-devel-osx-x86_64-clang 1.1 24.55 NOTE
r-devel-windows-ix86+x86_64 1.1 2.00 16.00 18.00 OK
r-patched-linux-x86_64 1.1 0.64 9.96 10.60 NOTE
r-patched-solaris-sparc 1.1 122.90 NOTE
r-patched-solaris-x86 1.1 27.10 NOTE
r-release-linux-x86_64 1.1 0.54 10.14 10.68 NOTE
r-release-osx-x86_64-mavericks 1.1 OK
r-release-osx-x86_64-snowleopard 1.1 OK
r-release-windows-ix86+x86_64 1.1 1.00 14.00 15.00 OK
r-oldrel-windows-ix86+x86_64 1.1 3.00 21.00 24.00 OK

Check Details

Version: 1.1
Check: S3 generic/method consistency
Result: NOTE
    Found the following apparent S3 methods exported but not registered:
     plot.CCM predict.CCM
    See section ‘Registering S3 methods’ in the ‘Writing R Extensions’
    manual.
Flavors: r-devel-linux-x86_64-debian-clang, r-devel-linux-x86_64-debian-gcc, r-devel-linux-x86_64-fedora-clang, r-devel-linux-x86_64-fedora-gcc, r-devel-osx-x86_64-clang, r-patched-linux-x86_64, r-patched-solaris-sparc, r-patched-solaris-x86, r-release-linux-x86_64