CRAN Package Check Results for Package CCMnet

Last updated on 2017-05-29 16:48:15.

Flavor Version Tinstall Tcheck Ttotal Status Flags
r-devel-linux-x86_64-debian-clang 0.0-3 11.42 36.99 48.41 NOTE
r-devel-linux-x86_64-debian-gcc 0.0-3 12.88 36.20 49.08 NOTE
r-devel-linux-x86_64-fedora-clang 0.0-3 101.88 NOTE
r-devel-linux-x86_64-fedora-gcc 0.0-3 98.63 NOTE
r-devel-windows-ix86+x86_64 0.0-3 38.00 90.00 128.00 OK
r-patched-linux-x86_64 0.0-3 12.10 38.14 50.24 NOTE
r-patched-solaris-sparc 0.0-3 640.00 OK
r-patched-solaris-x86 0.0-3 171.90 OK
r-release-linux-x86_64 0.0-3 13.05 36.69 49.74 NOTE
r-release-windows-ix86+x86_64 0.0-3 48.00 125.00 173.00 OK
r-release-osx-x86_64 0.0-3 OK
r-oldrel-windows-ix86+x86_64 0.0-3 33.00 73.00 106.00 OK
r-oldrel-osx-x86_64 0.0-3 OK

Check Details

Version: 0.0-3
Check: compiled code
Result: NOTE
    File ‘CCMnet/libs/CCMnet.so’:
     Found no calls to: ‘R_registerRoutines’, ‘R_useDynamicSymbols’
    
    It is good practice to register native routines and to disable symbol
    search.
    
    See ‘Writing portable packages’ in the ‘Writing R Extensions’ manual.
Flavors: r-devel-linux-x86_64-debian-clang, r-devel-linux-x86_64-debian-gcc, r-devel-linux-x86_64-fedora-clang, r-devel-linux-x86_64-fedora-gcc, r-patched-linux-x86_64, r-release-linux-x86_64