CRAN Package Check Results for Package CCMnet

Last updated on 2014-12-19 03:47:29.

Flavor Version Tinstall Tcheck Ttotal Status Flags
r-release-linux-ix86 0.0-2 11.48 648.54 660.02 ERROR

Check Details

Version: 0.0-2
Check: examples
Result: ERROR
    Running examples in ‘CCMnet-Ex.R’ failed
    The error most likely occurred in:
    
    > ### Name: CCMnet_constr
    > ### Title: Congruence Class Model for Networks
    > ### Aliases: CCMnet_constr
    >
    > ### ** Examples
    >
    > set.seed(1)
    > #
    > #Example: Density (Normal)
    > #
    > CCMnet_Result = CCMnet_constr(Network_stats= c('Density'),
    + Prob_Distr=c('Normal'),
    + Prob_Distr_Params=list(list(.04, .0001)),
    + samplesize = 5000,
    + burnin=1000,
    + interval=100,
    + statsonly=TRUE,
    + P=NULL,
    + population=100,
    + covPattern = NULL,
    + remove_var_last_entry = FALSE)
    [1] "Generating Random Initial Network..."
    [1] "COMPLETED: Generated Random Initial Network"
Flavor: r-release-linux-ix86