CRAN Package Check Results for Package CCMnet

Last updated on 2018-04-21 23:47:53 CEST.

Flavor Version Tinstall Tcheck Ttotal Status Flags
r-devel-linux-x86_64-debian-clang 0.0-3 18.15 56.58 74.73 WARN
r-devel-linux-x86_64-debian-gcc 0.0-3 16.82 45.14 61.96 NOTE
r-devel-linux-x86_64-fedora-clang 0.0-3 93.96 WARN
r-devel-linux-x86_64-fedora-gcc 0.0-3 92.08 NOTE
r-devel-windows-ix86+x86_64 0.0-3 59.00 78.00 137.00 OK
r-devel-osx-x86_64 0.0-3 WARN
r-patched-linux-x86_64 0.0-3 19.00 55.83 74.83 NOTE
r-patched-solaris-x86 0.0-3 161.70 OK
r-release-linux-x86_64 0.0-3 16.27 57.14 73.41 NOTE
r-release-windows-ix86+x86_64 0.0-3 39.00 97.00 136.00 OK
r-release-osx-x86_64 0.0-3 OK
r-oldrel-windows-ix86+x86_64 0.0-3 48.00 74.00 122.00 OK

Check Details

Version: 0.0-3
Check: whether package can be installed
Result: WARN
    Found the following significant warnings:
     ./MCMC_prob.h:2091:41: warning: using integer absolute value function 'abs' when argument is of floating point type [-Wabsolute-value]
Flavors: r-devel-linux-x86_64-debian-clang, r-devel-linux-x86_64-fedora-clang, r-devel-osx-x86_64

Version: 0.0-3
Check: compiled code
Result: NOTE
    File ‘CCMnet/libs/CCMnet.so’:
     Found no calls to: ‘R_registerRoutines’, ‘R_useDynamicSymbols’
    
    It is good practice to register native routines and to disable symbol
    search.
    
    See ‘Writing portable packages’ in the ‘Writing R Extensions’ manual.
Flavors: r-devel-linux-x86_64-debian-clang, r-devel-linux-x86_64-debian-gcc, r-devel-linux-x86_64-fedora-clang, r-devel-linux-x86_64-fedora-gcc, r-patched-linux-x86_64, r-release-linux-x86_64