CRAN Package Check Results for Package CCMnet

Last updated on 2017-02-25 03:48:03.

Flavor Version Tinstall Tcheck Ttotal Status Flags
r-devel-linux-x86_64-debian-clang 0.0-3 10.35 35.89 46.25 NOTE
r-devel-linux-x86_64-debian-gcc 0.0-3 12.74 38.03 50.77 NOTE
r-devel-linux-x86_64-fedora-clang 0.0-3 99.91 NOTE --no-stop-on-test-error
r-devel-linux-x86_64-fedora-gcc 0.0-3 119.76 NOTE --no-stop-on-test-error
r-devel-macos-x86_64-clang 0.0-3 77.08 NOTE --no-stop-on-test-error
r-devel-windows-ix86+x86_64 0.0-3 69.00 81.00 150.00 OK
r-patched-linux-x86_64 0.0-3 11.72 34.23 45.95 OK
r-patched-solaris-sparc 0.0-3 513.70 OK
r-patched-solaris-x86 0.0-3 145.40 OK
r-release-linux-x86_64 0.0-3 11.85 33.34 45.19 OK
r-release-osx-x86_64-mavericks 0.0-3 OK
r-release-windows-ix86+x86_64 0.0-3 49.00 109.00 158.00 OK
r-oldrel-windows-ix86+x86_64 0.0-3 68.00 168.00 236.00 OK

Check Details

Version: 0.0-3
Check: compiled code
Result: NOTE
    File ‘CCMnet/libs/CCMnet.so’:
     Found no calls to: ‘R_registerRoutines’, ‘R_useDynamicSymbols’
    
    It is good practice to register native routines and to disable symbol
    search.
    
    See ‘Writing portable packages’ in the ‘Writing R Extensions’ manual.
Flavors: r-devel-linux-x86_64-debian-clang, r-devel-linux-x86_64-debian-gcc

Version: 0.0-3
Flags: --no-stop-on-test-error
Check: compiled code
Result: NOTE
    File ‘CCMnet/libs/CCMnet.so’:
     Found no calls to: ‘R_registerRoutines’, ‘R_useDynamicSymbols’
    
    It is good practice to register native routines and to disable symbol
    search.
    
    See ‘Writing portable packages’ in the ‘Writing R Extensions’ manual.
Flavors: r-devel-linux-x86_64-fedora-clang, r-devel-linux-x86_64-fedora-gcc, r-devel-macos-x86_64-clang