CRAN Package Check Results for Package CCMnet

Last updated on 2018-06-23 15:53:16 CEST.

Flavor Version Tinstall Tcheck Ttotal Status Flags
r-devel-linux-x86_64-debian-clang 0.0-3 16.83 65.79 82.62 WARN
r-devel-linux-x86_64-debian-gcc 0.0-3 17.44 52.06 69.50 NOTE
r-devel-linux-x86_64-fedora-clang 0.0-3 99.86 WARN
r-devel-linux-x86_64-fedora-gcc 0.0-3 98.68 NOTE
r-devel-windows-ix86+x86_64 0.0-3 44.00 99.00 143.00 OK
r-patched-linux-x86_64 0.0-3 19.44 56.42 75.86 NOTE
r-patched-solaris-x86 0.0-3 149.20 OK
r-release-linux-x86_64 0.0-3 19.29 56.68 75.97 NOTE
r-release-windows-ix86+x86_64 0.0-3 51.00 82.00 133.00 OK
r-release-osx-x86_64 0.0-3 WARN
r-oldrel-windows-ix86+x86_64 0.0-3 49.00 114.00 163.00 OK
r-oldrel-osx-x86_64 0.0-3 OK

Check Details

Version: 0.0-3
Check: whether package can be installed
Result: WARN
    Found the following significant warnings:
     ./MCMC_prob.h:2091:41: warning: using integer absolute value function 'abs' when argument is of floating point type [-Wabsolute-value]
Flavors: r-devel-linux-x86_64-debian-clang, r-devel-linux-x86_64-fedora-clang, r-release-osx-x86_64

Version: 0.0-3
Check: compiled code
Result: NOTE
    File ‘CCMnet/libs/CCMnet.so’:
     Found no calls to: ‘R_registerRoutines’, ‘R_useDynamicSymbols’
    
    It is good practice to register native routines and to disable symbol
    search.
    
    See ‘Writing portable packages’ in the ‘Writing R Extensions’ manual.
Flavors: r-devel-linux-x86_64-debian-clang, r-devel-linux-x86_64-debian-gcc, r-devel-linux-x86_64-fedora-clang, r-devel-linux-x86_64-fedora-gcc, r-patched-linux-x86_64, r-release-linux-x86_64