CRAN Package Check Results for Package CCMnet

Last updated on 2017-09-19 21:47:47.

Flavor Version Tinstall Tcheck Ttotal Status Flags
r-devel-linux-x86_64-debian-clang 0.0-3 9.83 39.65 49.48 NOTE
r-devel-linux-x86_64-debian-gcc 0.0-3 12.00 39.17 51.17 NOTE
r-devel-linux-x86_64-fedora-clang 0.0-3 105.00 NOTE
r-devel-linux-x86_64-fedora-gcc 0.0-3 103.03 NOTE
r-devel-windows-ix86+x86_64 0.0-3 39.00 125.00 164.00 OK
r-patched-linux-x86_64 0.0-3 13.19 39.08 52.27 NOTE
r-patched-solaris-x86 0.0-3 162.80 OK
r-release-linux-x86_64 0.0-3 13.11 40.81 53.92 NOTE
r-release-windows-ix86+x86_64 0.0-3 37.00 89.00 126.00 OK
r-release-osx-x86_64 0.0-3 OK
r-oldrel-windows-ix86+x86_64 0.0-3 40.00 79.00 119.00 OK
r-oldrel-osx-x86_64 0.0-3 OK

Check Details

Version: 0.0-3
Check: compiled code
Result: NOTE
    File ‘CCMnet/libs/CCMnet.so’:
     Found no calls to: ‘R_registerRoutines’, ‘R_useDynamicSymbols’
    
    It is good practice to register native routines and to disable symbol
    search.
    
    See ‘Writing portable packages’ in the ‘Writing R Extensions’ manual.
Flavors: r-devel-linux-x86_64-debian-clang, r-devel-linux-x86_64-debian-gcc, r-devel-linux-x86_64-fedora-clang, r-devel-linux-x86_64-fedora-gcc, r-patched-linux-x86_64, r-release-linux-x86_64