CRAN Package Check Results for Package CCMnet

Last updated on 2017-11-25 09:49:16 CET.

Flavor Version Tinstall Tcheck Ttotal Status Flags
r-devel-linux-x86_64-debian-clang 0.0-3 16.05 80.36 96.41 NOTE
r-devel-linux-x86_64-debian-gcc 0.0-3 15.48 73.05 88.53 NOTE
r-devel-linux-x86_64-fedora-clang 0.0-3 86.58 NOTE
r-devel-linux-x86_64-fedora-gcc 0.0-3 87.78 NOTE
r-devel-windows-ix86+x86_64 0.0-3 38.00 93.00 131.00 OK
r-patched-linux-x86_64 0.0-3 18.78 85.44 104.22 NOTE
r-patched-solaris-x86 0.0-3 167.10 OK
r-release-linux-x86_64 0.0-3 17.21 86.60 103.81 NOTE
r-release-windows-ix86+x86_64 0.0-3 38.00 80.00 118.00 OK
r-release-osx-x86_64 0.0-3 OK
r-oldrel-windows-ix86+x86_64 0.0-3 36.00 80.00 116.00 OK
r-oldrel-osx-x86_64 0.0-3 OK

Check Details

Version: 0.0-3
Check: compiled code
Result: NOTE
    File ‘CCMnet/libs/CCMnet.so’:
     Found no calls to: ‘R_registerRoutines’, ‘R_useDynamicSymbols’
    
    It is good practice to register native routines and to disable symbol
    search.
    
    See ‘Writing portable packages’ in the ‘Writing R Extensions’ manual.
Flavors: r-devel-linux-x86_64-debian-clang, r-devel-linux-x86_64-debian-gcc, r-devel-linux-x86_64-fedora-clang, r-devel-linux-x86_64-fedora-gcc, r-patched-linux-x86_64, r-release-linux-x86_64