CRAN Package Check Results for Package CCMnet

Last updated on 2018-02-23 22:47:49 CET.

Flavor Version Tinstall Tcheck Ttotal Status Flags
r-devel-linux-x86_64-debian-clang 0.0-3 16.22 55.59 71.81 WARN
r-devel-linux-x86_64-debian-gcc 0.0-3 16.33 45.79 62.12 NOTE
r-devel-linux-x86_64-fedora-clang 0.0-3 96.07 WARN
r-devel-linux-x86_64-fedora-gcc 0.0-3 99.70 NOTE
r-devel-windows-ix86+x86_64 0.0-3 54.00 110.00 164.00 OK
r-patched-linux-x86_64 0.0-3 16.67 57.69 74.36 NOTE
r-patched-solaris-x86 0.0-3 157.00 OK
r-release-linux-x86_64 0.0-3 17.81 57.29 75.10 NOTE
r-release-windows-ix86+x86_64 0.0-3 54.00 119.00 173.00 OK
r-release-osx-x86_64 0.0-3 OK
r-oldrel-windows-ix86+x86_64 0.0-3 36.00 86.00 122.00 OK
r-oldrel-osx-x86_64 0.0-3 OK

Check Details

Version: 0.0-3
Check: whether package can be installed
Result: WARN
    Found the following significant warnings:
     ./MCMC_prob.h:2091:41: warning: using integer absolute value function 'abs' when argument is of floating point type [-Wabsolute-value]
Flavors: r-devel-linux-x86_64-debian-clang, r-devel-linux-x86_64-fedora-clang

Version: 0.0-3
Check: compiled code
Result: NOTE
    File ‘CCMnet/libs/CCMnet.so’:
     Found no calls to: ‘R_registerRoutines’, ‘R_useDynamicSymbols’
    
    It is good practice to register native routines and to disable symbol
    search.
    
    See ‘Writing portable packages’ in the ‘Writing R Extensions’ manual.
Flavors: r-devel-linux-x86_64-debian-clang, r-devel-linux-x86_64-debian-gcc, r-devel-linux-x86_64-fedora-clang, r-devel-linux-x86_64-fedora-gcc, r-patched-linux-x86_64, r-release-linux-x86_64