CRAN Package Check Results for Package CCMnet

Last updated on 2017-07-23 04:48:19.

Flavor Version Tinstall Tcheck Ttotal Status Flags
r-devel-linux-x86_64-debian-clang 0.0-3 10.67 45.33 56.01 NOTE
r-devel-linux-x86_64-debian-gcc 0.0-3 12.44 45.68 58.12 NOTE
r-devel-linux-x86_64-fedora-clang 0.0-3 109.24 NOTE
r-devel-linux-x86_64-fedora-gcc 0.0-3 112.41 NOTE
r-devel-windows-ix86+x86_64 0.0-3 53.00 111.00 164.00 OK
r-patched-linux-x86_64 0.0-3 13.23 45.45 58.68 NOTE
r-patched-solaris-x86 0.0-3 174.80 OK
r-release-linux-x86_64 0.0-3 13.25 45.33 58.58 NOTE
r-release-windows-ix86+x86_64 0.0-3 38.00 109.00 147.00 OK
r-release-osx-x86_64 0.0-3 OK
r-oldrel-windows-ix86+x86_64 0.0-3 50.00 102.00 152.00 OK
r-oldrel-osx-x86_64 0.0-3 OK

Check Details

Version: 0.0-3
Check: compiled code
Result: NOTE
    File ‘CCMnet/libs/CCMnet.so’:
     Found no calls to: ‘R_registerRoutines’, ‘R_useDynamicSymbols’
    
    It is good practice to register native routines and to disable symbol
    search.
    
    See ‘Writing portable packages’ in the ‘Writing R Extensions’ manual.
Flavors: r-devel-linux-x86_64-debian-clang, r-devel-linux-x86_64-debian-gcc, r-devel-linux-x86_64-fedora-clang, r-devel-linux-x86_64-fedora-gcc, r-patched-linux-x86_64, r-release-linux-x86_64