CRAN Package Check Results for Package CCTpack

Last updated on 2015-09-01 16:49:17.

Flavor Version Tinstall Tcheck Ttotal Status Flags
r-devel-linux-x86_64-debian-clang 1.4 1.30 31.46 32.76 NOTE
r-devel-linux-x86_64-debian-gcc 1.4 1.36 31.12 32.49 NOTE
r-devel-linux-x86_64-fedora-clang 1.4 58.25 NOTE
r-devel-linux-x86_64-fedora-gcc 1.4 54.29 NOTE
r-devel-osx-x86_64-clang 1.4 57.69 OK
r-devel-windows-ix86+x86_64 1.4 8.00 67.00 75.00 NOTE
r-patched-linux-x86_64 1.4 1.28 32.38 33.66 OK
r-patched-solaris-sparc 1.4 394.90 OK
r-patched-solaris-x86 1.4 96.30 OK
r-release-linux-x86_64 1.4 1.33 31.62 32.95 OK
r-release-osx-x86_64-mavericks 1.4 OK
r-release-windows-ix86+x86_64 1.4 7.00 44.00 51.00 OK
r-oldrel-windows-ix86+x86_64 1.4 11.00 61.00 72.00 OK

Check Details

Version: 1.4
Check: R code for possible problems
Result: NOTE
    applymodelfunc : jags.inits: no visible global function definition for
     ‘rbinom’
    applymodelfunc : jags.inits: no visible global function definition for
     ‘runif’
    applymodelfunc : jags.inits: no visible global function definition for
     ‘rnorm’
    applymodelfunc : Rhat1: no visible binding for global variable ‘var’
    applymodelfunc : Rhat1: no visible global function definition for ‘cov’
    applymodelfunc : Rhat1: no visible global function definition for ‘var’
    applymodelfunc : labelswitchalggcm: no visible global function
     definition for ‘cor’
    applymodelfunc : labelswitchalggcm: no visible binding for global
     variable ‘sd’
    applymodelfunc : labelswitchalggcm : <anonymous>: no visible global
     function definition for ‘quantile’
    applymodelfunc : labelswitchalgltrm: no visible global function
     definition for ‘cor’
    applymodelfunc : labelswitchalgltrm: no visible binding for global
     variable ‘sd’
    applymodelfunc : labelswitchalgltrm : <anonymous>: no visible global
     function definition for ‘quantile’
    applymodelfunc : labelswitchalgcrm: no visible global function
     definition for ‘cor’
    applymodelfunc : labelswitchalgcrm: no visible binding for global
     variable ‘sd’
    applymodelfunc : labelswitchalgcrm : <anonymous>: no visible global
     function definition for ‘quantile’
    applymodelfunc: no visible binding for global variable ‘sd’
    applymodelfunc: no visible global function definition for ‘var’
    applymodelfunc: no visible global function definition for ‘pnorm’
    applymodelfunc: no visible global function definition for ‘dnorm’
    exportfunc: no visible global function definition for ‘write.csv’
    invprobit: no visible global function definition for ‘pnorm’
    loadfilefunc: no visible global function definition for ‘read.csv’
    plotresultsfunc: no visible global function definition for ‘jpeg’
    plotresultsfunc: no visible global function definition for ‘postscript’
    plotresultsfunc: no visible global function definition for ‘par’
    plotresultsfunc: no visible global function definition for ‘points’
    plotresultsfunc: no visible global function definition for ‘segments’
    plotresultsfunc: no visible global function definition for ‘arrows’
    plotresultsfunc: no visible global function definition for ‘text’
    plotresultsfunc: no visible global function definition for ‘box’
    plotresultsfunc: no visible global function definition for ‘axis’
    plotresultsfunc: no visible global function definition for ‘axTicks’
    plotresultsfunc: no visible global function definition for ‘dev.off’
    ppcfunc: no visible global function definition for ‘rbinom’
    ppcfunc : <anonymous>: no visible global function definition for ‘cor’
    ppcfunc : <anonymous>: no visible global function definition for ‘sd’
    ppcfunc: no visible global function definition for ‘cor’
    ppcfunc: no visible binding for global variable ‘var’
    ppcfunc: no visible global function definition for ‘var’
    ppcfunc: no visible global function definition for ‘rnorm’
    ppcfunc : <anonymous>: no visible global function definition for ‘var’
    ppcfunc: no visible global function definition for ‘jpeg’
    ppcfunc: no visible global function definition for ‘postscript’
    ppcfunc: no visible global function definition for ‘par’
    ppcfunc: no visible global function definition for ‘points’
    ppcfunc: no visible global function definition for ‘rainbow’
    ppcfunc: no visible global function definition for ‘ecdf’
    ppcfunc: no visible global function definition for ‘quantile’
    ppcfunc: no visible global function definition for ‘density’
    ppcfunc: no visible global function definition for ‘segments’
    ppcfunc: no visible global function definition for ‘text’
    ppcfunc: no visible global function definition for ‘dev.off’
    probit: no visible global function definition for ‘qnorm’
    screeplotfunc: no visible global function definition for ‘jpeg’
    screeplotfunc: no visible global function definition for ‘postscript’
    screeplotfunc : <anonymous>: no visible global function definition for
     ‘sd’
    screeplotfunc: no visible global function definition for ‘par’
    screeplotfunc: no visible global function definition for ‘cor’
    screeplotfunc: no visible global function definition for ‘dev.off’
    Undefined global functions or variables:
     arrows axTicks axis box cor cov density dev.off dnorm ecdf jpeg par
     pnorm points postscript qnorm quantile rainbow rbinom read.csv rnorm
     runif sd segments text var write.csv
    Consider adding
     importFrom("grDevices", "dev.off", "jpeg", "postscript", "rainbow")
     importFrom("graphics", "arrows", "axTicks", "axis", "box", "par",
     "points", "segments", "text")
     importFrom("stats", "cor", "cov", "density", "dnorm", "ecdf", "pnorm",
     "qnorm", "quantile", "rbinom", "rnorm", "runif", "sd",
     "var")
     importFrom("utils", "read.csv", "write.csv")
    to your NAMESPACE.
Flavors: r-devel-linux-x86_64-debian-clang, r-devel-linux-x86_64-debian-gcc, r-devel-linux-x86_64-fedora-clang, r-devel-linux-x86_64-fedora-gcc, r-devel-windows-ix86+x86_64