CRAN Package Check Results for Package CCTpack

Last updated on 2014-08-20 21:47:22.

Flavor Version Tinstall Tcheck Ttotal Status Flags
r-devel-linux-x86_64-debian-clang 1.3 1.42 33.87 35.29 OK
r-devel-linux-x86_64-debian-gcc 1.3 1.43 32.41 33.84 OK
r-devel-linux-x86_64-fedora-clang 1.4 36.25 OK
r-devel-linux-x86_64-fedora-gcc 1.4 35.20 OK
r-devel-osx-x86_64-clang 1.3 63.08 OK
r-devel-windows-ix86+x86_64 1.3 5.00 45.00 50.00 OK
r-patched-linux-x86_64 1.3 1.41 33.92 35.33 OK
r-patched-solaris-sparc 1.3 358.70 OK
r-patched-solaris-x86 1.4 78.40 OK
r-release-linux-ix86 1.3 1.93 45.04 46.97 OK
r-release-linux-x86_64 1.3 1.44 35.69 37.13 OK
r-release-osx-x86_64-mavericks 1.3 ERROR
r-release-osx-x86_64-snowleopard 1.3 OK
r-release-windows-ix86+x86_64 1.3 6.00 47.00 53.00 OK
r-oldrel-windows-ix86+x86_64 1.3 8.00 52.00 60.00 OK

Check Details

Version: 1.3
Check: package dependencies
Result: ERROR
    Packages required but not available: ‘R2jags’ ‘rjags’
    
    See the information on DESCRIPTION files in the chapter ‘Creating R
    packages’ of the ‘Writing R Extensions’ manual.
Flavor: r-release-osx-x86_64-mavericks