CRAN Package Check Results for Package CCTpack

Last updated on 2014-07-26 16:48:34.

Flavor Version Tinstall Tcheck Ttotal Status Flags
r-devel-linux-x86_64-debian-clang 1.2 1.40 33.00 34.39 OK
r-devel-linux-x86_64-debian-gcc 1.2 1.40 32.62 34.02 OK
r-devel-linux-x86_64-fedora-clang 1.2 64.81 OK
r-devel-linux-x86_64-fedora-gcc 1.2 59.93 OK
r-devel-osx-x86_64-clang 1.2 78.09 OK
r-devel-windows-ix86+x86_64 1.2 6.00 46.00 52.00 OK
r-patched-linux-x86_64 1.2 1.63 33.09 34.72 OK
r-patched-solaris-sparc 1.2 380.70 OK
r-patched-solaris-x86 1.2 93.30 OK
r-release-linux-ix86 1.2 1.92 44.50 46.42 OK
r-release-linux-x86_64 1.2 1.66 33.68 35.34 OK
r-release-osx-x86_64-mavericks 1.2 ERROR
r-release-osx-x86_64-snowleopard 1.2 OK
r-release-windows-ix86+x86_64 1.2 5.00 49.00 54.00 OK
r-oldrel-windows-ix86+x86_64 1.2 6.00 49.00 55.00 OK

Check Details

Version: 1.2
Check: package dependencies
Result: ERROR
    Packages required but not available: ‘R2jags’ ‘rjags’
    
    See the information on DESCRIPTION files in the chapter ‘Creating R
    packages’ of the ‘Writing R Extensions’ manual.
Flavor: r-release-osx-x86_64-mavericks