CRAN Package Check Results for Package CCTpack

Last updated on 2014-04-24 09:48:57.

Flavor Version Tinstall Tcheck Ttotal Status Flags
r-devel-linux-x86_64-debian-clang 1.1 1.56 34.50 36.06 OK
r-devel-linux-x86_64-debian-gcc 1.1 1.52 35.10 36.61 OK
r-devel-linux-x86_64-fedora-clang 1.1 65.92 OK
r-devel-linux-x86_64-fedora-gcc 1.1 61.30 OK
r-devel-osx-x86_64-clang 1.1 92.23 OK
r-devel-osx-x86_64-gcc 1.1 OK
r-devel-windows-ix86+x86_64 1.1 6.00 42.00 48.00 OK
r-patched-linux-x86_64 1.1 1.48 34.44 35.92 OK
r-patched-solaris-sparc 1.1 377.80 OK
r-patched-solaris-x86 1.1 98.50 OK
r-release-linux-ix86 1.1 3.00 60.00 63.00 OK
r-release-linux-x86_64 1.1 1.54 35.48 37.02 OK
r-release-osx-x86_64-mavericks 1.1 ERROR
r-release-osx-x86_64-snowleopard 1.1 OK
r-release-windows-ix86+x86_64 1.1 6.00 47.00 53.00 OK
r-oldrel-windows-ix86+x86_64 1.1 6.00 50.00 56.00 OK

Check Details

Version: 1.1
Check: package dependencies
Result: ERROR
    Packages required but not available: ‘R2jags’ ‘rjags’
    
    See the information on DESCRIPTION files in the chapter ‘Creating R
    packages’ of the ‘Writing R Extensions’ manual.
Flavor: r-release-osx-x86_64-mavericks