CRAN Package Check Results for Package CDCPLACES

Last updated on 2024-06-13 02:58:52 CEST.

Flavor Version Tinstall Tcheck Ttotal Status Flags
r-devel-linux-x86_64-debian-clang 1.1.5 9.52 126.91 136.43 OK
r-devel-linux-x86_64-debian-gcc 1.1.5 0.27 1.70 1.97 ERROR
r-devel-linux-x86_64-fedora-clang 1.1.5 170.76 OK
r-devel-linux-x86_64-fedora-gcc 1.1.5 157.59 OK
r-devel-windows-x86_64 1.1.5 8.00 245.00 253.00 OK
r-patched-linux-x86_64 1.1.5 7.21 119.06 126.27 OK
r-release-linux-x86_64 1.1.5 8.97 119.85 128.82 OK
r-release-macos-arm64 1.1.5 194.00 OK
r-release-macos-x86_64 1.1.5 233.00 OK
r-release-windows-x86_64 1.1.5 9.00 15.00 24.00 FAIL
r-oldrel-macos-arm64 1.1.5 177.00 OK
r-oldrel-macos-x86_64 1.1.5 217.00 OK
r-oldrel-windows-x86_64 1.1.5 9.00 305.00 314.00 OK

Check Details

Version: 1.1.5
Check: package dependencies
Result: ERROR Packages required but not available: 'dplyr', 'httr2', 'tidyr', 'tigris', 'usa' Package suggested but not available for checking: ‘testthat’ See section ‘The DESCRIPTION file’ in the ‘Writing R Extensions’ manual. Flavor: r-devel-linux-x86_64-debian-gcc

Version: 1.1.5
Check: package dependencies
Result: FAIL
Flavor: r-release-windows-x86_64