CRAN Package Check Results for Package CDM

Last updated on 2015-05-24 10:46:52.

Flavor Version Tinstall Tcheck Ttotal Status Flags
r-devel-linux-x86_64-debian-clang 4.2-12 30.21 69.33 99.54 OK
r-devel-linux-x86_64-debian-gcc 4.2-12 33.99 68.14 102.13 OK
r-devel-linux-x86_64-fedora-clang 4.2-12 206.46 OK
r-devel-linux-x86_64-fedora-gcc 4.2-12 188.88 OK
r-devel-osx-x86_64-clang 4.2-12 160.92 OK
r-devel-windows-ix86+x86_64 4.2-12 108.00 151.00 259.00 OK
r-patched-linux-x86_64 4.2-12 35.95 66.16 102.11 OK
r-patched-solaris-sparc 4.2-12 1253.90 NOTE
r-patched-solaris-x86 4.2-12 245.90 OK
r-release-linux-x86_64 4.2-12 34.22 66.25 100.47 OK
r-release-osx-x86_64-mavericks 4.2-12 OK
r-release-osx-x86_64-snowleopard 4.2-12 ERROR
r-release-windows-ix86+x86_64 4.2-12 106.00 136.00 242.00 OK
r-oldrel-windows-ix86+x86_64 4.2-12 105.00 168.00 273.00 OK

Check Details

Version: 4.2-12
Check: installed package size
Result: NOTE
     installed size is 5.1Mb
     sub-directories of 1Mb or more:
     data 1.3Mb
     libs 3.0Mb
Flavor: r-patched-solaris-sparc

Version: 4.2-12
Check: package dependencies
Result: NOTE
    Packages suggested but not available for checking: ‘sirt’ ‘BIFIEsurvey’
Flavor: r-release-osx-x86_64-snowleopard

Version: 4.2-12
Check: Rd cross-references
Result: NOTE
    Package unavailable to check Rd xrefs: ‘sirt’
Flavor: r-release-osx-x86_64-snowleopard

Version: 4.2-12
Check: examples
Result: ERROR
    Running examples in ‘CDM-Ex.R’ failed
    The error most likely occurred in:
    
    > ### Name: itemfit.sx2
    > ### Title: S-X2 Item Fit Statistic for Dichotomous Data
    > ### Aliases: itemfit.sx2 summary.itemfit.sx2 plot.itemfit.sx2
    > ### Keywords: Item fit summary plot
    >
    > ### ** Examples
    >
    > #############################################################################
    > # SIMULATED EXAMPLE 1: Items with unequal item slopes
    > #############################################################################
    >
    > # simulate data
    > set.seed(9871)
    > I <- 11
    > b <- seq( -1.5, 1.5 , length=I)
    > a <- rep(1,I)
    > a[4] <- .4
    > N <- 1000
    > library(sirt)
    Error in library(sirt) : there is no package called ‘sirt’
    Execution halted
Flavor: r-release-osx-x86_64-snowleopard