CRAN Package Check Results for Package CDM

Last updated on 2016-06-25 21:47:16.

Flavor Version Tinstall Tcheck Ttotal Status Flags
r-devel-linux-x86_64-debian-gcc 4.991-1 44.14 71.61 115.74 OK
r-devel-linux-x86_64-fedora-clang 4.991-1 213.61 OK
r-devel-linux-x86_64-fedora-gcc 4.991-1 189.21 OK
r-devel-osx-x86_64-clang 4.991-1 156.20 OK
r-devel-windows-ix86+x86_64 4.991-1 157.00 156.00 313.00 OK
r-patched-linux-x86_64 4.991-1 31.41 71.65 103.05 OK
r-patched-solaris-sparc 4.991-1 1221.20 NOTE
r-patched-solaris-x86 4.991-1 228.20 NOTE
r-release-linux-x86_64 4.991-1 31.71 70.52 102.23 OK
r-release-osx-x86_64-mavericks 4.991-1 OK
r-release-windows-ix86+x86_64 4.991-1 166.00 191.00 357.00 OK
r-oldrel-windows-ix86+x86_64 4.991-1 157.00 169.00 326.00 OK

Check Details

Version: 4.991-1
Check: installed package size
Result: NOTE
     installed size is 7.1Mb
     sub-directories of 1Mb or more:
     data 1.3Mb
     libs 5.0Mb
Flavors: r-patched-solaris-sparc, r-patched-solaris-x86