CRAN Package Check Results for Package CDM

Last updated on 2018-05-22 22:48:17 CEST.

Flavor Version Tinstall Tcheck Ttotal Status Flags
r-devel-linux-x86_64-debian-clang 6.2-91 90.72 129.27 219.99 OK
r-devel-linux-x86_64-debian-gcc 6.2-91 82.21 98.63 180.84 OK
r-devel-linux-x86_64-fedora-clang 6.2-91 303.05 NOTE
r-devel-linux-x86_64-fedora-gcc 6.2-91 293.02 NOTE
r-devel-windows-ix86+x86_64 6.2-91 181.00 181.00 362.00 OK
r-patched-linux-x86_64 6.2-91 100.55 126.76 227.31 OK
r-patched-solaris-x86 6.2-91 308.20 OK
r-release-linux-x86_64 6.2-91 109.54 127.57 237.11 OK
r-release-windows-ix86+x86_64 6.2-91 239.00 237.00 476.00 OK
r-release-osx-x86_64 6.2-91 OK
r-oldrel-windows-ix86+x86_64 6.2-91 202.00 237.00 439.00 OK
r-oldrel-osx-x86_64 6.1-10 OK

Check Details

Version: 6.2-91
Check: installed package size
Result: NOTE
     installed size is 5.3Mb
     sub-directories of 1Mb or more:
     data 1.3Mb
     libs 2.6Mb
Flavors: r-devel-linux-x86_64-fedora-clang, r-devel-linux-x86_64-fedora-gcc