CRAN Package Check Results for Package CDM

Last updated on 2017-12-15 02:48:16 CET.

Flavor Version Tinstall Tcheck Ttotal Status Flags
r-devel-linux-x86_64-debian-clang 6.0-101 52.36 85.70 138.06 FAIL
r-devel-linux-x86_64-debian-gcc 6.0-101 41.90 104.38 146.28 OK
r-devel-linux-x86_64-fedora-clang 6.0-101 236.42 OK
r-devel-linux-x86_64-fedora-gcc 6.0-101 220.54 OK
r-devel-windows-ix86+x86_64 6.0-101 174.00 186.00 360.00 OK
r-patched-linux-x86_64 6.0-101 53.35 141.41 194.76 OK
r-patched-solaris-x86 6.0-101 261.20 OK
r-release-linux-x86_64 6.0-101 53.62 140.66 194.28 OK
r-release-windows-ix86+x86_64 6.0-101 114.00 174.00 288.00 OK
r-release-osx-x86_64 6.0-101 OK
r-oldrel-windows-ix86+x86_64 6.0-101 113.00 205.00 318.00 OK
r-oldrel-osx-x86_64 6.0-101 OK

Check Details

Version: 6.0-101
Check: pragmas in C/C++ headers and code
Result: FAIL
    
Flavor: r-devel-linux-x86_64-debian-clang