CRAN Package Check Results for Package CDM

Last updated on 2015-03-06 14:46:51.

Flavor Version Tinstall Tcheck Ttotal Status Flags
r-devel-linux-x86_64-debian-clang 4.2-12 27.89 69.65 97.54 OK
r-devel-linux-x86_64-debian-gcc 4.2-12 33.29 66.75 100.04 OK
r-devel-linux-x86_64-fedora-clang 4.2-12 207.28 OK
r-devel-linux-x86_64-fedora-gcc 4.2-12 186.44 OK
r-devel-osx-x86_64-clang 4.2-12 167.98 OK
r-devel-windows-ix86+x86_64 4.2-12 102.00 143.00 245.00 OK
r-patched-linux-x86_64 4.2-12 33.46 85.10 118.55 OK
r-patched-solaris-sparc 4.2-12 1431.30 OK
r-patched-solaris-x86 4.2-12 284.60 OK
r-release-linux-ix86 4.2-12 40.85 108.18 149.02 OK
r-release-linux-x86_64 4.2-12 32.99 80.67 113.66 OK
r-release-osx-x86_64-mavericks 4.2-12 ERROR
r-release-osx-x86_64-snowleopard 4.2-12 OK
r-release-windows-ix86+x86_64 4.2-12 110.00 180.00 290.00 OK
r-oldrel-windows-ix86+x86_64 4.2-12 101.00 198.00 299.00 OK

Check Details

Version: 4.2-12
Check: examples
Result: ERROR
    Running examples in ‘CDM-Ex.R’ failed
    The error most likely occurred in:
    
    > ### Name: itemfit.sx2
    > ### Title: S-X2 Item Fit Statistic for Dichotomous Data
    > ### Aliases: itemfit.sx2 summary.itemfit.sx2 plot.itemfit.sx2
    > ### Keywords: Item fit summary plot
    >
    > ### ** Examples
    >
    > #############################################################################
    > # SIMULATED EXAMPLE 1: Items with unequal item slopes
    > #############################################################################
    >
    > # simulate data
    > set.seed(9871)
    > I <- 11
    > b <- seq( -1.5, 1.5 , length=I)
    > a <- rep(1,I)
    > a[4] <- .4
    > N <- 1000
    > library(sirt)
    Loading required package: TAM
    Loading required package: MASS
    ::...........................::
    :: TAM 1.3 (2015-01-06) ::
    :: Test Analysis Modules ::
    ::...........................::
    
    Error in loadNamespace(i, c(lib.loc, .libPaths()), versionCheck = vI[[i]]) :
     there is no package called ‘semPlot’
    Error: package or namespace load failed for ‘sirt’
    Execution halted
Flavor: r-release-osx-x86_64-mavericks