CRAN Package Check Results for Package CDM

Last updated on 2014-04-24 03:47:41.

Flavor Version Tinstall Tcheck Ttotal Status Flags
r-devel-linux-x86_64-debian-clang 3.2-6 17.98 63.17 81.16 OK
r-devel-linux-x86_64-debian-gcc 3.2-6 21.78 64.39 86.17 OK
r-devel-linux-x86_64-fedora-clang 3.2-6 137.74 OK
r-devel-linux-x86_64-fedora-gcc 3.2-6 102.83 OK
r-devel-osx-x86_64-clang 3.2-6 106.30 OK
r-devel-osx-x86_64-gcc 3.1-14 ERROR
r-devel-windows-ix86+x86_64 3.2-6 56.00 125.00 181.00 OK
r-patched-linux-x86_64 3.1-14 21.88 62.65 84.52 OK
r-patched-solaris-sparc 3.2-6 890.90 OK
r-patched-solaris-x86 3.2-6 188.80 OK
r-release-linux-ix86 3.1-14 33.00 99.00 132.00 OK
r-release-linux-x86_64 3.1-14 21.80 62.20 84.00 OK
r-release-osx-x86_64-mavericks 3.1-14 ERROR
r-release-osx-x86_64-snowleopard 3.1-14 OK
r-release-windows-ix86+x86_64 3.2-6 55.00 121.00 176.00 OK
r-oldrel-windows-ix86+x86_64 3.1-14 71.00 118.00 189.00 OK

Check Details

Version: 3.1-14
Check: package dependencies
Result: NOTE
    Package suggested but not available for checking: ‘sirt’
Flavors: r-devel-osx-x86_64-gcc, r-release-osx-x86_64-mavericks

Version: 3.1-14
Check: R code for possible problems
Result: NOTE
    simul.mcdina: no visible global function definition for
     ‘rowCumsums.sirt’
    simul.mcdina: no visible global function definition for
     ‘rowIntervalIndex.sirt’
Flavors: r-devel-osx-x86_64-gcc, r-release-osx-x86_64-mavericks

Version: 3.1-14
Check: Rd cross-references
Result: NOTE
    Package unavailable to check Rd xrefs: ‘sirt’
Flavors: r-devel-osx-x86_64-gcc, r-release-osx-x86_64-mavericks

Version: 3.1-14
Check: examples
Result: ERROR
    Running examples in ‘CDM-Ex.R’ failed
    The error most likely occurred in:
    
    > ### Name: itemfit.sx2
    > ### Title: S-X2 Item Fit Statistic For Dichotomous Data
    > ### Aliases: itemfit.sx2 summary.itemfit.sx2 plot.itemfit.sx2
    > ### Keywords: Item fit summary plot
    >
    > ### ** Examples
    >
    > #############################################################################
    > # SIMULATED EXAMPLE 1: Items with unequal item slopes
    > #############################################################################
    >
    > # simulate data
    > set.seed(9871)
    > I <- 11
    > b <- seq( -1.5, 1.5 , length=I)
    > a <- rep(1,I)
    > a[4] <- .4
    > N <- 1000
    > library(sirt)
    Error in library(sirt) : there is no package called ‘sirt’
    Execution halted
Flavors: r-devel-osx-x86_64-gcc, r-release-osx-x86_64-mavericks