CRAN Package Check Results for Package CDM

Last updated on 2015-07-05 03:47:19.

Flavor Version Tinstall Tcheck Ttotal Status Flags
r-devel-linux-x86_64-debian-clang 4.4-1 30.14 70.99 101.14 OK
r-devel-linux-x86_64-debian-gcc 4.4-1 34.34 69.17 103.51 OK
r-devel-linux-x86_64-fedora-clang 4.4-1 209.65 OK
r-devel-linux-x86_64-fedora-gcc 4.4-1 191.70 OK
r-devel-osx-x86_64-clang 4.4-1 160.85 OK
r-devel-windows-ix86+x86_64 4.4-1 109.00 150.00 259.00 OK
r-patched-linux-x86_64 4.4-1 34.02 70.44 104.47 OK
r-patched-solaris-sparc 4.4-1 1243.80 NOTE
r-patched-solaris-x86 4.4-1 259.40 OK
r-release-linux-x86_64 4.4-1 32.90 68.75 101.65 OK
r-release-osx-x86_64-mavericks 4.4-1 OK
r-release-windows-ix86+x86_64 4.4-1 148.00 131.00 279.00 OK
r-oldrel-windows-ix86+x86_64 4.4-1 139.00 167.00 306.00 OK

Check Details

Version: 4.4-1
Check: installed package size
Result: NOTE
     installed size is 5.1Mb
     sub-directories of 1Mb or more:
     data 1.3Mb
     libs 3.0Mb
Flavor: r-patched-solaris-sparc