CRAN Package Check Results for Package CDM

Last updated on 2016-07-23 10:52:55.

Flavor Version Tinstall Tcheck Ttotal Status Flags
r-devel-linux-x86_64-debian-clang 5.0-0 46.97 82.46 129.43 OK
r-devel-linux-x86_64-debian-gcc 5.0-0 48.72 82.92 131.64 OK
r-devel-linux-x86_64-fedora-clang 5.0-0 219.90 OK
r-devel-linux-x86_64-fedora-gcc 5.0-0 191.57 OK
r-devel-osx-x86_64-clang 5.0-0 158.39 OK
r-devel-windows-ix86+x86_64 5.0-0 154.00 156.00 310.00 OK
r-patched-linux-x86_64 5.0-0 35.09 75.94 111.03 OK
r-patched-solaris-sparc 5.0-0 1147.80 NOTE
r-patched-solaris-x86 5.0-0 222.80 OK
r-release-linux-x86_64 5.0-0 37.45 81.16 118.62 OK
r-release-osx-x86_64-mavericks 5.0-0 OK
r-release-windows-ix86+x86_64 5.0-0 117.00 146.00 263.00 OK
r-oldrel-windows-ix86+x86_64 5.0-0 147.00 206.00 353.00 OK

Check Details

Version: 5.0-0
Check: installed package size
Result: NOTE
     installed size is 7.1Mb
     sub-directories of 1Mb or more:
     data 1.3Mb
     libs 5.0Mb
Flavor: r-patched-solaris-sparc