CRAN Package Check Results for Package CDM

Last updated on 2014-08-20 17:47:38.

Flavor Version Tinstall Tcheck Ttotal Status Flags
r-devel-linux-x86_64-debian-clang 3.3-24 20.27 67.14 87.41 OK
r-devel-linux-x86_64-debian-gcc 3.3-24 24.71 67.18 91.90 OK
r-devel-linux-x86_64-fedora-clang 3.3-24 194.66 NOTE
r-devel-linux-x86_64-fedora-gcc 3.3-24 170.67 NOTE
r-devel-osx-x86_64-clang 3.3-24 139.56 NOTE
r-devel-windows-ix86+x86_64 3.3-24 77.00 139.00 216.00 OK
r-patched-linux-x86_64 3.3-24 24.65 70.53 95.18 OK
r-patched-solaris-sparc 3.3-24 1122.30 OK
r-patched-solaris-x86 3.3-24 233.80 OK
r-release-linux-ix86 3.3-24 31.24 87.21 118.45 OK
r-release-linux-x86_64 3.3-24 24.48 68.68 93.17 OK
r-release-osx-x86_64-mavericks 3.3-24 OK
r-release-osx-x86_64-snowleopard 3.3-24 OK
r-release-windows-ix86+x86_64 3.3-24 76.00 159.00 235.00 OK
r-oldrel-windows-ix86+x86_64 3.3-24 77.00 157.00 234.00 OK

Check Details

Version: 3.3-24
Check: R code for possible problems
Result: NOTE
    simul.mcdina: no visible global function definition for
     ‘rowCumsums.sirt’
    simul.mcdina: no visible global function definition for
     ‘rowIntervalIndex.sirt’
Flavors: r-devel-linux-x86_64-fedora-clang, r-devel-linux-x86_64-fedora-gcc, r-devel-osx-x86_64-clang