CRAN Package Check Results for Package CDM

Last updated on 2016-08-29 21:49:00.

Flavor Version Tinstall Tcheck Ttotal Status Flags
r-devel-linux-x86_64-debian-clang 5.0-0 36.18 81.96 118.14 OK
r-devel-linux-x86_64-debian-gcc 5.1-0 35.90 80.98 116.88 NOTE
r-devel-linux-x86_64-fedora-clang 5.1-0 138.68 OK
r-devel-linux-x86_64-fedora-gcc 5.1-0 127.61 OK
r-devel-osx-x86_64-clang 5.1-0 100.75 OK
r-devel-windows-ix86+x86_64 5.0-0 152.00 198.00 350.00 OK
r-patched-linux-x86_64 5.0-0 31.56 78.46 110.02 OK
r-patched-solaris-sparc 5.1-0 1143.40 OK
r-patched-solaris-x86 5.1-0 202.90 OK
r-release-linux-x86_64 5.0-0 31.29 83.24 114.53 OK
r-release-osx-x86_64-mavericks 5.0-0 OK
r-release-windows-ix86+x86_64 5.0-0 102.00 138.00 240.00 OK
r-oldrel-windows-ix86+x86_64 5.1-0 135.00 214.00 349.00 OK

Check Details

Version: 5.1-0
Check: package dependencies
Result: NOTE
    Packages suggested but not available for checking: ‘BIFIEsurvey’ ‘miceadds’
Flavor: r-devel-linux-x86_64-debian-gcc