CRAN Package Check Results for Package CDM

Last updated on 2015-04-19 09:55:30.

Flavor Version Tinstall Tcheck Ttotal Status Flags
r-devel-linux-x86_64-debian-clang 4.2-12 29.72 69.74 99.46 OK
r-devel-linux-x86_64-debian-gcc 4.2-12 32.54 65.73 98.27 OK
r-devel-linux-x86_64-fedora-clang 4.2-12 207.25 OK
r-devel-linux-x86_64-fedora-gcc 4.2-12 205.08 OK
r-devel-osx-x86_64-clang 4.2-12 158.70 OK
r-devel-windows-ix86+x86_64 4.2-12 132.00 185.00 317.00 OK
r-patched-linux-x86_64 4.2-12 34.82 67.72 102.54 OK
r-patched-solaris-sparc 4.2-12 1264.70 OK
r-patched-solaris-x86 4.2-12 245.10 OK
r-release-linux-x86_64 4.2-12 32.86 68.53 101.39 OK
r-release-osx-x86_64-mavericks 4.2-12 ERROR
r-release-osx-x86_64-snowleopard 4.2-12 ERROR
r-release-windows-ix86+x86_64 4.2-12 91.00 144.00 235.00 OK
r-oldrel-windows-ix86+x86_64 4.2-12 120.00 245.00 365.00 OK

Check Details

Version: 4.2-12
Check: package dependencies
Result: NOTE
    Packages suggested but not available for checking:
     ‘TAM’ ‘sirt’ ‘BIFIEsurvey’
Flavor: r-release-osx-x86_64-mavericks

Version: 4.2-12
Check: Rd cross-references
Result: NOTE
    Packages unavailable to check Rd xrefs: ‘sirt’, ‘TAM’
Flavor: r-release-osx-x86_64-mavericks

Version: 4.2-12
Check: examples
Result: ERROR
    Running examples in ‘CDM-Ex.R’ failed
    The error most likely occurred in:
    
    > ### Name: itemfit.sx2
    > ### Title: S-X2 Item Fit Statistic for Dichotomous Data
    > ### Aliases: itemfit.sx2 summary.itemfit.sx2 plot.itemfit.sx2
    > ### Keywords: Item fit summary plot
    >
    > ### ** Examples
    >
    > #############################################################################
    > # SIMULATED EXAMPLE 1: Items with unequal item slopes
    > #############################################################################
    >
    > # simulate data
    > set.seed(9871)
    > I <- 11
    > b <- seq( -1.5, 1.5 , length=I)
    > a <- rep(1,I)
    > a[4] <- .4
    > N <- 1000
    > library(sirt)
    Error in library(sirt) : there is no package called ‘sirt’
    Execution halted
Flavors: r-release-osx-x86_64-mavericks, r-release-osx-x86_64-snowleopard

Version: 4.2-12
Check: package dependencies
Result: NOTE
    Packages suggested but not available for checking: ‘sirt’ ‘BIFIEsurvey’
Flavor: r-release-osx-x86_64-snowleopard

Version: 4.2-12
Check: Rd cross-references
Result: NOTE
    Package unavailable to check Rd xrefs: ‘sirt’
Flavor: r-release-osx-x86_64-snowleopard