CRAN Package Check Results for Package CDNmoney

Last updated on 2014-12-22 03:48:50.

Flavor Version Tinstall Tcheck Ttotal Status Flags
r-devel-linux-x86_64-debian-clang 2012.4-1 0.71 12.38 13.09 NOTE
r-devel-linux-x86_64-debian-gcc 2012.4-1 0.67 12.35 13.02 NOTE
r-devel-linux-x86_64-fedora-clang 2012.4-1 27.64 NOTE
r-devel-linux-x86_64-fedora-gcc 2012.4-1 25.51 NOTE
r-devel-osx-x86_64-clang 2012.4-1 31.81 OK
r-devel-windows-ix86+x86_64 2012.4-1 3.00 22.00 25.00 OK
r-patched-linux-x86_64 2012.4-1 0.73 12.48 13.21 NOTE
r-patched-solaris-sparc 2012.4-1 180.30 OK
r-patched-solaris-x86 2012.4-1 39.60 OK
r-release-linux-ix86 2012.4-1 1.05 19.55 20.60 OK
r-release-linux-x86_64 2012.4-1 0.73 12.40 13.13 NOTE
r-release-osx-x86_64-mavericks 2012.4-1 OK
r-release-windows-ix86+x86_64 2012.4-1 3.00 25.00 28.00 OK
r-oldrel-windows-ix86+x86_64 2012.4-1 3.00 23.00 26.00 OK

Check Details

Version: 2012.4-1
Check: Rd line widths
Result: NOTE
    Rd file 'CanadianMoneyData.Rd':
     \examples lines wider than 100 characters:
     M1pp <- tframed(CUadj + M1p + MV36818 + MV36828 + adjM1pp + NonbankNonCheq, names="gross M1++ (V37259)")
     M2 <- tframed(V37173 + MV41552775 + MV41552777 + MV36818 + MV36828 + MV36823, names="gross M2 (V41552786)")
    
    These lines will be truncated in the PDF manual.
Flavors: r-devel-linux-x86_64-debian-clang, r-devel-linux-x86_64-debian-gcc, r-devel-linux-x86_64-fedora-clang, r-devel-linux-x86_64-fedora-gcc, r-patched-linux-x86_64, r-release-linux-x86_64