CRAN Package Check Results for Package CDNmoney

Last updated on 2015-04-25 03:47:40.

Flavor Version Tinstall Tcheck Ttotal Status Flags
r-devel-linux-x86_64-debian-clang 2012.4-1 0.66 11.31 11.97 NOTE
r-devel-linux-x86_64-debian-gcc 2012.4-1 0.64 11.55 12.19 NOTE
r-devel-linux-x86_64-fedora-clang 2012.4-1 23.79 NOTE
r-devel-linux-x86_64-fedora-gcc 2012.4-1 23.13 NOTE
r-devel-osx-x86_64-clang 2012.4-1 31.32 OK
r-devel-windows-ix86+x86_64 2012.4-1 2.00 21.00 23.00 OK
r-patched-linux-x86_64 2012.4-1 0.84 11.08 11.92 NOTE
r-patched-solaris-sparc 2012.4-1 172.50 OK
r-patched-solaris-x86 2012.4-1 33.40 OK
r-release-linux-x86_64 2012.4-1 0.64 11.19 11.83 NOTE
r-release-osx-x86_64-mavericks 2012.4-1 OK
r-release-osx-x86_64-snowleopard 2012.4-1 OK
r-release-windows-ix86+x86_64 2012.4-1 3.00 21.00 24.00 OK
r-oldrel-windows-ix86+x86_64 2012.4-1 2.00 21.00 23.00 OK

Check Details

Version: 2012.4-1
Check: Rd line widths
Result: NOTE
    Rd file 'CanadianMoneyData.Rd':
     \examples lines wider than 100 characters:
     M1pp <- tframed(CUadj + M1p + MV36818 + MV36828 + adjM1pp + NonbankNonCheq, names="gross M1++ (V37259)")
     M2 <- tframed(V37173 + MV41552775 + MV41552777 + MV36818 + MV36828 + MV36823, names="gross M2 (V41552786)")
    
    These lines will be truncated in the PDF manual.
Flavor: r-patched-linux-x86_64