CRAN Package Check Results for Package CDNmoney

Last updated on 2015-03-28 00:54:12.

Flavor Version Tinstall Tcheck Ttotal Status Flags
r-devel-linux-x86_64-debian-clang 2012.4-1 0.66 11.89 12.55 NOTE
r-devel-linux-x86_64-debian-gcc 2012.4-1 0.74 11.50 12.24 NOTE
r-devel-linux-x86_64-fedora-clang 2012.4-1 24.35 NOTE
r-devel-linux-x86_64-fedora-gcc 2012.4-1 23.61 NOTE
r-devel-osx-x86_64-clang 2012.4-1 35.18 OK
r-prerel-windows-ix86+x86_64 2012.4-1 3.00 19.00 22.00 OK
r-prerel-linux-x86_64 2012.4-1 0.64 11.67 12.31 NOTE
r-prerel-solaris-sparc 2012.4-1 172.50 OK
r-prerel-solaris-x86 2012.4-1 33.70 OK
r-release-linux-x86_64 2012.4-1 0.80 13.06 13.86 NOTE
r-release-osx-x86_64-mavericks 2012.4-1 OK
r-release-windows-ix86+x86_64 2012.4-1 3.00 22.00 25.00 OK
r-oldrel-windows-ix86+x86_64 2012.4-1 3.00 29.00 32.00 OK

Check Details

Version: 2012.4-1
Check: Rd line widths
Result: NOTE
    Rd file 'CanadianMoneyData.Rd':
     \examples lines wider than 100 characters:
     M1pp <- tframed(CUadj + M1p + MV36818 + MV36828 + adjM1pp + NonbankNonCheq, names="gross M1++ (V37259)")
     M2 <- tframed(V37173 + MV41552775 + MV41552777 + MV36818 + MV36828 + MV36823, names="gross M2 (V41552786)")
    
    These lines will be truncated in the PDF manual.
Flavors: r-devel-linux-x86_64-debian-clang, r-devel-linux-x86_64-debian-gcc, r-devel-linux-x86_64-fedora-clang, r-devel-linux-x86_64-fedora-gcc, r-prerel-linux-x86_64, r-release-linux-x86_64