CRAN Package Check Results for Package CDNmoney

Last updated on 2014-04-18 03:47:13.

Flavor Version Tinstall Tcheck Ttotal Status Flags
r-devel-linux-x86_64-debian-clang 2012.4-1 0.73 11.46 12.18 OK
r-devel-linux-x86_64-debian-gcc OK
r-devel-linux-x86_64-fedora-clang 2012.4-1 24.58 NOTE
r-devel-linux-x86_64-fedora-gcc 2012.4-1 22.91 NOTE
r-devel-macosx-x86_64-clang 2012.4-1 30.16 OK
r-devel-macosx-x86_64-gcc 2012.4-1 OK
r-devel-windows-ix86+x86_64 2012.4-1 3.00 20.00 23.00 OK
r-patched-linux-x86_64 2012.4-1 0.74 11.58 12.32 OK
r-patched-solaris-sparc 2012.4-1 154.40 OK
r-patched-solaris-x86 2012.4-1 35.30 OK
r-release-linux-ix86 2012.4-1 2.00 36.00 38.00 OK
r-release-linux-x86_64 2012.4-1 0.74 11.32 12.05 OK
r-release-windows-ix86+x86_64 2012.4-1 3.00 20.00 23.00 OK
r-oldrel-windows-ix86+x86_64 2012.4-1 3.00 23.00 26.00 OK

Check Details

Version: 2012.4-1
Check: Rd line widths
Result: NOTE
    Rd file 'CanadianMoneyData.Rd':
     \examples lines wider than 100 characters:
     M1pp <- tframed(CUadj + M1p + MV36818 + MV36828 + adjM1pp + NonbankNonCheq, names="gross M1++ (V37259)")
     M2 <- tframed(V37173 + MV41552775 + MV41552777 + MV36818 + MV36828 + MV36823, names="gross M2 (V41552786)")
    
    These lines will be truncated in the PDF manual.
Flavors: r-devel-linux-x86_64-fedora-clang, r-devel-linux-x86_64-fedora-gcc