CRAN Package Check Results for Package CDNmoney

Last updated on 2015-01-30 09:54:15.

Flavor Version Tinstall Tcheck Ttotal Status Flags
r-devel-linux-x86_64-debian-clang 2012.4-1 0.68 11.81 12.49 NOTE
r-devel-linux-x86_64-debian-gcc 2012.4-1 0.72 11.37 12.09 NOTE
r-devel-linux-x86_64-fedora-clang 2012.4-1 26.10 NOTE
r-devel-linux-x86_64-fedora-gcc 2012.4-1 24.57 NOTE
r-devel-osx-x86_64-clang 2012.4-1 33.43 OK
r-devel-windows-ix86+x86_64 2012.4-1 3.00 21.00 24.00 OK
r-patched-linux-x86_64 2012.4-1 0.72 12.12 12.85 NOTE
r-patched-solaris-sparc 2012.4-1 188.30 OK
r-patched-solaris-x86 2012.4-1 38.10 OK
r-release-linux-ix86 2012.4-1 1.06 19.18 20.24 OK
r-release-linux-x86_64 2012.4-1 0.72 12.45 13.17 NOTE
r-release-osx-x86_64-mavericks 2012.4-1 OK
r-release-windows-ix86+x86_64 2012.4-1 3.00 25.00 28.00 OK
r-oldrel-windows-ix86+x86_64 2012.4-1 3.00 23.00 26.00 OK

Check Details

Version: 2012.4-1
Check: Rd line widths
Result: NOTE
    Rd file 'CanadianMoneyData.Rd':
     \examples lines wider than 100 characters:
     M1pp <- tframed(CUadj + M1p + MV36818 + MV36828 + adjM1pp + NonbankNonCheq, names="gross M1++ (V37259)")
     M2 <- tframed(V37173 + MV41552775 + MV41552777 + MV36818 + MV36828 + MV36823, names="gross M2 (V41552786)")
    
    These lines will be truncated in the PDF manual.
Flavors: r-devel-linux-x86_64-debian-clang, r-devel-linux-x86_64-debian-gcc, r-devel-linux-x86_64-fedora-clang, r-devel-linux-x86_64-fedora-gcc, r-patched-linux-x86_64, r-release-linux-x86_64