CRAN Package Check Results for Package CDNmoney

Last updated on 2014-11-21 11:48:35.

Flavor Version Tinstall Tcheck Ttotal Status Flags
r-devel-linux-x86_64-debian-clang 2012.4-1 0.74 12.20 12.93 NOTE
r-devel-linux-x86_64-debian-gcc 2012.4-1 0.68 12.11 12.79 NOTE
r-devel-linux-x86_64-fedora-clang 2012.4-1 28.13 NOTE
r-devel-linux-x86_64-fedora-gcc 2012.4-1 25.56 NOTE
r-devel-osx-x86_64-clang 2012.4-1 33.15 OK
r-devel-windows-ix86+x86_64 2012.4-1 2.00 23.00 25.00 OK
r-patched-linux-x86_64 2012.4-1 0.81 12.08 12.89 NOTE
r-patched-solaris-sparc 2012.4-1 180.30 OK
r-patched-solaris-x86 2012.4-1 37.70 OK
r-release-linux-ix86 2012.4-1 1.05 19.32 20.36 OK
r-release-linux-x86_64 2012.4-1 0.77 12.16 12.93 NOTE
r-release-osx-x86_64-mavericks 2012.4-1 OK
r-release-windows-ix86+x86_64 2012.4-1 4.00 25.00 29.00 OK
r-oldrel-windows-ix86+x86_64 2012.4-1 3.00 22.00 25.00 OK

Check Details

Version: 2012.4-1
Check: Rd line widths
Result: NOTE
    Rd file 'CanadianMoneyData.Rd':
     \examples lines wider than 100 characters:
     M1pp <- tframed(CUadj + M1p + MV36818 + MV36828 + adjM1pp + NonbankNonCheq, names="gross M1++ (V37259)")
     M2 <- tframed(V37173 + MV41552775 + MV41552777 + MV36818 + MV36828 + MV36823, names="gross M2 (V41552786)")
    
    These lines will be truncated in the PDF manual.
Flavors: r-devel-linux-x86_64-debian-clang, r-devel-linux-x86_64-debian-gcc, r-devel-linux-x86_64-fedora-clang, r-devel-linux-x86_64-fedora-gcc, r-patched-linux-x86_64, r-release-linux-x86_64