CRAN Package Check Results for Package CDNmoney

Last updated on 2014-08-21 19:48:42.

Flavor Version Tinstall Tcheck Ttotal Status Flags
r-devel-linux-x86_64-debian-clang 2012.4-1 0.69 11.00 11.69 OK
r-devel-linux-x86_64-debian-gcc 2012.4-1 0.66 10.84 11.50 OK
r-devel-linux-x86_64-fedora-clang 2012.4-1 26.24 NOTE
r-devel-linux-x86_64-fedora-gcc 2012.4-1 22.74 NOTE
r-devel-osx-x86_64-clang 2012.4-1 28.37 OK
r-devel-windows-ix86+x86_64 2012.4-1 3.00 20.00 23.00 OK
r-patched-linux-x86_64 2012.4-1 0.69 10.98 11.68 OK
r-patched-solaris-sparc 2012.4-1 180.30 OK
r-patched-solaris-x86 2012.4-1 35.60 OK
r-release-linux-ix86 2012.4-1 1.07 19.28 20.35 OK
r-release-linux-x86_64 2012.4-1 0.71 11.14 11.85 OK
r-release-osx-x86_64-mavericks 2012.4-1 OK
r-release-windows-ix86+x86_64 2012.4-1 3.00 21.00 24.00 OK
r-oldrel-windows-ix86+x86_64 2012.4-1 3.00 21.00 24.00 OK

Check Details

Version: 2012.4-1
Check: Rd line widths
Result: NOTE
    Rd file 'CanadianMoneyData.Rd':
     \examples lines wider than 100 characters:
     M1pp <- tframed(CUadj + M1p + MV36818 + MV36828 + adjM1pp + NonbankNonCheq, names="gross M1++ (V37259)")
     M2 <- tframed(V37173 + MV41552775 + MV41552777 + MV36818 + MV36828 + MV36823, names="gross M2 (V41552786)")
    
    These lines will be truncated in the PDF manual.
Flavors: r-devel-linux-x86_64-fedora-clang, r-devel-linux-x86_64-fedora-gcc