Last updated on 2021-04-22 18:48:29 CEST.
Flavor | Version | Tinstall | Tcheck | Ttotal | Status | Flags |
---|---|---|---|---|---|---|
r-devel-linux-x86_64-debian-clang | 1.0.8 | 76.68 | 238.68 | 315.36 | OK | |
r-devel-linux-x86_64-debian-gcc | 1.0.8 | 50.13 | 176.01 | 226.14 | OK | |
r-devel-linux-x86_64-fedora-clang | 1.0.8 | 392.40 | NOTE | |||
r-devel-linux-x86_64-fedora-gcc | 1.0.8 | 369.77 | NOTE | |||
r-devel-windows-ix86+x86_64 | 1.0.8 | 171.00 | 436.00 | 607.00 | NOTE | |
r-devel-windows-x86_64-gcc10-UCRT | 1.0.8 | NOTE | ||||
r-patched-linux-x86_64 | 1.0.8 | 55.17 | 225.70 | 280.87 | OK | |
r-patched-solaris-x86 | 1.0.8 | 473.90 | NOTE | |||
r-release-linux-x86_64 | 1.0.8 | 59.73 | 226.08 | 285.81 | OK | |
r-release-macos-x86_64 | 1.0.8 | NOTE | ||||
r-release-windows-ix86+x86_64 | 1.0.8 | 171.00 | 467.00 | 638.00 | NOTE | |
r-oldrel-macos-x86_64 | 1.0.8 | NOTE | ||||
r-oldrel-windows-ix86+x86_64 | 1.0.8 | 116.00 | 7.00 | 123.00 | ERROR |
Version: 1.0.8
Check: installed package size
Result: NOTE
installed size is 5.0Mb
sub-directories of 1Mb or more:
doc 2.4Mb
libs 1.3Mb
Flavors: r-devel-linux-x86_64-fedora-clang, r-devel-windows-ix86+x86_64, r-release-macos-x86_64, r-release-windows-ix86+x86_64, r-oldrel-macos-x86_64
Version: 1.0.8
Check: dependencies in R code
Result: NOTE
Namespaces in Imports field not imported from:
‘ggpubr’ ‘matrixStats’ ‘qlcMatrix’
All declared Imports should be used.
Flavors: r-devel-linux-x86_64-fedora-clang, r-devel-linux-x86_64-fedora-gcc, r-devel-windows-x86_64-gcc10-UCRT, r-patched-solaris-x86, r-release-macos-x86_64, r-oldrel-macos-x86_64
Version: 1.0.8
Check: whether package can be installed
Result: ERROR
Installation failed.
Flavor: r-oldrel-windows-ix86+x86_64