CRAN Package Check Results for Package CDVine

Last updated on 2015-07-05 15:46:22.

Flavor Version Tinstall Tcheck Ttotal Status Flags
r-devel-linux-x86_64-debian-clang 1.2 2.88 34.57 37.45 NOTE
r-devel-linux-x86_64-debian-gcc 1.2 4.01 34.39 38.40 NOTE
r-devel-linux-x86_64-fedora-clang 1.2 69.56 NOTE
r-devel-linux-x86_64-fedora-gcc 1.2 67.00 NOTE
r-devel-osx-x86_64-clang 1.2 61.18 OK
r-devel-windows-ix86+x86_64 1.2 18.00 67.00 85.00 NOTE
r-patched-linux-x86_64 1.2 3.57 34.20 37.77 OK
r-patched-solaris-sparc 1.2 448.30 OK --no-build-vignettes
r-patched-solaris-x86 1.2 90.00 OK
r-release-linux-x86_64 1.2 5.66 34.44 40.10 OK
r-release-osx-x86_64-mavericks 1.2 OK
r-release-windows-ix86+x86_64 1.2 24.00 63.00 87.00 OK
r-oldrel-windows-ix86+x86_64 1.2 23.00 109.00 132.00 OK

Check Details

Version: 1.2
Check: R code for possible problems
Result: NOTE
    BiCopCDF : cdf: no visible global function definition for ‘qnorm’
    BiCopCDF : cdf: no visible global function definition for ‘qt’
    BiCopChiPlot: no visible global function definition for ‘plot’
    BiCopChiPlot: no visible global function definition for ‘abline’
    BiCopEst : tauder: no visible global function definition for
     ‘integrate’
    BiCopEst: no visible global function definition for ‘var’
    BiCopIndTest: no visible global function definition for ‘pnorm’
    BiCopKPlot: no visible global function definition for ‘integrate’
    BiCopKPlot: no visible global function definition for ‘plot’
    BiCopKPlot: no visible global function definition for ‘points’
    BiCopKPlot: no visible global function definition for ‘abline’
    BiCopLambda: no visible global function definition for ‘plot’
    BiCopLambda: no visible global function definition for ‘lines’
    BiCopMetaContour: no visible global function definition for ‘runif’
    BiCopMetaContour: no visible global function definition for ‘qnorm’
    BiCopMetaContour: no visible global function definition for ‘qt’
    BiCopMetaContour: no visible global function definition for ‘qexp’
    BiCopMetaContour: no visible global function definition for ‘qgamma’
    BiCopMetaContour: no visible global function definition for ‘contour’
    BiCopPar2TailDep: no visible global function definition for ‘pt’
    BiCopPar2Tau: no visible global function definition for ‘integrate’
    CDVineClarkeTest: no visible global function definition for ‘pbinom’
    CDVineMLE: no visible global function definition for ‘optim’
    CDVineTreePlot: no visible global function definition for ‘plot’
    CDVineTreePlot: no visible global function definition for ‘strwidth’
    CDVineVuongTest: no visible global function definition for ‘pnorm’
    Frank.itau.JJ : tauF: no visible global function definition for
     ‘integrate’
    Frank.itau.JJ: no visible global function definition for ‘uniroot’
    Joe.itau.JJ : tauF: no visible global function definition for
     ‘integrate’
    Joe.itau.JJ: no visible global function definition for ‘uniroot’
    MLE_intern: no visible global function definition for ‘optim’
    boot.stat: no visible global function definition for ‘qnorm’
    boot.stat: no visible global function definition for ‘qt’
    clarke.test: no visible global function definition for ‘pbinom’
    cop.pdf: no visible global function definition for ‘qnorm’
    cop.pdf: no visible global function definition for ‘qt’
    cop.pdf: no visible global function definition for ‘dt’
    gtLambda: no visible global function definition for ‘runif’
    kurtosis: no visible global function definition for ‘var’
    meta.dens: no visible global function definition for ‘pnorm’
    meta.dens: no visible global function definition for ‘dnorm’
    meta.dens: no visible global function definition for ‘pt’
    meta.dens: no visible global function definition for ‘dt’
    meta.dens: no visible global function definition for ‘pgamma’
    meta.dens: no visible global function definition for ‘dgamma’
    meta.dens: no visible global function definition for ‘pexp’
    meta.dens: no visible global function definition for ‘dexp’
    obs.stat: no visible global function definition for ‘qnorm’
    obs.stat: no visible global function definition for ‘qt’
    vuong.test: no visible global function definition for ‘var’
    vuong.test: no visible global function definition for ‘qnorm’
    vuong.test: no visible global function definition for ‘pnorm’
    Undefined global functions or variables:
     abline contour dexp dgamma dnorm dt integrate lines optim pbinom pexp
     pgamma plot pnorm points pt qexp qgamma qnorm qt runif strwidth
     uniroot var
Flavors: r-devel-linux-x86_64-debian-clang, r-devel-linux-x86_64-debian-gcc, r-devel-linux-x86_64-fedora-clang, r-devel-linux-x86_64-fedora-gcc, r-devel-windows-ix86+x86_64