CRAN Package Check Results for Package CDVine

Last updated on 2017-12-13 23:14:10 CET.

Flavor Version Tinstall Tcheck Ttotal Status Flags
r-devel-linux-x86_64-debian-clang 1.4 4.93 41.27 46.20 FAIL
r-devel-linux-x86_64-debian-gcc 1.4 4.69 38.96 43.65 FAIL
r-devel-linux-x86_64-fedora-clang 1.4 77.30 NOTE
r-devel-linux-x86_64-fedora-gcc 1.4 79.28 NOTE
r-devel-windows-ix86+x86_64 1.4 19.00 111.00 130.00 OK
r-patched-linux-x86_64 1.4 5.32 66.02 71.34 NOTE
r-patched-solaris-x86 1.4 106.30 OK
r-release-linux-x86_64 1.4 5.71 66.36 72.07 NOTE
r-release-windows-ix86+x86_64 1.4 16.00 87.00 103.00 OK
r-release-osx-x86_64 1.4 OK
r-oldrel-windows-ix86+x86_64 1.4 16.00 85.00 101.00 OK
r-oldrel-osx-x86_64 1.4 OK

Check Details

Version: 1.4
Check: pragmas in C/C++ headers and code
Result: FAIL
    
Flavors: r-devel-linux-x86_64-debian-clang, r-devel-linux-x86_64-debian-gcc

Version: 1.4
Check: compiled code
Result: NOTE
    File ‘CDVine/libs/CDVine.so’:
     Found no calls to: ‘R_registerRoutines’, ‘R_useDynamicSymbols’
    
    It is good practice to register native routines and to disable symbol
    search.
    
    See ‘Writing portable packages’ in the ‘Writing R Extensions’ manual.
Flavors: r-devel-linux-x86_64-fedora-clang, r-devel-linux-x86_64-fedora-gcc, r-patched-linux-x86_64, r-release-linux-x86_64