CRAN Package Check Results for Package CDVine

Last updated on 2018-02-21 01:47:26 CET.

Flavor Version Tinstall Tcheck Ttotal Status Flags
r-devel-linux-x86_64-debian-clang 1.4 13.49 58.38 71.87 NOTE
r-devel-linux-x86_64-debian-gcc 1.4 12.39 43.81 56.20 NOTE
r-devel-linux-x86_64-fedora-clang 1.4 88.04 NOTE
r-devel-linux-x86_64-fedora-gcc 1.4 87.05 NOTE
r-devel-windows-ix86+x86_64 1.4 23.00 76.00 99.00 OK
r-patched-linux-x86_64 1.4 5.42 65.97 71.39 NOTE
r-patched-solaris-x86 1.4 109.50 OK
r-release-linux-x86_64 1.4 5.68 65.31 70.99 NOTE
r-release-windows-ix86+x86_64 1.4 21.00 104.00 125.00 OK
r-release-osx-x86_64 1.4 OK
r-oldrel-windows-ix86+x86_64 1.4 19.00 89.00 108.00 OK
r-oldrel-osx-x86_64 1.4 OK

Check Details

Version: 1.4
Check: compiled code
Result: NOTE
    File ‘CDVine/libs/CDVine.so’:
     Found no calls to: ‘R_registerRoutines’, ‘R_useDynamicSymbols’
    
    It is good practice to register native routines and to disable symbol
    search.
    
    See ‘Writing portable packages’ in the ‘Writing R Extensions’ manual.
Flavors: r-devel-linux-x86_64-debian-clang, r-devel-linux-x86_64-debian-gcc, r-devel-linux-x86_64-fedora-clang, r-devel-linux-x86_64-fedora-gcc, r-patched-linux-x86_64, r-release-linux-x86_64