CRAN Package Check Results for Package CDVine

Last updated on 2018-04-24 03:48:02 CEST.

Flavor Version Tinstall Tcheck Ttotal Status Flags
r-devel-linux-x86_64-debian-clang 1.4 16.39 51.32 67.71 NOTE
r-devel-linux-x86_64-debian-gcc 1.4 14.21 43.80 58.01 NOTE
r-devel-linux-x86_64-fedora-clang 1.4 91.94 NOTE
r-devel-linux-x86_64-fedora-gcc 1.4 91.71 NOTE
r-devel-windows-ix86+x86_64 1.4 34.00 97.00 131.00 OK
r-devel-osx-x86_64 1.4 OK
r-patched-linux-x86_64 1.4 14.40 57.45 71.85 NOTE
r-patched-solaris-x86 1.4 121.10 OK
r-release-linux-x86_64 1.4 14.98 57.31 72.29 NOTE
r-release-windows-ix86+x86_64 1.4 14.00 94.00 108.00 OK
r-release-osx-x86_64 1.4 OK
r-oldrel-windows-ix86+x86_64 1.4 13.00 95.00 108.00 OK

Check Details

Version: 1.4
Check: compiled code
Result: NOTE
    File ‘CDVine/libs/CDVine.so’:
     Found no calls to: ‘R_registerRoutines’, ‘R_useDynamicSymbols’
    
    It is good practice to register native routines and to disable symbol
    search.
    
    See ‘Writing portable packages’ in the ‘Writing R Extensions’ manual.
Flavors: r-devel-linux-x86_64-debian-clang, r-devel-linux-x86_64-debian-gcc, r-devel-linux-x86_64-fedora-clang, r-devel-linux-x86_64-fedora-gcc, r-patched-linux-x86_64, r-release-linux-x86_64