CRAN Package Check Results for Package CDVine

Last updated on 2017-03-23 03:47:39.

Flavor Version Tinstall Tcheck Ttotal Status Flags
r-devel-linux-x86_64-debian-clang 1.4 3.56 46.75 50.31 NOTE
r-devel-linux-x86_64-debian-gcc 1.4 3.78 45.90 49.68 NOTE
r-devel-linux-x86_64-fedora-clang 1.4 79.57 NOTE --no-stop-on-test-error
r-devel-linux-x86_64-fedora-gcc 1.4 86.95 NOTE --no-stop-on-test-error
r-devel-macos-x86_64-clang 1.4 62.56 NOTE --no-stop-on-test-error
r-devel-windows-ix86+x86_64 1.4 18.00 86.00 104.00 OK
r-patched-linux-x86_64 1.4 3.53 42.03 45.56 OK
r-patched-solaris-sparc 1.4 518.80 OK --no-build-vignettes
r-patched-solaris-x86 1.4 98.70 OK
r-release-linux-x86_64 1.4 3.56 43.92 47.48 OK
r-release-osx-x86_64-mavericks 1.4 OK
r-release-windows-ix86+x86_64 1.4 38.00 68.00 106.00 OK
r-oldrel-windows-ix86+x86_64 1.4 20.00 97.00 117.00 OK

Check Details

Version: 1.4
Check: compiled code
Result: NOTE
    File ‘CDVine/libs/CDVine.so’:
     Found no calls to: ‘R_registerRoutines’, ‘R_useDynamicSymbols’
    
    It is good practice to register native routines and to disable symbol
    search.
    
    See ‘Writing portable packages’ in the ‘Writing R Extensions’ manual.
Flavors: r-devel-linux-x86_64-debian-clang, r-devel-linux-x86_64-debian-gcc

Version: 1.4
Flags: --no-stop-on-test-error
Check: compiled code
Result: NOTE
    File ‘CDVine/libs/CDVine.so’:
     Found no calls to: ‘R_registerRoutines’, ‘R_useDynamicSymbols’
    
    It is good practice to register native routines and to disable symbol
    search.
    
    See ‘Writing portable packages’ in the ‘Writing R Extensions’ manual.
Flavors: r-devel-linux-x86_64-fedora-clang, r-devel-linux-x86_64-fedora-gcc, r-devel-macos-x86_64-clang