CRAN Package Check Results for Package CDVine

Last updated on 2017-06-26 20:48:09.

Flavor Version Tinstall Tcheck Ttotal Status Flags
r-devel-linux-x86_64-debian-clang 1.4 3.56 45.79 49.35 NOTE
r-devel-linux-x86_64-debian-gcc 1.4 4.12 39.58 43.70 NOTE
r-devel-linux-x86_64-fedora-clang 1.4 80.57 NOTE
r-devel-linux-x86_64-fedora-gcc 1.4 77.92 NOTE
r-devel-windows-ix86+x86_64 1.4 28.00 112.00 140.00 OK
r-patched-linux-x86_64 1.4 3.70 46.47 50.17 NOTE
r-patched-solaris-sparc 1.4 518.80 OK --no-build-vignettes
r-patched-solaris-x86 1.4 100.10 OK
r-release-linux-x86_64 1.4 4.07 47.19 51.26 NOTE
r-release-windows-ix86+x86_64 1.4 25.00 108.00 133.00 OK
r-release-osx-x86_64 1.4 OK
r-oldrel-windows-ix86+x86_64 1.4 25.00 90.00 115.00 OK
r-oldrel-osx-x86_64 1.4 OK

Check Details

Version: 1.4
Check: compiled code
Result: NOTE
    File ‘CDVine/libs/CDVine.so’:
     Found no calls to: ‘R_registerRoutines’, ‘R_useDynamicSymbols’
    
    It is good practice to register native routines and to disable symbol
    search.
    
    See ‘Writing portable packages’ in the ‘Writing R Extensions’ manual.
Flavors: r-devel-linux-x86_64-debian-clang, r-devel-linux-x86_64-debian-gcc, r-devel-linux-x86_64-fedora-clang, r-devel-linux-x86_64-fedora-gcc, r-patched-linux-x86_64, r-release-linux-x86_64