CRAN Package Check Results for Package CDVine

Last updated on 2017-10-19 01:46:08.

Flavor Version Tinstall Tcheck Ttotal Status Flags
r-devel-linux-x86_64-debian-clang 1.4 3.32 49.57 52.89 NOTE
r-devel-linux-x86_64-debian-gcc 1.4 4.58 43.41 47.99 NOTE
r-devel-linux-x86_64-fedora-clang 1.4 81.16 NOTE
r-devel-linux-x86_64-fedora-gcc 1.4 84.45 NOTE
r-devel-windows-ix86+x86_64 1.4 14.00 79.00 93.00 OK
r-patched-linux-x86_64 1.4 3.81 48.89 52.70 NOTE
r-patched-solaris-x86 1.4 106.60 OK
r-release-linux-x86_64 1.4 3.91 48.25 52.16 NOTE
r-release-windows-ix86+x86_64 1.4 24.00 76.00 100.00 OK
r-release-osx-x86_64 1.4 OK
r-oldrel-windows-ix86+x86_64 1.4 23.00 88.00 111.00 OK
r-oldrel-osx-x86_64 1.4 OK

Check Details

Version: 1.4
Check: compiled code
Result: NOTE
    File ‘CDVine/libs/CDVine.so’:
     Found no calls to: ‘R_registerRoutines’, ‘R_useDynamicSymbols’
    
    It is good practice to register native routines and to disable symbol
    search.
    
    See ‘Writing portable packages’ in the ‘Writing R Extensions’ manual.
Flavors: r-devel-linux-x86_64-debian-clang, r-devel-linux-x86_64-debian-gcc, r-devel-linux-x86_64-fedora-clang, r-devel-linux-x86_64-fedora-gcc, r-patched-linux-x86_64, r-release-linux-x86_64