CRAN Package Check Results for Package CDVine

Last updated on 2017-04-30 05:48:13.

Flavor Version Tinstall Tcheck Ttotal Status Flags
r-devel-linux-x86_64-debian-clang 1.4 3.50 46.75 50.26 NOTE
r-devel-linux-x86_64-debian-gcc 1.4 11.70 46.81 58.51 NOTE
r-devel-linux-x86_64-fedora-clang 1.4 81.81 NOTE --no-stop-on-test-error
r-devel-linux-x86_64-fedora-gcc 1.4 77.37 NOTE --no-stop-on-test-error
r-devel-windows-ix86+x86_64 1.4 31.00 110.00 141.00 OK
r-patched-linux-x86_64 1.4 3.84 46.63 50.46 NOTE
r-patched-solaris-sparc 1.4 518.80 OK --no-build-vignettes
r-patched-solaris-x86 1.4 100.10 OK
r-release-linux-x86_64 1.4 3.63 45.74 49.36 NOTE
r-release-windows-ix86+x86_64 1.4 28.00 115.00 143.00 OK
r-release-osx-x86_64 1.4 OK
r-oldrel-windows-ix86+x86_64 1.4 30.00 92.00 122.00 OK
r-oldrel-osx-x86_64 1.4 OK

Check Details

Version: 1.4
Check: compiled code
Result: NOTE
    File ‘CDVine/libs/CDVine.so’:
     Found no calls to: ‘R_registerRoutines’, ‘R_useDynamicSymbols’
    
    It is good practice to register native routines and to disable symbol
    search.
    
    See ‘Writing portable packages’ in the ‘Writing R Extensions’ manual.
Flavors: r-devel-linux-x86_64-debian-clang, r-devel-linux-x86_64-debian-gcc, r-patched-linux-x86_64, r-release-linux-x86_64

Version: 1.4
Flags: --no-stop-on-test-error
Check: compiled code
Result: NOTE
    File ‘CDVine/libs/CDVine.so’:
     Found no calls to: ‘R_registerRoutines’, ‘R_useDynamicSymbols’
    
    It is good practice to register native routines and to disable symbol
    search.
    
    See ‘Writing portable packages’ in the ‘Writing R Extensions’ manual.
Flavors: r-devel-linux-x86_64-fedora-clang, r-devel-linux-x86_64-fedora-gcc