CRAN Package Check Results for Package CDVine

Last updated on 2014-04-25 09:52:11.

Flavor Version Tinstall Tcheck Ttotal Status Flags
r-devel-linux-x86_64-debian-clang 1.2 2.80 38.32 41.12 OK
r-devel-linux-x86_64-debian-gcc 1.2 3.75 38.82 42.57 OK
r-devel-linux-x86_64-fedora-clang 1.2 78.53 OK
r-devel-linux-x86_64-fedora-gcc 1.2 76.75 OK
r-devel-osx-x86_64-clang 1.2 67.25 OK
r-devel-osx-x86_64-gcc 1.2 ERROR
r-devel-windows-ix86+x86_64 1.2 14.00 62.00 76.00 OK
r-patched-linux-x86_64 1.2 3.64 39.36 43.00 OK
r-patched-solaris-sparc 1.2 432.20 OK --no-build-vignettes
r-patched-solaris-x86 1.2 97.40 OK
r-release-linux-ix86 1.2 6.00 63.00 69.00 OK
r-release-linux-x86_64 1.2 3.81 38.93 42.74 OK
r-release-osx-x86_64-mavericks 1.2 OK
r-release-osx-x86_64-snowleopard 1.2 OK
r-release-windows-ix86+x86_64 1.2 14.00 65.00 79.00 OK
r-oldrel-windows-ix86+x86_64 1.2 14.00 63.00 77.00 OK

Check Details

Version: 1.2
Check: package dependencies
Result: ERROR
    Package required but not available: ‘igraph’
    
    See the information on DESCRIPTION files in the chapter ‘Creating R
    packages’ of the ‘Writing R Extensions’ manual.
Flavor: r-devel-osx-x86_64-gcc