CRAN Package Check Results for Package CDVine

Last updated on 2017-02-26 10:47:47.

Flavor Version Tinstall Tcheck Ttotal Status Flags
r-devel-linux-x86_64-debian-clang 1.4 3.41 44.21 47.62 NOTE
r-devel-linux-x86_64-debian-gcc 1.4 4.18 45.43 49.62 NOTE
r-devel-linux-x86_64-fedora-clang 1.4 79.67 NOTE --no-stop-on-test-error
r-devel-linux-x86_64-fedora-gcc 1.4 85.31 NOTE --no-stop-on-test-error
r-devel-macos-x86_64-clang 1.4 63.38 NOTE --no-stop-on-test-error
r-devel-windows-ix86+x86_64 1.4 23.00 106.00 129.00 OK
r-patched-linux-x86_64 1.4 3.86 41.75 45.61 OK
r-patched-solaris-sparc 1.4 448.70 OK --no-build-vignettes
r-patched-solaris-x86 1.4 83.70 OK
r-release-linux-x86_64 1.4 3.66 40.87 44.53 OK
r-release-osx-x86_64-mavericks 1.4 OK
r-release-windows-ix86+x86_64 1.4 20.00 100.00 120.00 OK
r-oldrel-windows-ix86+x86_64 1.4 22.00 76.00 98.00 OK

Check Details

Version: 1.4
Check: compiled code
Result: NOTE
    File ‘CDVine/libs/CDVine.so’:
     Found no calls to: ‘R_registerRoutines’, ‘R_useDynamicSymbols’
    
    It is good practice to register native routines and to disable symbol
    search.
    
    See ‘Writing portable packages’ in the ‘Writing R Extensions’ manual.
Flavors: r-devel-linux-x86_64-debian-clang, r-devel-linux-x86_64-debian-gcc

Version: 1.4
Flags: --no-stop-on-test-error
Check: compiled code
Result: NOTE
    File ‘CDVine/libs/CDVine.so’:
     Found no calls to: ‘R_registerRoutines’, ‘R_useDynamicSymbols’
    
    It is good practice to register native routines and to disable symbol
    search.
    
    See ‘Writing portable packages’ in the ‘Writing R Extensions’ manual.
Flavors: r-devel-linux-x86_64-fedora-clang, r-devel-linux-x86_64-fedora-gcc, r-devel-macos-x86_64-clang