CRAN Package Check Results for Package CFL

Last updated on 2014-08-23 13:47:52.

Flavor Version Tinstall Tcheck Ttotal Status Flags
r-devel-linux-x86_64-debian-clang 0.1 0.52 9.44 9.96 NOTE
r-devel-linux-x86_64-debian-gcc 0.1 0.52 9.16 9.67 NOTE
r-devel-linux-x86_64-fedora-clang 0.1 20.49 NOTE
r-devel-linux-x86_64-fedora-gcc 0.1 19.60 NOTE
r-devel-osx-x86_64-clang 0.1 24.76 NOTE
r-devel-windows-ix86+x86_64 0.1 2.00 16.00 18.00 NOTE
r-patched-linux-x86_64 0.1 0.53 9.60 10.13 NOTE
r-patched-solaris-sparc 0.1 113.30 NOTE
r-patched-solaris-x86 0.1 30.10 NOTE
r-release-linux-ix86 0.1 0.82 16.01 16.83 NOTE
r-release-linux-x86_64 0.1 0.55 9.74 10.29 NOTE
r-release-osx-x86_64-mavericks 0.1 NOTE
r-release-windows-ix86+x86_64 0.1 3.00 19.00 22.00 NOTE
r-oldrel-windows-ix86+x86_64 0.1 3.00 20.00 23.00 NOTE

Check Details

Version: 0.1
Check: installed files from ‘inst/doc’
Result: NOTE
    The following files should probably not be installed:
     ‘CFL.tex’
    
    Consider the use of a .Rinstignore file: see ‘Writing R Extensions’,
    or move the vignette sources from ‘inst/doc’ to ‘vignettes’.
Flavors: r-devel-linux-x86_64-debian-clang, r-devel-linux-x86_64-debian-gcc, r-devel-linux-x86_64-fedora-clang, r-devel-linux-x86_64-fedora-gcc, r-devel-osx-x86_64-clang, r-devel-windows-ix86+x86_64, r-patched-linux-x86_64, r-patched-solaris-sparc, r-patched-solaris-x86, r-release-linux-ix86, r-release-linux-x86_64, r-release-osx-x86_64-mavericks, r-release-windows-ix86+x86_64, r-oldrel-windows-ix86+x86_64

Version: 0.1
Check: for old-style vignette sources
Result: NOTE
    Vignette sources only in ‘inst/doc’:
     ‘CFL.Rnw’
    A ‘vignettes’ directory is required as from R 3.1.0
    and these will not be indexed nor checked
Flavors: r-devel-linux-x86_64-debian-clang, r-devel-linux-x86_64-debian-gcc, r-devel-linux-x86_64-fedora-clang, r-devel-linux-x86_64-fedora-gcc, r-devel-osx-x86_64-clang, r-devel-windows-ix86+x86_64, r-patched-linux-x86_64, r-patched-solaris-sparc, r-patched-solaris-x86, r-release-linux-ix86, r-release-linux-x86_64, r-release-osx-x86_64-mavericks, r-release-windows-ix86+x86_64

Version: 0.1
Check: for old-style vignette sources
Result: NOTE
    Vignette sources only in 'inst/doc':
     'CFL.Rnw'
    A 'vignettes' directory will be required as from R 3.1.0
Flavor: r-oldrel-windows-ix86+x86_64