CRAN Package Check Results for Package CFL

Last updated on 2014-09-03 01:47:44.

Flavor Version Tinstall Tcheck Ttotal Status Flags
r-devel-linux-x86_64-debian-clang 0.1 0.51 9.32 9.82 NOTE
r-devel-linux-x86_64-debian-gcc 0.1 0.49 9.04 9.54 NOTE
r-devel-linux-x86_64-fedora-clang 0.1 20.32 NOTE
r-devel-linux-x86_64-fedora-gcc 0.1 18.57 NOTE
r-devel-osx-x86_64-clang 0.1 23.70 NOTE
r-devel-windows-ix86+x86_64 0.1 2.00 17.00 19.00 NOTE
r-patched-linux-x86_64 0.1 0.56 9.43 9.99 NOTE
r-patched-solaris-sparc 0.1 113.30 NOTE
r-patched-solaris-x86 0.1 31.70 NOTE
r-release-linux-ix86 0.1 0.83 16.05 16.88 NOTE
r-release-linux-x86_64 0.1 0.55 9.57 10.12 NOTE
r-release-osx-x86_64-mavericks 0.1 NOTE
r-release-windows-ix86+x86_64 0.1 3.00 19.00 22.00 NOTE
r-oldrel-windows-ix86+x86_64 0.1 3.00 20.00 23.00 NOTE

Check Details

Version: 0.1
Check: installed files from ‘inst/doc’
Result: NOTE
    The following files should probably not be installed:
     ‘CFL.tex’
    
    Consider the use of a .Rinstignore file: see ‘Writing R Extensions’,
    or move the vignette sources from ‘inst/doc’ to ‘vignettes’.
Flavors: r-devel-linux-x86_64-debian-clang, r-devel-linux-x86_64-debian-gcc, r-devel-linux-x86_64-fedora-clang, r-devel-linux-x86_64-fedora-gcc, r-devel-osx-x86_64-clang, r-devel-windows-ix86+x86_64, r-patched-linux-x86_64, r-patched-solaris-sparc, r-patched-solaris-x86, r-release-linux-ix86, r-release-linux-x86_64, r-release-osx-x86_64-mavericks, r-release-windows-ix86+x86_64, r-oldrel-windows-ix86+x86_64

Version: 0.1
Check: for old-style vignette sources
Result: NOTE
    Vignette sources only in ‘inst/doc’:
     ‘CFL.Rnw’
    A ‘vignettes’ directory is required as from R 3.1.0
    and these will not be indexed nor checked
Flavors: r-devel-linux-x86_64-debian-clang, r-devel-linux-x86_64-debian-gcc, r-devel-linux-x86_64-fedora-clang, r-devel-linux-x86_64-fedora-gcc, r-devel-osx-x86_64-clang, r-devel-windows-ix86+x86_64, r-patched-linux-x86_64, r-patched-solaris-sparc, r-patched-solaris-x86, r-release-linux-ix86, r-release-linux-x86_64, r-release-osx-x86_64-mavericks, r-release-windows-ix86+x86_64

Version: 0.1
Check: for old-style vignette sources
Result: NOTE
    Vignette sources only in 'inst/doc':
     'CFL.Rnw'
    A 'vignettes' directory will be required as from R 3.1.0
Flavor: r-oldrel-windows-ix86+x86_64