CRAN Package Check Results for Package CGNM

Last updated on 2022-07-03 12:52:36 CEST.

Flavor Version Tinstall Tcheck Ttotal Status Flags
r-devel-linux-x86_64-debian-clang 0.3.2 6.84 769.69 776.53 OK
r-devel-linux-x86_64-debian-gcc 0.3.2 5.67 323.43 329.10 OK
r-devel-linux-x86_64-fedora-clang 0.3.2 623.74 OK
r-devel-linux-x86_64-fedora-gcc 0.3.2 464.39 OK
r-devel-windows-x86_64 0.3.2 18.00 376.00 394.00 OK
r-patched-linux-x86_64 0.3.2 6.55 420.00 426.55 OK
r-release-linux-x86_64 0.3.2 6.37 421.75 428.12 OK
r-release-macos-arm64 0.3.2 42.00 ERROR
r-release-macos-x86_64 0.3.2 54.00 ERROR
r-release-windows-x86_64 0.3.2 19.00 374.00 393.00 OK
r-oldrel-macos-arm64 0.3.2 43.00 WARN
r-oldrel-macos-x86_64 0.3.2 50.00 WARN
r-oldrel-windows-ix86+x86_64 0.3.2 18.00 399.00 417.00 OK

Check Details

Version: 0.3.2
Check: re-building of vignette outputs
Result: ERROR
    Error(s) in re-building vignettes:
     ...
    --- re-building ‘CGNM-vignette.Rmd’ using rmarkdown
    Quitting from lines 36-57 (CGNM-vignette.Rmd)
    Error: processing vignette 'CGNM-vignette.Rmd' failed with diagnostics:
    package or namespace load failed for 'RxODE':
     .onLoad failed in loadNamespace() for 'RxODE', details:
     call: NULL
     error: RxODE compiled with PreciseSums '0.4' but PreciseSums '0.5' is loaded
    Recompile RxODE with the this version of PreciseSums
    --- failed re-building ‘CGNM-vignette.Rmd’
    
    SUMMARY: processing the following file failed:
     ‘CGNM-vignette.Rmd’
    
    Error: Vignette re-building failed.
    Execution halted
Flavors: r-release-macos-arm64, r-release-macos-x86_64

Version: 0.3.2
Check: re-building of vignette outputs
Result: WARN
    Error(s) in re-building vignettes:
     ...
    --- re-building ‘CGNM-vignette.Rmd’ using rmarkdown
    Quitting from lines 36-57 (CGNM-vignette.Rmd)
    Error: processing vignette 'CGNM-vignette.Rmd' failed with diagnostics:
    package or namespace load failed for 'RxODE':
     .onLoad failed in loadNamespace() for 'RxODE', details:
     call: NULL
     error: RxODE compiled with PreciseSums '0.4' but PreciseSums '0.5' is loaded
    Recompile RxODE with the this version of PreciseSums
    --- failed re-building ‘CGNM-vignette.Rmd’
    
    SUMMARY: processing the following file failed:
     ‘CGNM-vignette.Rmd’
    
    Error: Vignette re-building failed.
    Execution halted
Flavors: r-oldrel-macos-arm64, r-oldrel-macos-x86_64