CRAN Package Check Results for Package CHCN

Last updated on 2016-12-09 23:49:23.

Flavor Version Tinstall Tcheck Ttotal Status Flags
r-devel-linux-x86_64-debian-clang 1.5 1.05 17.75 18.80 NOTE
r-devel-linux-x86_64-debian-gcc 1.5 1.04 17.78 18.81 NOTE
r-devel-linux-x86_64-fedora-clang 1.5 29.96 NOTE --no-stop-on-test-error
r-devel-linux-x86_64-fedora-gcc 1.5 29.94 NOTE --no-stop-on-test-error
r-devel-macos-x86_64-clang 1.5 24.84 NOTE --no-stop-on-test-error
r-devel-windows-ix86+x86_64 1.5 7.00 44.00 51.00 NOTE
r-patched-linux-x86_64 1.5 1.08 17.01 18.08 NOTE
r-patched-solaris-sparc 1.5 161.70 NOTE
r-patched-solaris-x86 1.5 35.70 NOTE
r-release-linux-x86_64 1.5 1.16 16.15 17.31 NOTE
r-release-osx-x86_64-mavericks 1.5 NOTE
r-release-windows-ix86+x86_64 1.5 9.00 63.00 72.00 NOTE
r-oldrel-windows-ix86+x86_64 1.5 10.00 39.00 49.00 NOTE

Check Details

Version: 1.5
Check: dependencies in R code
Result: NOTE
    'library' or 'require' call to ‘RCurl’ which was already attached by Depends.
     Please remove these calls from your code.
    Packages in Depends field not imported from:
     ‘RCurl’ ‘bitops’ ‘methods’
     These packages need to be imported from (in the NAMESPACE file)
     for when this namespace is loaded but not attached.
Flavors: r-devel-linux-x86_64-debian-clang, r-devel-linux-x86_64-debian-gcc, r-devel-windows-ix86+x86_64, r-patched-linux-x86_64, r-patched-solaris-sparc, r-patched-solaris-x86, r-release-linux-x86_64, r-release-osx-x86_64-mavericks, r-release-windows-ix86+x86_64, r-oldrel-windows-ix86+x86_64

Version: 1.5
Check: R code for possible problems
Result: NOTE
    createDataset: no visible global function definition for ‘read.csv’
    createInventory: no visible global function definition for ‘read.csv’
    downloadMaster: no visible global function definition for
     ‘getURLContent’
    downloadMaster: no visible global function definition for ‘read.csv’
    downloadMaster: no visible global function definition for ‘write.csv’
    getMissingScrape: no visible global function definition for ‘read.csv’
    readLocalMaster: no visible global function definition for ‘read.csv’
    readMonthlyCsv: no visible global function definition for ‘read.csv’
    scrapeToCsv: no visible global function definition for ‘download.file’
    writeData: no visible global function definition for ‘write.csv’
    writeGhcn: no visible global function definition for ‘write.table’
    writeInventory: no visible global function definition for ‘write.table’
    writeMonthlyStations: no visible global function definition for
     ‘read.csv’
    writeMonthlyStations: no visible global function definition for
     ‘write.csv’
    Undefined global functions or variables:
     download.file getURLContent read.csv write.csv write.table
    Consider adding
     importFrom("utils", "download.file", "read.csv", "write.csv",
     "write.table")
    to your NAMESPACE file.
Flavors: r-devel-linux-x86_64-debian-clang, r-devel-linux-x86_64-debian-gcc, r-devel-windows-ix86+x86_64, r-patched-linux-x86_64, r-patched-solaris-sparc, r-patched-solaris-x86, r-release-linux-x86_64, r-release-osx-x86_64-mavericks, r-release-windows-ix86+x86_64

Version: 1.5
Flags: --no-stop-on-test-error
Check: dependencies in R code
Result: NOTE
    'library' or 'require' call to ‘RCurl’ which was already attached by Depends.
     Please remove these calls from your code.
    Packages in Depends field not imported from:
     ‘RCurl’ ‘bitops’ ‘methods’
     These packages need to be imported from (in the NAMESPACE file)
     for when this namespace is loaded but not attached.
Flavors: r-devel-linux-x86_64-fedora-clang, r-devel-linux-x86_64-fedora-gcc, r-devel-macos-x86_64-clang

Version: 1.5
Flags: --no-stop-on-test-error
Check: R code for possible problems
Result: NOTE
    createDataset: no visible global function definition for ‘read.csv’
    createInventory: no visible global function definition for ‘read.csv’
    downloadMaster: no visible global function definition for
     ‘getURLContent’
    downloadMaster: no visible global function definition for ‘read.csv’
    downloadMaster: no visible global function definition for ‘write.csv’
    getMissingScrape: no visible global function definition for ‘read.csv’
    readLocalMaster: no visible global function definition for ‘read.csv’
    readMonthlyCsv: no visible global function definition for ‘read.csv’
    scrapeToCsv: no visible global function definition for ‘download.file’
    writeData: no visible global function definition for ‘write.csv’
    writeGhcn: no visible global function definition for ‘write.table’
    writeInventory: no visible global function definition for ‘write.table’
    writeMonthlyStations: no visible global function definition for
     ‘read.csv’
    writeMonthlyStations: no visible global function definition for
     ‘write.csv’
    Undefined global functions or variables:
     download.file getURLContent read.csv write.csv write.table
    Consider adding
     importFrom("utils", "download.file", "read.csv", "write.csv",
     "write.table")
    to your NAMESPACE file.
Flavors: r-devel-linux-x86_64-fedora-clang, r-devel-linux-x86_64-fedora-gcc, r-devel-macos-x86_64-clang

Version: 1.5
Check: R code for possible problems
Result: NOTE
    downloadMaster: no visible global function definition for
     'getURLContent'
Flavor: r-oldrel-windows-ix86+x86_64