CRAN Package Check Results for Package CHCN

Last updated on 2015-07-01 16:47:15.

Flavor Version Tinstall Tcheck Ttotal Status Flags
r-devel-linux-x86_64-debian-clang 1.5 1.03 13.46 14.50 NOTE
r-devel-linux-x86_64-debian-gcc 1.5 0.99 13.21 14.20 NOTE
r-devel-linux-x86_64-fedora-clang 1.5 27.60 NOTE
r-devel-linux-x86_64-fedora-gcc 1.5 26.12 NOTE
r-devel-osx-x86_64-clang 1.5 28.32 NOTE
r-devel-windows-ix86+x86_64 1.5 7.00 24.00 31.00 NOTE
r-patched-linux-x86_64 1.5 1.46 13.97 15.43 NOTE
r-patched-solaris-sparc 1.5 171.40 NOTE
r-patched-solaris-x86 1.5 42.80 NOTE
r-release-linux-x86_64 1.5 1.07 13.22 14.29 NOTE
r-release-osx-x86_64-mavericks 1.5 NOTE
r-release-windows-ix86+x86_64 1.5 5.00 22.00 27.00 NOTE
r-oldrel-windows-ix86+x86_64 1.5 4.00 35.00 39.00 NOTE

Check Details

Version: 1.5
Check: dependencies in R code
Result: NOTE
    'library' or 'require' call to ‘RCurl’ which was already attached by Depends.
     Please remove these calls from your code.
    Packages in Depends field not imported from:
     ‘RCurl’ ‘bitops’ ‘methods’
     These packages need to be imported from (in the NAMESPACE file)
     for when this namespace is loaded but not attached.
Flavors: r-devel-linux-x86_64-debian-clang, r-devel-linux-x86_64-debian-gcc, r-devel-linux-x86_64-fedora-clang, r-devel-linux-x86_64-fedora-gcc, r-devel-osx-x86_64-clang, r-devel-windows-ix86+x86_64, r-patched-linux-x86_64, r-patched-solaris-sparc, r-patched-solaris-x86, r-release-linux-x86_64, r-release-osx-x86_64-mavericks, r-release-windows-ix86+x86_64, r-oldrel-windows-ix86+x86_64

Version: 1.5
Check: R code for possible problems
Result: NOTE
    createDataset: no visible global function definition for ‘read.csv’
    createInventory: no visible global function definition for ‘read.csv’
    downloadMaster: no visible global function definition for
     ‘getURLContent’
    downloadMaster: no visible global function definition for ‘read.csv’
    downloadMaster: no visible global function definition for ‘write.csv’
    getMissingScrape: no visible global function definition for ‘read.csv’
    readLocalMaster: no visible global function definition for ‘read.csv’
    readMonthlyCsv: no visible global function definition for ‘read.csv’
    scrapeToCsv: no visible global function definition for ‘download.file’
    writeData: no visible global function definition for ‘write.csv’
    writeGhcn: no visible global function definition for ‘write.table’
    writeInventory: no visible global function definition for ‘write.table’
    writeMonthlyStations: no visible global function definition for
     ‘read.csv’
    writeMonthlyStations: no visible global function definition for
     ‘write.csv’
Flavors: r-devel-linux-x86_64-debian-clang, r-devel-linux-x86_64-debian-gcc, r-devel-linux-x86_64-fedora-clang, r-devel-linux-x86_64-fedora-gcc

Version: 1.5
Check: R code for possible problems
Result: NOTE
    downloadMaster: no visible global function definition for
     ‘getURLContent’
Flavors: r-devel-osx-x86_64-clang, r-devel-windows-ix86+x86_64, r-patched-linux-x86_64, r-patched-solaris-sparc, r-patched-solaris-x86, r-release-linux-x86_64, r-release-osx-x86_64-mavericks, r-release-windows-ix86+x86_64, r-oldrel-windows-ix86+x86_64