CRAN Package Check Results for Package CHCN

Last updated on 2014-09-17 08:49:13.

Flavor Version Tinstall Tcheck Ttotal Status Flags
r-devel-linux-x86_64-debian-clang 1.5 1.15 15.05 16.20 NOTE
r-devel-linux-x86_64-debian-gcc 1.5 1.12 14.36 15.49 NOTE
r-devel-linux-x86_64-fedora-clang 1.5 31.87 NOTE
r-devel-linux-x86_64-fedora-gcc 1.5 37.35 NOTE
r-devel-osx-x86_64-clang 1.5 31.62 NOTE
r-devel-windows-ix86+x86_64 1.5 4.00 24.00 28.00 NOTE
r-patched-linux-x86_64 1.5 1.19 14.70 15.89 NOTE
r-patched-solaris-sparc 1.5 184.80 NOTE
r-patched-solaris-x86 1.5 44.90 NOTE
r-release-linux-ix86 1.5 1.62 22.20 23.82 NOTE
r-release-linux-x86_64 1.5 1.20 15.68 16.88 NOTE
r-release-osx-x86_64-mavericks 1.5 NOTE
r-release-windows-ix86+x86_64 1.5 5.00 38.00 43.00 NOTE
r-oldrel-windows-ix86+x86_64 1.5 7.00 30.00 37.00 NOTE

Check Details

Version: 1.5
Check: dependencies in R code
Result: NOTE
    'library' or 'require' call to ‘RCurl’ which was already attached by Depends.
     Please remove these calls from your code.
    Packages in Depends field not imported from:
     ‘RCurl’ ‘bitops’ ‘methods’
     These packages need to be imported from (in the NAMESPACE file)
     for when this namespace is loaded but not attached.
    See the information on DESCRIPTION files in the chapter ‘Creating R
    packages’ of the ‘Writing R Extensions’ manual.
Flavors: r-devel-linux-x86_64-debian-clang, r-devel-linux-x86_64-debian-gcc, r-devel-linux-x86_64-fedora-clang, r-devel-linux-x86_64-fedora-gcc, r-devel-osx-x86_64-clang, r-devel-windows-ix86+x86_64, r-patched-linux-x86_64, r-patched-solaris-sparc, r-patched-solaris-x86, r-release-linux-ix86, r-release-linux-x86_64, r-release-osx-x86_64-mavericks, r-release-windows-ix86+x86_64, r-oldrel-windows-ix86+x86_64

Version: 1.5
Check: R code for possible problems
Result: NOTE
    downloadMaster: no visible global function definition for
     ‘getURLContent’
Flavors: r-devel-linux-x86_64-debian-clang, r-devel-linux-x86_64-debian-gcc, r-devel-linux-x86_64-fedora-clang, r-devel-linux-x86_64-fedora-gcc, r-devel-osx-x86_64-clang, r-devel-windows-ix86+x86_64