CRAN Package Check Results for Package CHCN

Last updated on 2015-05-04 05:47:37.

Flavor Version Tinstall Tcheck Ttotal Status Flags
r-devel-linux-x86_64-debian-clang 1.5 1.04 13.61 14.64 NOTE
r-devel-linux-x86_64-debian-gcc 1.5 1.02 13.39 14.41 NOTE
r-devel-linux-x86_64-fedora-clang 1.5 28.16 NOTE
r-devel-linux-x86_64-fedora-gcc 1.5 27.97 NOTE
r-devel-osx-x86_64-clang 1.5 31.76 NOTE
r-devel-windows-ix86+x86_64 1.5 4.00 24.00 28.00 NOTE
r-patched-linux-x86_64 1.5 1.02 13.20 14.22 NOTE
r-patched-solaris-sparc 1.5 200.00 NOTE
r-patched-solaris-x86 1.5 40.00 NOTE
r-release-linux-x86_64 1.5 1.13 13.46 14.58 NOTE
r-release-osx-x86_64-mavericks 1.5 NOTE
r-release-osx-x86_64-snowleopard 1.5 NOTE
r-release-windows-ix86+x86_64 1.5 6.00 27.00 33.00 NOTE
r-oldrel-windows-ix86+x86_64 1.5 6.00 30.00 36.00 NOTE

Check Details

Version: 1.5
Check: dependencies in R code
Result: NOTE
    'library' or 'require' call to ‘RCurl’ which was already attached by Depends.
     Please remove these calls from your code.
    Packages in Depends field not imported from:
     ‘RCurl’ ‘bitops’ ‘methods’
     These packages need to be imported from (in the NAMESPACE file)
     for when this namespace is loaded but not attached.
Flavors: r-devel-linux-x86_64-debian-clang, r-devel-linux-x86_64-debian-gcc, r-devel-linux-x86_64-fedora-clang, r-devel-linux-x86_64-fedora-gcc, r-devel-osx-x86_64-clang, r-devel-windows-ix86+x86_64, r-patched-linux-x86_64, r-patched-solaris-sparc, r-patched-solaris-x86, r-release-linux-x86_64, r-release-osx-x86_64-mavericks, r-release-osx-x86_64-snowleopard, r-release-windows-ix86+x86_64, r-oldrel-windows-ix86+x86_64

Version: 1.5
Check: R code for possible problems
Result: NOTE
    downloadMaster: no visible global function definition for
     ‘getURLContent’
Flavors: r-devel-linux-x86_64-debian-clang, r-devel-linux-x86_64-debian-gcc, r-devel-linux-x86_64-fedora-clang, r-devel-linux-x86_64-fedora-gcc, r-devel-osx-x86_64-clang, r-devel-windows-ix86+x86_64, r-patched-linux-x86_64, r-patched-solaris-sparc, r-patched-solaris-x86, r-release-linux-x86_64, r-release-osx-x86_64-mavericks, r-release-osx-x86_64-snowleopard, r-release-windows-ix86+x86_64, r-oldrel-windows-ix86+x86_64