CRAN Package Check Results for Package CHCN

Last updated on 2014-08-30 19:47:03.

Flavor Version Tinstall Tcheck Ttotal Status Flags
r-devel-linux-x86_64-debian-clang 1.5 1.27 14.35 15.62 NOTE
r-devel-linux-x86_64-debian-gcc 1.5 1.12 14.03 15.15 NOTE
r-devel-linux-x86_64-fedora-clang 1.5 31.24 NOTE
r-devel-linux-x86_64-fedora-gcc 1.5 30.86 NOTE
r-devel-osx-x86_64-clang 1.5 31.41 NOTE
r-devel-windows-ix86+x86_64 1.5 4.00 24.00 28.00 NOTE
r-patched-linux-x86_64 1.5 1.18 14.46 15.64 NOTE
r-patched-solaris-sparc 1.5 184.80 NOTE
r-patched-solaris-x86 1.5 45.20 NOTE
r-release-linux-ix86 1.5 1.60 21.58 23.18 NOTE
r-release-linux-x86_64 1.5 1.35 15.36 16.71 NOTE
r-release-osx-x86_64-mavericks 1.5 NOTE
r-release-windows-ix86+x86_64 1.5 5.00 38.00 43.00 NOTE
r-oldrel-windows-ix86+x86_64 1.5 7.00 30.00 37.00 NOTE

Check Details

Version: 1.5
Check: dependencies in R code
Result: NOTE
    'library' or 'require' call to ‘RCurl’ which was already attached by Depends.
     Please remove these calls from your code.
    Packages in Depends field not imported from:
     ‘RCurl’ ‘bitops’ ‘methods’
     These packages need to be imported from (in the NAMESPACE file)
     for when this namespace is loaded but not attached.
    See the information on DESCRIPTION files in the chapter ‘Creating R
    packages’ of the ‘Writing R Extensions’ manual.
Flavors: r-devel-linux-x86_64-debian-clang, r-devel-linux-x86_64-debian-gcc, r-devel-linux-x86_64-fedora-clang, r-devel-linux-x86_64-fedora-gcc, r-devel-osx-x86_64-clang, r-devel-windows-ix86+x86_64, r-patched-linux-x86_64, r-patched-solaris-sparc, r-patched-solaris-x86, r-release-linux-ix86, r-release-linux-x86_64, r-release-osx-x86_64-mavericks, r-release-windows-ix86+x86_64, r-oldrel-windows-ix86+x86_64

Version: 1.5
Check: R code for possible problems
Result: NOTE
    downloadMaster: no visible global function definition for
     ‘getURLContent’
Flavors: r-devel-linux-x86_64-debian-clang, r-devel-linux-x86_64-debian-gcc, r-devel-linux-x86_64-fedora-clang, r-devel-linux-x86_64-fedora-gcc, r-devel-osx-x86_64-clang, r-devel-windows-ix86+x86_64