CRAN Package Check Results for Package CHCN

Last updated on 2014-07-24 03:48:46.

Flavor Version Tinstall Tcheck Ttotal Status Flags
r-devel-linux-x86_64-debian-clang 1.5 1.19 15.53 16.72 NOTE
r-devel-linux-x86_64-debian-gcc 1.5 1.15 14.44 15.59 NOTE
r-devel-linux-x86_64-fedora-clang 1.5 33.91 NOTE
r-devel-linux-x86_64-fedora-gcc 1.5 31.96 NOTE
r-devel-osx-x86_64-clang 1.5 32.38 NOTE
r-devel-windows-ix86+x86_64 1.5 5.00 23.00 28.00 NOTE
r-patched-linux-x86_64 1.5 1.16 14.76 15.91 NOTE
r-patched-solaris-sparc 1.5 219.00 NOTE
r-patched-solaris-x86 1.5 45.30 NOTE
r-release-linux-ix86 1.5 1.60 21.53 23.13 NOTE
r-release-linux-x86_64 1.5 1.40 15.00 16.40 NOTE
r-release-osx-x86_64-mavericks 1.5 NOTE
r-release-windows-ix86+x86_64 1.5 6.00 25.00 31.00 NOTE
r-oldrel-windows-ix86+x86_64 1.5 4.00 25.00 29.00 NOTE

Check Details

Version: 1.5
Check: dependencies in R code
Result: NOTE
    'library' or 'require' call to ‘RCurl’ which was already attached by Depends.
     Please remove these calls from your code.
    Packages in Depends field not imported from:
     ‘RCurl’ ‘bitops’ ‘methods’
     These packages need to be imported from (in the NAMESPACE file)
     for when this namespace is loaded but not attached.
    See the information on DESCRIPTION files in the chapter ‘Creating R
    packages’ of the ‘Writing R Extensions’ manual.
Flavors: r-devel-linux-x86_64-debian-clang, r-devel-linux-x86_64-debian-gcc, r-devel-linux-x86_64-fedora-clang, r-devel-linux-x86_64-fedora-gcc, r-devel-osx-x86_64-clang, r-devel-windows-ix86+x86_64, r-patched-linux-x86_64, r-patched-solaris-sparc, r-patched-solaris-x86, r-release-linux-ix86, r-release-linux-x86_64, r-release-osx-x86_64-mavericks, r-release-windows-ix86+x86_64, r-oldrel-windows-ix86+x86_64