CRAN Package Check Results for Package CHCN

Last updated on 2015-08-29 20:47:53.

Flavor Version Tinstall Tcheck Ttotal Status Flags
r-devel-linux-x86_64-debian-clang 1.5 1.01 12.92 13.93 NOTE
r-devel-linux-x86_64-debian-gcc 1.5 0.98 12.88 13.86 NOTE
r-devel-linux-x86_64-fedora-clang 1.5 27.01 NOTE
r-devel-linux-x86_64-fedora-gcc 1.5 25.39 NOTE
r-devel-osx-x86_64-clang 1.5 26.02 NOTE
r-devel-windows-ix86+x86_64 1.5 7.00 27.00 34.00 NOTE
r-patched-linux-x86_64 1.5 1.04 13.22 14.26 NOTE
r-patched-solaris-sparc 1.5 183.70 NOTE
r-patched-solaris-x86 1.5 42.50 NOTE
r-release-linux-x86_64 1.5 1.04 13.62 14.65 NOTE
r-release-osx-x86_64-mavericks 1.5 NOTE
r-release-windows-ix86+x86_64 1.5 5.00 45.00 50.00 NOTE
r-oldrel-windows-ix86+x86_64 1.5 6.00 32.00 38.00 NOTE

Check Details

Version: 1.5
Check: dependencies in R code
Result: NOTE
    'library' or 'require' call to ‘RCurl’ which was already attached by Depends.
     Please remove these calls from your code.
    Packages in Depends field not imported from:
     ‘RCurl’ ‘bitops’ ‘methods’
     These packages need to be imported from (in the NAMESPACE file)
     for when this namespace is loaded but not attached.
Flavors: r-devel-linux-x86_64-debian-clang, r-devel-linux-x86_64-debian-gcc, r-devel-linux-x86_64-fedora-clang, r-devel-linux-x86_64-fedora-gcc, r-devel-osx-x86_64-clang, r-devel-windows-ix86+x86_64, r-patched-linux-x86_64, r-patched-solaris-sparc, r-patched-solaris-x86, r-release-linux-x86_64, r-release-osx-x86_64-mavericks, r-release-windows-ix86+x86_64, r-oldrel-windows-ix86+x86_64

Version: 1.5
Check: R code for possible problems
Result: NOTE
    createDataset: no visible global function definition for ‘read.csv’
    createInventory: no visible global function definition for ‘read.csv’
    downloadMaster: no visible global function definition for
     ‘getURLContent’
    downloadMaster: no visible global function definition for ‘read.csv’
    downloadMaster: no visible global function definition for ‘write.csv’
    getMissingScrape: no visible global function definition for ‘read.csv’
    readLocalMaster: no visible global function definition for ‘read.csv’
    readMonthlyCsv: no visible global function definition for ‘read.csv’
    scrapeToCsv: no visible global function definition for ‘download.file’
    writeData: no visible global function definition for ‘write.csv’
    writeGhcn: no visible global function definition for ‘write.table’
    writeInventory: no visible global function definition for ‘write.table’
    writeMonthlyStations: no visible global function definition for
     ‘read.csv’
    writeMonthlyStations: no visible global function definition for
     ‘write.csv’
    Undefined global functions or variables:
     download.file getURLContent read.csv write.csv write.table
    Consider adding
     importFrom("utils", "download.file", "read.csv", "write.csv",
     "write.table")
    to your NAMESPACE.
Flavors: r-devel-linux-x86_64-debian-clang, r-devel-linux-x86_64-debian-gcc, r-devel-linux-x86_64-fedora-clang, r-devel-linux-x86_64-fedora-gcc, r-devel-windows-ix86+x86_64

Version: 1.5
Check: R code for possible problems
Result: NOTE
    downloadMaster: no visible global function definition for
     ‘getURLContent’
    Undefined global functions or variables:
     getURLContent
Flavor: r-devel-osx-x86_64-clang

Version: 1.5
Check: R code for possible problems
Result: NOTE
    downloadMaster: no visible global function definition for
     ‘getURLContent’
Flavors: r-patched-linux-x86_64, r-patched-solaris-sparc, r-patched-solaris-x86, r-release-linux-x86_64, r-release-osx-x86_64-mavericks, r-release-windows-ix86+x86_64, r-oldrel-windows-ix86+x86_64