CRAN Package Check Results for Package CHCN

Last updated on 2015-01-28 12:47:55.

Flavor Version Tinstall Tcheck Ttotal Status Flags
r-devel-linux-x86_64-debian-clang 1.5 1.15 14.90 16.05 NOTE
r-devel-linux-x86_64-debian-gcc 1.5 1.07 14.39 15.46 NOTE
r-devel-linux-x86_64-fedora-clang 1.5 35.75 NOTE
r-devel-linux-x86_64-fedora-gcc 1.5 36.08 NOTE
r-devel-osx-x86_64-clang 1.5 37.69 NOTE
r-devel-windows-ix86+x86_64 1.5 5.00 25.00 30.00 NOTE
r-patched-linux-x86_64 1.5 1.29 15.17 16.46 NOTE
r-patched-solaris-sparc 1.5 196.90 NOTE
r-patched-solaris-x86 1.5 46.80 NOTE
r-release-linux-ix86 1.5 1.56 21.44 23.00 NOTE
r-release-linux-x86_64 1.5 1.16 15.77 16.94 NOTE
r-release-osx-x86_64-mavericks 1.5 NOTE
r-release-windows-ix86+x86_64 1.5 4.00 29.00 33.00 NOTE
r-oldrel-windows-ix86+x86_64 1.5 5.00 28.00 33.00 NOTE

Check Details

Version: 1.5
Check: dependencies in R code
Result: NOTE
    'library' or 'require' call to ‘RCurl’ which was already attached by Depends.
     Please remove these calls from your code.
    Packages in Depends field not imported from:
     ‘RCurl’ ‘bitops’ ‘methods’
     These packages need to be imported from (in the NAMESPACE file)
     for when this namespace is loaded but not attached.
Flavors: r-devel-linux-x86_64-debian-clang, r-devel-linux-x86_64-debian-gcc, r-devel-linux-x86_64-fedora-clang, r-devel-linux-x86_64-fedora-gcc, r-devel-osx-x86_64-clang, r-devel-windows-ix86+x86_64

Version: 1.5
Check: R code for possible problems
Result: NOTE
    downloadMaster: no visible global function definition for
     ‘getURLContent’
Flavors: r-devel-linux-x86_64-debian-clang, r-devel-linux-x86_64-debian-gcc, r-devel-linux-x86_64-fedora-clang, r-devel-linux-x86_64-fedora-gcc, r-devel-osx-x86_64-clang, r-devel-windows-ix86+x86_64, r-patched-linux-x86_64, r-patched-solaris-sparc, r-patched-solaris-x86, r-release-linux-ix86, r-release-linux-x86_64, r-release-osx-x86_64-mavericks, r-release-windows-ix86+x86_64

Version: 1.5
Check: dependencies in R code
Result: NOTE
    'library' or 'require' call to ‘RCurl’ which was already attached by Depends.
     Please remove these calls from your code.
    Packages in Depends field not imported from:
     ‘RCurl’ ‘bitops’ ‘methods’
     These packages need to be imported from (in the NAMESPACE file)
     for when this namespace is loaded but not attached.
    See the information on DESCRIPTION files in the chapter ‘Creating R
    packages’ of the ‘Writing R Extensions’ manual.
Flavors: r-patched-linux-x86_64, r-patched-solaris-sparc, r-patched-solaris-x86, r-release-linux-ix86, r-release-linux-x86_64, r-release-osx-x86_64-mavericks, r-release-windows-ix86+x86_64, r-oldrel-windows-ix86+x86_64