CRAN Package Check Results for Package CHNOSZ

Last updated on 2017-10-19 19:46:57.

Flavor Version Tinstall Tcheck Ttotal Status Flags
r-devel-linux-x86_64-debian-clang 1.1.0 3.61 206.41 210.02 OK
r-devel-linux-x86_64-debian-gcc 1.1.0 4.30 214.27 218.58 OK
r-devel-linux-x86_64-fedora-clang 1.1.0 374.99 OK
r-devel-linux-x86_64-fedora-gcc 1.1.0 386.84 OK
r-devel-windows-ix86+x86_64 1.1.0 16.00 425.00 441.00 NOTE
r-patched-linux-x86_64 1.1.0 3.42 206.09 209.52 OK
r-patched-solaris-x86 1.1.0 457.40 NOTE
r-release-linux-x86_64 1.1.0 3.70 205.83 209.53 OK
r-release-windows-ix86+x86_64 1.1.0 18.00 570.00 588.00 OK
r-release-osx-x86_64 1.1.0 NOTE
r-oldrel-windows-ix86+x86_64 1.1.0 17.00 536.00 553.00 OK
r-oldrel-osx-x86_64 1.1.0 OK

Check Details

Version: 1.1.0
Check: installed package size
Result: NOTE
     installed size is 5.1Mb
     sub-directories of 1Mb or more:
     doc 2.7Mb
Flavors: r-devel-windows-ix86+x86_64, r-patched-solaris-x86

Version: 1.1.0
Check: re-building of vignette outputs
Result: NOTE
    Error in re-building vignettes:
     ...
    equilibrate: using boltzmann method
    subcrt: 3 species at 598.15 K and 120.46 bar (wet)
    info.character: found H2O(liq), also available in cr1, cr2, cr3, cr5, cr6, cr7, cr8, cr9, gas, aq
    subcrt: 4 species at 598.15 K and 120.46 bar (wet)
    subcrt: 2 species at 598.15 K and 120.46 bar
    info.character: found H2O(liq), also available in cr1, cr2, cr3, cr5, cr6, cr7, cr8, cr9, gas, aq
    subcrt: 4 species at 598.15 K and 120.46 bar (wet)
    info.character: found H2O(liq), also available in cr1, cr2, cr3, cr5, cr6, cr7, cr8, cr9, gas, aq
    subcrt: 4 species at 598.15 K and 120.46 bar (wet)
    Error in texi2dvi(file = file, pdf = TRUE, clean = clean, quiet = quiet, :
     Running 'texi2dvi' on 'equilibrium.tex' failed.
    LaTeX errors:
    ! LaTeX Error: File `breakurl.sty' not found.
    
    Type X to quit or <RETURN> to proceed,
    or enter new name. (Default extension: sty)
    
    ! Emergency stop.
    <read *>
    
    l.73 ^^M
    
    ! ==> Fatal error occurred, no output PDF file produced!
    Calls: buildVignettes -> texi2pdf -> texi2dvi
    Execution halted
Flavor: r-release-osx-x86_64