CRAN Package Check Results for Package CHNOSZ

Last updated on 2017-05-24 05:49:52.

Flavor Version Tinstall Tcheck Ttotal Status Flags
r-devel-linux-x86_64-debian-clang 1.1.0 3.65 216.67 220.32 OK
r-devel-linux-x86_64-debian-gcc 1.1.0 3.82 206.26 210.07 OK
r-devel-linux-x86_64-fedora-clang 1.1.0 384.02 OK --no-stop-on-test-error
r-devel-linux-x86_64-fedora-gcc 1.1.0 363.26 OK --no-stop-on-test-error
r-devel-windows-ix86+x86_64 1.1.0 17.00 469.00 486.00 NOTE
r-patched-linux-x86_64 1.1.0 3.59 211.59 215.18 OK
r-patched-solaris-sparc 1.1.0 2187.30 NOTE
r-patched-solaris-x86 1.1.0 449.80 NOTE
r-release-linux-x86_64 1.1.0 3.47 208.91 212.38 OK
r-release-windows-ix86+x86_64 1.1.0 15.00 592.00 607.00 OK
r-release-osx-x86_64 1.1.0 NOTE
r-oldrel-windows-ix86+x86_64 1.1.0 19.00 521.00 540.00 OK
r-oldrel-osx-x86_64 1.1.0 OK

Check Details

Version: 1.1.0
Check: installed package size
Result: NOTE
     installed size is 5.2Mb
     sub-directories of 1Mb or more:
     doc 2.7Mb
Flavors: r-devel-windows-ix86+x86_64, r-patched-solaris-sparc, r-patched-solaris-x86

Version: 1.1.0
Check: re-building of vignette outputs
Result: NOTE
    Error in re-building vignettes:
     ...
    equilibrate: using boltzmann method
    subcrt: 3 species at 598.15 K and 120.46 bar (wet)
    info.character: found H2O(liq), also available in cr1, cr2, cr3, cr5, cr6, cr7, cr8, cr9, gas, aq
    subcrt: 4 species at 598.15 K and 120.46 bar (wet)
    subcrt: 2 species at 598.15 K and 120.46 bar
    info.character: found H2O(liq), also available in cr1, cr2, cr3, cr5, cr6, cr7, cr8, cr9, gas, aq
    subcrt: 4 species at 598.15 K and 120.46 bar (wet)
    info.character: found H2O(liq), also available in cr1, cr2, cr3, cr5, cr6, cr7, cr8, cr9, gas, aq
    subcrt: 4 species at 598.15 K and 120.46 bar (wet)
    Error in texi2dvi(file = file, pdf = TRUE, clean = clean, quiet = quiet, :
     Running 'texi2dvi' on 'equilibrium.tex' failed.
    LaTeX errors:
    ! LaTeX Error: File `breakurl.sty' not found.
    
    Type X to quit or <RETURN> to proceed,
    or enter new name. (Default extension: sty)
    
    ! Emergency stop.
    <read *>
    
    l.73 ^^M
    
    ! ==> Fatal error occurred, no output PDF file produced!
    Calls: buildVignettes -> texi2pdf -> texi2dvi
    Execution halted
Flavor: r-release-osx-x86_64