CRAN Package Check Results for Package CHNOSZ

Last updated on 2015-03-01 03:48:30.

Flavor Version Tinstall Tcheck Ttotal Status Flags
r-devel-linux-x86_64-debian-clang 1.0.3.1 3.40 138.83 142.24 NOTE
r-devel-linux-x86_64-debian-gcc 1.0.3.1 3.31 135.52 138.83 NOTE
r-devel-linux-x86_64-fedora-clang 1.0.3.1 273.24 NOTE
r-devel-linux-x86_64-fedora-gcc 1.0.3.1 253.58 NOTE
r-devel-osx-x86_64-clang 1.0.3.1 262.61 NOTE
r-devel-windows-ix86+x86_64 1.0.3.1 18.00 287.00 305.00 NOTE
r-patched-linux-x86_64 1.0.3.1 3.42 147.64 151.06 NOTE
r-patched-solaris-sparc 1.0.3.1 1794.40 NOTE
r-patched-solaris-x86 1.0.3.1 334.00 NOTE
r-release-linux-ix86 1.0.3.1 4.62 178.25 182.87 NOTE
r-release-linux-x86_64 1.0.3.1 3.54 149.43 152.97 NOTE
r-release-osx-x86_64-mavericks 1.0.3.1 NOTE
r-release-osx-x86_64-snowleopard 1.0.3.1 OK
r-release-windows-ix86+x86_64 1.0.3.1 11.00 311.00 322.00 NOTE
r-oldrel-windows-ix86+x86_64 1.0.3.1 14.00 320.00 334.00 OK

Check Details

Version: 1.0.3.1
Check: dependencies in R code
Result: NOTE
    'library' or 'require' call to ‘limSolve’ in package code.
     Please use :: or requireNamespace() instead.
     See section 'Suggested packages' in the 'Writing R Extensions' manual.
Flavors: r-devel-linux-x86_64-debian-clang, r-devel-linux-x86_64-debian-gcc, r-devel-linux-x86_64-fedora-clang, r-devel-linux-x86_64-fedora-gcc, r-devel-osx-x86_64-clang, r-devel-windows-ix86+x86_64, r-patched-linux-x86_64, r-patched-solaris-sparc, r-patched-solaris-x86

Version: 1.0.3.1
Check: S3 generic/method consistency
Result: NOTE
    Found the following apparent S3 methods exported but not registered:
     plot.findit
    See section ‘Registering S3 methods’ in the ‘Writing R Extensions’
    manual.
Flavors: r-devel-linux-x86_64-debian-clang, r-devel-linux-x86_64-debian-gcc, r-devel-linux-x86_64-fedora-clang, r-devel-linux-x86_64-fedora-gcc, r-devel-osx-x86_64-clang

Version: 1.0.3.1
Check: R code for possible problems
Result: NOTE
    guess: no visible global function definition for ‘xranges’
    palply: no visible global function definition for ‘detectCores’
    palply: no visible global function definition for ‘makeCluster’
    palply: no visible global function definition for ‘parLapply’
    palply: no visible global function definition for ‘stopCluster’
Flavors: r-devel-linux-x86_64-debian-clang, r-devel-linux-x86_64-debian-gcc, r-devel-linux-x86_64-fedora-clang, r-devel-linux-x86_64-fedora-gcc, r-devel-osx-x86_64-clang, r-devel-windows-ix86+x86_64, r-patched-linux-x86_64, r-patched-solaris-sparc, r-patched-solaris-x86, r-release-linux-ix86, r-release-linux-x86_64, r-release-osx-x86_64-mavericks, r-release-windows-ix86+x86_64