CRAN Package Check Results for Package CHNOSZ

Last updated on 2015-04-02 08:49:26.

Flavor Version Tinstall Tcheck Ttotal Status Flags
r-devel-linux-x86_64-debian-clang 1.0.3.1 3.24 140.83 144.07 NOTE
r-devel-linux-x86_64-debian-gcc 1.0.3.1 3.28 137.84 141.12 NOTE
r-devel-linux-x86_64-fedora-clang 1.0.3.1 276.20 NOTE
r-devel-linux-x86_64-fedora-gcc 1.0.3.1 264.46 NOTE
r-devel-osx-x86_64-clang 1.0.3.1 275.28 NOTE
r-prerel-windows-ix86+x86_64 1.0.3.1 11.00 278.00 289.00 NOTE
r-prerel-linux-x86_64 1.0.3.1 3.18 142.02 145.20 NOTE
r-prerel-solaris-sparc 1.0.3.1 1754.70 NOTE
r-prerel-solaris-x86 1.0.3.1 311.90 NOTE
r-release-linux-x86_64 1.0.3.1 3.53 147.59 151.12 NOTE
r-release-osx-x86_64-mavericks 1.0.3.1 NOTE
r-release-osx-x86_64-snowleopard 1.0.3.1 OK
r-release-windows-ix86+x86_64 1.0.3.1 11.00 292.00 303.00 NOTE
r-oldrel-windows-ix86+x86_64 1.0.3.1 13.00 284.00 297.00 OK

Check Details

Version: 1.0.3.1
Check: dependencies in R code
Result: NOTE
    'library' or 'require' call to ‘limSolve’ in package code.
     Please use :: or requireNamespace() instead.
     See section 'Suggested packages' in the 'Writing R Extensions' manual.
Flavors: r-devel-linux-x86_64-debian-clang, r-devel-linux-x86_64-debian-gcc, r-devel-linux-x86_64-fedora-clang, r-devel-linux-x86_64-fedora-gcc, r-devel-osx-x86_64-clang, r-prerel-windows-ix86+x86_64, r-prerel-linux-x86_64, r-prerel-solaris-sparc, r-prerel-solaris-x86, r-release-linux-x86_64, r-release-windows-ix86+x86_64

Version: 1.0.3.1
Check: S3 generic/method consistency
Result: NOTE
    Found the following apparent S3 methods exported but not registered:
     plot.findit
    See section ‘Registering S3 methods’ in the ‘Writing R Extensions’
    manual.
Flavors: r-devel-linux-x86_64-debian-clang, r-devel-linux-x86_64-debian-gcc, r-devel-linux-x86_64-fedora-clang, r-devel-linux-x86_64-fedora-gcc, r-devel-osx-x86_64-clang, r-prerel-linux-x86_64

Version: 1.0.3.1
Check: R code for possible problems
Result: NOTE
    guess: no visible global function definition for ‘xranges’
    palply: no visible global function definition for ‘detectCores’
    palply: no visible global function definition for ‘makeCluster’
    palply: no visible global function definition for ‘parLapply’
    palply: no visible global function definition for ‘stopCluster’
Flavors: r-devel-linux-x86_64-debian-clang, r-devel-linux-x86_64-debian-gcc, r-devel-linux-x86_64-fedora-clang, r-devel-linux-x86_64-fedora-gcc, r-devel-osx-x86_64-clang, r-prerel-windows-ix86+x86_64, r-prerel-linux-x86_64, r-prerel-solaris-sparc, r-prerel-solaris-x86, r-release-linux-x86_64, r-release-osx-x86_64-mavericks, r-release-windows-ix86+x86_64