CRAN Package Check Results for Package CHNOSZ

Last updated on 2017-02-22 23:53:45.

Flavor Version Tinstall Tcheck Ttotal Status Flags
r-devel-linux-x86_64-debian-clang 1.0.8 3.44 201.96 205.40 NOTE
r-devel-linux-x86_64-debian-gcc 1.0.8 3.46 198.08 201.53 NOTE
r-devel-linux-x86_64-fedora-clang 1.0.8 333.69 NOTE --no-stop-on-test-error
r-devel-linux-x86_64-fedora-gcc 1.0.8 350.98 NOTE --no-stop-on-test-error
r-devel-macos-x86_64-clang 1.0.8 276.54 NOTE --no-stop-on-test-error
r-devel-windows-ix86+x86_64 1.0.8 21.00 553.00 574.00 OK
r-patched-linux-x86_64 1.0.8 3.12 180.35 183.47 OK
r-patched-solaris-sparc 1.0.8 2181.90 OK
r-patched-solaris-x86 1.0.8 421.90 OK
r-release-linux-x86_64 1.0.8 3.48 185.79 189.27 OK
r-release-osx-x86_64-mavericks 1.0.8 OK
r-release-windows-ix86+x86_64 1.0.8 19.00 523.00 542.00 OK
r-oldrel-windows-ix86+x86_64 1.0.8 19.00 571.00 590.00 OK

Check Details

Version: 1.0.8
Check: compiled code
Result: NOTE
    File ‘CHNOSZ/libs/CHNOSZ.so’:
     Found no calls to: ‘R_registerRoutines’, ‘R_useDynamicSymbols’
    
    It is good practice to register native routines and to disable symbol
    search.
    
    See ‘Writing portable packages’ in the ‘Writing R Extensions’ manual.
Flavors: r-devel-linux-x86_64-debian-clang, r-devel-linux-x86_64-debian-gcc

Version: 1.0.8
Flags: --no-stop-on-test-error
Check: compiled code
Result: NOTE
    File ‘CHNOSZ/libs/CHNOSZ.so’:
     Found no calls to: ‘R_registerRoutines’, ‘R_useDynamicSymbols’
    
    It is good practice to register native routines and to disable symbol
    search.
    
    See ‘Writing portable packages’ in the ‘Writing R Extensions’ manual.
Flavors: r-devel-linux-x86_64-fedora-clang, r-devel-linux-x86_64-fedora-gcc, r-devel-macos-x86_64-clang