CRAN Package Check Results for Package CHNOSZ

Last updated on 2014-04-24 07:52:24.

Flavor Version Tinstall Tcheck Ttotal Status Flags
r-devel-linux-x86_64-debian-clang 1.0.3.1 3.68 136.75 140.42 OK
r-devel-linux-x86_64-debian-gcc 1.0.3.1 3.56 147.47 151.02 OK
r-devel-linux-x86_64-fedora-clang 1.0.3.1 314.40 OK
r-devel-linux-x86_64-fedora-gcc 1.0.3.1 309.29 OK
r-devel-osx-x86_64-clang 1.0.3.1 263.72 OK
r-devel-osx-x86_64-gcc 1.0.3.1 NOTE
r-devel-windows-ix86+x86_64 1.0.3.1 10.00 295.00 305.00 OK
r-patched-linux-x86_64 1.0.3.1 3.36 145.80 149.16 OK
r-patched-solaris-sparc 1.0.3.1 1654.30 OK
r-patched-solaris-x86 1.0.3.1 328.20 OK
r-release-linux-ix86 1.0.3.1 5.00 212.00 217.00 OK
r-release-linux-x86_64 1.0.3.1 3.40 148.22 151.62 OK
r-release-osx-x86_64-mavericks 1.0.3.1 NOTE
r-release-osx-x86_64-snowleopard 1.0.3.1 OK
r-release-windows-ix86+x86_64 1.0.3.1 10.00 298.00 308.00 OK
r-oldrel-windows-ix86+x86_64 1.0.3.1 11.00 290.00 301.00 OK

Check Details

Version: 1.0.3.1
Check: Rd cross-references
Result: NOTE
    Package unavailable to check Rd xrefs: ‘vegan’
Flavor: r-devel-osx-x86_64-gcc

Version: 1.0.3.1
Check: re-building of vignette outputs
Result: NOTE
    Error in re-building vignettes:
     ...
    CHNOSZ version 1.0.3.1 (2014-01-12)
    Please run data(thermo) to create the "thermo" object
    data(thermo): attached environment "CHNOSZ"
    thermo$obigt: 1811 aqueous, 3370 total species
    Warning: reaction was unbalanced, missing O-6+0
    thermo$obigt: 1811 aqueous, 3370 total species
    thermo$obigt: 1811 aqueous, 3370 total species
    Error in texi2dvi(file = file, pdf = TRUE, clean = clean, quiet = quiet, :
     Running 'texi2dvi' on 'anintro.tex' failed.
    LaTeX errors:
    ! LaTeX Error: File `breakurl.sty' not found.
    
    Type X to quit or <RETURN> to proceed,
    or enter new name. (Default extension: sty)
    
    test/CHNOSZ/vignettes/anintro.tex:22: ==> Fatal error occurred, no output PDF
    file produced!
    Calls: buildVignettes -> texi2pdf -> texi2dvi
    Execution halted
Flavor: r-release-osx-x86_64-mavericks