CRAN Package Check Results for Package CHNOSZ

Last updated on 2018-05-21 03:48:02 CEST.

Flavor Version Tinstall Tcheck Ttotal Status Flags
r-devel-linux-x86_64-debian-clang 1.1.3 17.88 250.42 268.30 OK
r-devel-linux-x86_64-debian-gcc 1.1.3 12.31 218.94 231.25 OK
r-devel-linux-x86_64-fedora-clang 1.1.3 357.74 OK
r-devel-linux-x86_64-fedora-gcc 1.1.3 363.12 OK
r-devel-windows-ix86+x86_64 1.1.3 42.00 389.00 431.00 NOTE
r-patched-linux-x86_64 1.1.3 18.57 281.89 300.46 OK
r-patched-solaris-x86 1.1.3 459.60 NOTE
r-release-linux-x86_64 1.1.3 16.42 282.01 298.43 OK
r-release-windows-ix86+x86_64 1.1.3 28.00 375.00 403.00 OK
r-release-osx-x86_64 1.1.3 OK
r-oldrel-windows-ix86+x86_64 1.1.3 16.00 426.00 442.00 OK
r-oldrel-osx-x86_64 1.1.3 OK

Additional issues

ATLAS

Check Details

Version: 1.1.3
Check: installed package size
Result: NOTE
     installed size is 5.3Mb
     sub-directories of 1Mb or more:
     doc 2.5Mb
Flavors: r-devel-windows-ix86+x86_64, r-patched-solaris-x86