CRAN Package Check Results for Package CHNOSZ

Last updated on 2015-01-29 22:48:35.

Flavor Version Tinstall Tcheck Ttotal Status Flags
r-devel-linux-x86_64-debian-clang 1.0.3.1 3.60 140.12 143.72 NOTE
r-devel-linux-x86_64-debian-gcc 1.0.3.1 3.20 138.60 141.80 NOTE
r-devel-linux-x86_64-fedora-clang 1.0.3.1 287.04 NOTE
r-devel-linux-x86_64-fedora-gcc 1.0.3.1 278.09 NOTE
r-devel-osx-x86_64-clang 1.0.3.1 274.10 NOTE
r-devel-windows-ix86+x86_64 1.0.3.1 16.00 273.00 289.00 NOTE
r-patched-linux-x86_64 1.0.3.1 3.42 146.37 149.79 NOTE
r-patched-solaris-sparc 1.0.3.1 1765.90 NOTE
r-patched-solaris-x86 1.0.3.1 327.80 NOTE
r-release-linux-ix86 1.0.3.1 4.37 161.41 165.78 NOTE
r-release-linux-x86_64 1.0.3.1 3.55 157.93 161.48 NOTE
r-release-osx-x86_64-mavericks 1.0.3.1 NOTE
r-release-osx-x86_64-snowleopard 1.0.3.1 OK
r-release-windows-ix86+x86_64 1.0.3.1 12.00 297.00 309.00 NOTE
r-oldrel-windows-ix86+x86_64 1.0.3.1 13.00 289.00 302.00 OK

Check Details

Version: 1.0.3.1
Check: dependencies in R code
Result: NOTE
    'library' or 'require' call to ‘limSolve’ in package code.
     Please use :: or requireNamespace() instead.
     See section 'Suggested packages' in the 'Writing R Extensions' manual.
Flavors: r-devel-linux-x86_64-debian-clang, r-devel-linux-x86_64-debian-gcc, r-devel-linux-x86_64-fedora-clang, r-devel-linux-x86_64-fedora-gcc, r-devel-osx-x86_64-clang, r-devel-windows-ix86+x86_64

Version: 1.0.3.1
Check: S3 generic/method consistency
Result: NOTE
    Found the following apparent S3 methods exported but not registered:
     plot.findit
    See section ‘Registering S3 methods’ in the ‘Writing R Extensions’
    manual.
Flavors: r-devel-linux-x86_64-debian-clang, r-devel-linux-x86_64-debian-gcc, r-devel-linux-x86_64-fedora-clang, r-devel-linux-x86_64-fedora-gcc, r-devel-osx-x86_64-clang

Version: 1.0.3.1
Check: R code for possible problems
Result: NOTE
    guess: no visible global function definition for ‘xranges’
    palply: no visible global function definition for ‘detectCores’
    palply: no visible global function definition for ‘makeCluster’
    palply: no visible global function definition for ‘parLapply’
    palply: no visible global function definition for ‘stopCluster’
Flavors: r-devel-linux-x86_64-debian-clang, r-devel-linux-x86_64-debian-gcc, r-devel-linux-x86_64-fedora-clang, r-devel-linux-x86_64-fedora-gcc, r-devel-osx-x86_64-clang, r-devel-windows-ix86+x86_64, r-patched-linux-x86_64, r-patched-solaris-sparc, r-patched-solaris-x86, r-release-linux-ix86, r-release-linux-x86_64, r-release-osx-x86_64-mavericks, r-release-windows-ix86+x86_64