CRAN Package Check Results for Package CHNOSZ

Last updated on 2015-05-22 09:47:29.

Flavor Version Tinstall Tcheck Ttotal Status Flags
r-devel-linux-x86_64-debian-clang 1.0.5 3.30 165.38 168.68 OK
r-devel-linux-x86_64-debian-gcc 1.0.5 3.16 159.70 162.87 OK
r-devel-linux-x86_64-fedora-clang 1.0.5 172.96 OK
r-devel-linux-x86_64-fedora-gcc 1.0.5 313.43 OK
r-devel-osx-x86_64-clang 1.0.5 444.95 OK
r-devel-windows-ix86+x86_64 1.0.5 14.00 290.00 304.00 OK
r-patched-linux-x86_64 1.0.5 3.15 160.26 163.40 OK
r-patched-solaris-sparc 1.0.3.1 1754.70 NOTE
r-patched-solaris-x86 1.0.5 354.60 OK
r-release-linux-x86_64 1.0.5 3.16 167.77 170.93 OK
r-release-osx-x86_64-mavericks 1.0.5 OK
r-release-osx-x86_64-snowleopard 1.0.5 OK
r-release-windows-ix86+x86_64 1.0.5 13.00 275.00 288.00 OK
r-oldrel-windows-ix86+x86_64 1.0.5 14.00 316.00 330.00 OK

Check Details

Version: 1.0.3.1
Check: dependencies in R code
Result: NOTE
    'library' or 'require' call to ‘limSolve’ in package code.
     Please use :: or requireNamespace() instead.
     See section 'Suggested packages' in the 'Writing R Extensions' manual.
Flavor: r-patched-solaris-sparc

Version: 1.0.3.1
Check: R code for possible problems
Result: NOTE
    guess: no visible global function definition for ‘xranges’
    palply: no visible global function definition for ‘detectCores’
    palply: no visible global function definition for ‘makeCluster’
    palply: no visible global function definition for ‘parLapply’
    palply: no visible global function definition for ‘stopCluster’
Flavor: r-patched-solaris-sparc