CRAN Package Check Results for Package CHNOSZ

Last updated on 2014-07-25 14:47:33.

Flavor Version Tinstall Tcheck Ttotal Status Flags
r-devel-linux-x86_64-debian-clang 1.0.3.1 4.03 143.11 147.14 OK
r-devel-linux-x86_64-debian-gcc 1.0.3.1 3.51 140.84 144.36 OK
r-devel-linux-x86_64-fedora-clang 1.0.3.1 316.13 OK
r-devel-linux-x86_64-fedora-gcc 1.0.3.1 308.32 OK
r-devel-osx-x86_64-clang 1.0.3.1 254.30 OK
r-devel-windows-ix86+x86_64 1.0.3.1 11.00 291.00 302.00 OK
r-patched-linux-x86_64 1.0.3.1 3.34 140.07 143.41 OK
r-patched-solaris-sparc 1.0.3.1 1654.30 OK
r-patched-solaris-x86 1.0.3.1 343.40 OK
r-release-linux-ix86 1.0.3.1 4.42 168.09 172.51 OK
r-release-linux-x86_64 1.0.3.1 3.32 144.76 148.08 OK
r-release-osx-x86_64-mavericks 1.0.3.1 NOTE
r-release-osx-x86_64-snowleopard 1.0.3.1 OK
r-release-windows-ix86+x86_64 1.0.3.1 11.00 289.00 300.00 OK
r-oldrel-windows-ix86+x86_64 1.0.3.1 12.00 287.00 299.00 OK

Check Details

Version: 1.0.3.1
Check: re-building of vignette outputs
Result: NOTE
    Error in re-building vignettes:
     ...
    CHNOSZ version 1.0.3.1 (2014-01-12)
    Please run data(thermo) to create the "thermo" object
    data(thermo): attached environment "CHNOSZ"
    thermo$obigt: 1811 aqueous, 3370 total species
    Warning: reaction was unbalanced, missing O-6+0
    thermo$obigt: 1811 aqueous, 3370 total species
    thermo$obigt: 1811 aqueous, 3370 total species
    Error in texi2dvi(file = file, pdf = TRUE, clean = clean, quiet = quiet, :
     Running 'texi2dvi' on 'anintro.tex' failed.
    LaTeX errors:
    ! LaTeX Error: File `breakurl.sty' not found.
    
    Type X to quit or <RETURN> to proceed,
    or enter new name. (Default extension: sty)
    
    test/CHNOSZ/vignettes/anintro.tex:22: ==> Fatal error occurred, no output PDF
    file produced!
    Calls: buildVignettes -> texi2pdf -> texi2dvi
    Execution halted
Flavor: r-release-osx-x86_64-mavericks