CRAN Package Check Results for Package CHNOSZ

Last updated on 2017-03-29 20:49:17.

Flavor Version Tinstall Tcheck Ttotal Status Flags
r-devel-linux-x86_64-debian-clang 1.0.8 3.48 201.87 205.34 NOTE
r-devel-linux-x86_64-debian-gcc 1.0.8 3.34 193.85 197.20 NOTE
r-devel-linux-x86_64-fedora-clang 1.0.8 331.21 NOTE --no-stop-on-test-error
r-devel-linux-x86_64-fedora-gcc 1.0.8 347.04 NOTE --no-stop-on-test-error
r-devel-macos-x86_64-clang 1.0.8 272.08 NOTE --no-stop-on-test-error
r-devel-windows-ix86+x86_64 1.0.8 15.00 408.00 423.00 OK
r-patched-linux-x86_64 1.0.8 3.57 198.69 202.26 NOTE
r-patched-solaris-sparc 1.0.8 2466.80 OK
r-patched-solaris-x86 1.0.8 466.00 OK
r-release-linux-x86_64 1.0.8 3.26 172.75 176.01 OK
r-release-osx-x86_64-mavericks 1.0.8 OK
r-release-windows-ix86+x86_64 1.0.8 19.00 495.00 514.00 OK
r-oldrel-windows-ix86+x86_64 1.0.8 30.00 551.00 581.00 OK

Check Details

Version: 1.0.8
Check: compiled code
Result: NOTE
    File ‘CHNOSZ/libs/CHNOSZ.so’:
     Found no calls to: ‘R_registerRoutines’, ‘R_useDynamicSymbols’
    
    It is good practice to register native routines and to disable symbol
    search.
    
    See ‘Writing portable packages’ in the ‘Writing R Extensions’ manual.
Flavors: r-devel-linux-x86_64-debian-clang, r-devel-linux-x86_64-debian-gcc, r-patched-linux-x86_64

Version: 1.0.8
Flags: --no-stop-on-test-error
Check: compiled code
Result: NOTE
    File ‘CHNOSZ/libs/CHNOSZ.so’:
     Found no calls to: ‘R_registerRoutines’, ‘R_useDynamicSymbols’
    
    It is good practice to register native routines and to disable symbol
    search.
    
    See ‘Writing portable packages’ in the ‘Writing R Extensions’ manual.
Flavors: r-devel-linux-x86_64-fedora-clang, r-devel-linux-x86_64-fedora-gcc, r-devel-macos-x86_64-clang