CRAN Package Check Results for Package CHNOSZ

Last updated on 2014-10-24 19:47:36.

Flavor Version Tinstall Tcheck Ttotal Status Flags
r-devel-linux-x86_64-debian-clang 1.0.3.1 4.00 137.39 141.39 NOTE
r-devel-linux-x86_64-debian-gcc 1.0.3.1 3.38 137.16 140.54 NOTE
r-devel-linux-x86_64-fedora-clang 1.0.3.1 281.85 NOTE
r-devel-linux-x86_64-fedora-gcc 1.0.3.1 282.48 NOTE
r-devel-osx-x86_64-clang 1.0.3.1 258.33 NOTE
r-devel-windows-ix86+x86_64 1.0.3.1 10.00 264.00 274.00 NOTE
r-patched-linux-x86_64 1.0.3.1 3.40 149.13 152.53 NOTE
r-patched-solaris-sparc 1.0.3.1 1680.10 NOTE
r-patched-solaris-x86 1.0.3.1 330.00 NOTE
r-release-linux-ix86 1.0.3.1 4.40 168.85 173.25 OK
r-release-linux-x86_64 1.0.3.1 3.50 152.04 155.54 OK
r-release-osx-x86_64-mavericks 1.0.3.1 NOTE
r-release-osx-x86_64-snowleopard 1.0.3.1 OK
r-release-windows-ix86+x86_64 1.0.3.1 12.00 298.00 310.00 OK
r-oldrel-windows-ix86+x86_64 1.0.3.1 11.00 281.00 292.00 OK

Check Details

Version: 1.0.3.1
Check: R code for possible problems
Result: NOTE
    guess: no visible global function definition for ‘xranges’
    palply: no visible global function definition for ‘detectCores’
    palply: no visible global function definition for ‘makeCluster’
    palply: no visible global function definition for ‘parLapply’
    palply: no visible global function definition for ‘stopCluster’
Flavors: r-devel-linux-x86_64-debian-clang, r-devel-linux-x86_64-debian-gcc, r-devel-linux-x86_64-fedora-clang, r-devel-linux-x86_64-fedora-gcc, r-devel-osx-x86_64-clang, r-devel-windows-ix86+x86_64, r-patched-linux-x86_64, r-patched-solaris-sparc, r-patched-solaris-x86

Version: 1.0.3.1
Check: re-building of vignette outputs
Result: NOTE
    Error in re-building vignettes:
     ...
    CHNOSZ version 1.0.3.1 (2014-01-12)
    Please run data(thermo) to create the "thermo" object
    data(thermo): attached environment "CHNOSZ"
    thermo$obigt: 1811 aqueous, 3370 total species
    Warning: reaction was unbalanced, missing O-6+0
    thermo$obigt: 1811 aqueous, 3370 total species
    thermo$obigt: 1811 aqueous, 3370 total species
    Error in texi2dvi(file = file, pdf = TRUE, clean = clean, quiet = quiet, :
     Running 'texi2dvi' on 'anintro.tex' failed.
    LaTeX errors:
    ! LaTeX Error: File `breakurl.sty' not found.
    
    Type X to quit or <RETURN> to proceed,
    or enter new name. (Default extension: sty)
    
    test/CHNOSZ/vignettes/anintro.tex:22: ==> Fatal error occurred, no output PDF
    file produced!
    Calls: buildVignettes -> texi2pdf -> texi2dvi
    Execution halted
Flavor: r-release-osx-x86_64-mavericks