CRAN Package Check Results for Package CHNOSZ

Last updated on 2014-11-28 03:47:30.

Flavor Version Tinstall Tcheck Ttotal Status Flags
r-devel-linux-x86_64-debian-clang 1.0.3.1 3.46 139.36 142.82 NOTE
r-devel-linux-x86_64-debian-gcc 1.0.3.1 3.24 147.62 150.86 NOTE
r-devel-linux-x86_64-fedora-clang 1.0.3.1 293.43 NOTE
r-devel-linux-x86_64-fedora-gcc 1.0.3.1 274.70 NOTE
r-devel-osx-x86_64-clang 1.0.3.1 260.81 NOTE
r-devel-windows-ix86+x86_64 1.0.3.1 11.00 271.00 282.00 NOTE
r-patched-linux-x86_64 1.0.3.1 3.55 145.59 149.14 NOTE
r-patched-solaris-sparc 1.0.3.1 1680.10 NOTE
r-patched-solaris-x86 1.0.3.1 328.70 NOTE
r-release-linux-ix86 1.0.3.1 4.30 161.65 165.95 NOTE
r-release-linux-x86_64 1.0.3.1 3.54 151.77 155.31 NOTE
r-release-osx-x86_64-mavericks 1.0.3.1 NOTE
r-release-osx-x86_64-snowleopard 1.0.3.1 OK
r-release-windows-ix86+x86_64 1.0.3.1 11.00 304.00 315.00 NOTE
r-oldrel-windows-ix86+x86_64 1.0.3.1 11.00 283.00 294.00 OK

Check Details

Version: 1.0.3.1
Check: R code for possible problems
Result: NOTE
    guess: no visible global function definition for ‘xranges’
    palply: no visible global function definition for ‘detectCores’
    palply: no visible global function definition for ‘makeCluster’
    palply: no visible global function definition for ‘parLapply’
    palply: no visible global function definition for ‘stopCluster’
Flavors: r-devel-linux-x86_64-debian-clang, r-devel-linux-x86_64-debian-gcc, r-devel-linux-x86_64-fedora-clang, r-devel-linux-x86_64-fedora-gcc, r-devel-osx-x86_64-clang, r-devel-windows-ix86+x86_64, r-patched-linux-x86_64, r-patched-solaris-sparc, r-patched-solaris-x86, r-release-linux-ix86, r-release-linux-x86_64, r-release-windows-ix86+x86_64

Version: 1.0.3.1
Check: re-building of vignette outputs
Result: NOTE
    Error in re-building vignettes:
     ...
    CHNOSZ version 1.0.3.1 (2014-01-12)
    Please run data(thermo) to create the "thermo" object
    data(thermo): attached environment "CHNOSZ"
    thermo$obigt: 1811 aqueous, 3370 total species
    Warning: reaction was unbalanced, missing O-6+0
    thermo$obigt: 1811 aqueous, 3370 total species
    thermo$obigt: 1811 aqueous, 3370 total species
    Error in texi2dvi(file = file, pdf = TRUE, clean = clean, quiet = quiet, :
     Running 'texi2dvi' on 'anintro.tex' failed.
    LaTeX errors:
    ! LaTeX Error: File `breakurl.sty' not found.
    
    Type X to quit or <RETURN> to proceed,
    or enter new name. (Default extension: sty)
    
    test/CHNOSZ/vignettes/anintro.tex:22: ==> Fatal error occurred, no output PDF
    file produced!
    Calls: buildVignettes -> texi2pdf -> texi2dvi
    Execution halted
Flavor: r-release-osx-x86_64-mavericks