CRAN Package Check Results for Package CHNOSZ

Last updated on 2015-07-31 23:47:37.

Flavor Version Tinstall Tcheck Ttotal Status Flags
r-devel-linux-x86_64-debian-clang 1.0.5 3.38 167.86 171.23 NOTE
r-devel-linux-x86_64-debian-gcc 1.0.5 4.59 164.11 168.70 NOTE
r-devel-linux-x86_64-fedora-clang 1.0.5 320.13 NOTE
r-devel-linux-x86_64-fedora-gcc 1.0.5 306.80 NOTE
r-devel-osx-x86_64-clang 1.0.5 277.92 OK
r-devel-windows-ix86+x86_64 1.0.5 17.00 345.00 362.00 NOTE
r-patched-linux-x86_64 1.0.5 3.28 159.61 162.89 OK
r-patched-solaris-sparc 1.0.5 2002.20 OK
r-patched-solaris-x86 1.0.5 365.70 OK
r-release-linux-x86_64 1.0.5 3.22 165.86 169.09 OK
r-release-osx-x86_64-mavericks 1.0.5 OK
r-release-windows-ix86+x86_64 1.0.5 19.00 387.00 406.00 OK
r-oldrel-windows-ix86+x86_64 1.0.5 13.00 433.00 446.00 OK

Check Details

Version: 1.0.5
Check: R code for possible problems
Result: NOTE
    EOSplot: no visible global function definition for ‘extendrange’
    EOSplot: no visible global function definition for ‘points’
    EOSplot: no visible global function definition for ‘lines’
    EOSplot: no visible global function definition for ‘legend’
    EOSregress: no visible global function definition for ‘as.formula’
    EOSregress: no visible global function definition for ‘lm’
    MP90.cp: no visible global function definition for ‘splinefun’
    RH2obigt: no visible global function definition for ‘read.csv’
    SD: no visible binding for global variable ‘sd’
    add.obigt: no visible global function definition for ‘read.csv’
    add.obigt: no visible global function definition for ‘na.omit’
    anim.TCA: no visible global function definition for ‘png’
    anim.TCA: no visible global function definition for ‘par’
    anim.TCA: no visible global function definition for ‘legend’
    anim.TCA: no visible global function definition for ‘title’
    anim.TCA: no visible global function definition for ‘dev.off’
    anim.carboxylase: no visible global function definition for ‘png’
    anim.carboxylase: no visible global function definition for ‘plot’
    anim.carboxylase: no visible global function definition for ‘title’
    anim.carboxylase: no visible global function definition for ‘legend’
    anim.carboxylase: no visible global function definition for ‘dev.off’
    anim.plasma: no visible global function definition for ‘read.csv’
    anim.plasma: no visible global function definition for ‘png’
    anim.plasma: no visible global function definition for ‘head’
    anim.plasma: no visible global function definition for ‘tail’
    anim.plasma: no visible global function definition for ‘title’
    anim.plasma: no visible global function definition for ‘dev.off’
    as.chemical.formula : cffun: no visible global function definition for
     ‘tail’
    browse.refs: no visible global function definition for ‘read.csv’
    browse.refs: no visible global function definition for ‘browseURL’
    check.obigt : checkfun: no visible global function definition for
     ‘read.csv’
    count.charge: no visible global function definition for ‘tail’
    count.elements: no visible global function definition for ‘tail’
    count.formulas: no visible global function definition for ‘head’
    demos: no visible global function definition for ‘demo’
    diagram: no visible global function definition for ‘par’
    diagram: no visible global function definition for ‘barplot’
    diagram: no visible global function definition for ‘title’
    diagram: no visible global function definition for ‘extendrange’
    diagram: no visible global function definition for ‘plot’
    diagram: no visible global function definition for ‘lines’
    diagram: no visible global function definition for ‘text’
    diagram: no visible global function definition for ‘legend’
    diagram : fill.color: no visible global function definition for ‘image’
    diagram : plot.line: no visible global function definition for ‘lines’
    diagram : plot.names: no visible global function definition for ‘text’
    diagram: no visible global function definition for ‘dev.cur’
    diagram: no visible global function definition for ‘rainbow’
    diagram: no visible global function definition for ‘heat.colors’
    diagram: no visible global function definition for ‘tail’
    diagram: no visible global function definition for ‘contour’
    draw.transfer: no visible global function definition for ‘par’
    draw.transfer: no visible global function definition for ‘lines’
    draw.transfer: no visible global function definition for ‘legend’
    element.potentials: no visible global function definition for ‘par’
    element.potentials: no visible global function definition for ‘plot’
    element.potentials: no visible global function definition for ‘title’
    eqdata: no visible global function definition for ‘write.csv’
    equil.reaction : Abarfun: no visible global function definition for
     ‘uniroot’
    examples: no visible global function definition for ‘png’
    examples: no visible binding for global variable ‘example’
    examples: no visible global function definition for ‘dev.off’
    examples: no visible global function definition for ‘par’
    findit: no visible global function definition for ‘abline’
    findit: no visible global function definition for ‘lines’
    findit: no visible global function definition for ‘points’
    findit: no visible global function definition for ‘rect’
    findit: no visible global function definition for ‘par’
    findit: no visible global function definition for ‘text’
    guess: no visible global function definition for ‘installed.packages’
    info.approx: no visible global function definition for ‘capture.output’
    info.approx: no visible global function definition for ‘head’
    invertible.combs: no visible global function definition for ‘combn’
    label.plot: no visible global function definition for ‘par’
    label.plot: no visible global function definition for ‘text’
    more.aa: no visible global function definition for ‘read.csv’
    mosaic: no visible global function definition for ‘tail’
    mtitle: no visible global function definition for ‘mtext’
    nonideal : loggamma2 : DD: no visible global function definition for
     ‘D’
    pearson: no visible binding for global variable ‘cor’
    plot_findit: no visible global function definition for ‘par’
    plot_findit: no visible global function definition for ‘plot’
    plot_findit: no visible global function definition for ‘lines’
    qqr : qqrfun: no visible global function definition for ‘qqnorm’
    qqr : qqrfun: no visible global function definition for ‘cor’
    read.aa: no visible global function definition for ‘read.csv’
    read.blast: no visible global function definition for ‘read.csv’
    read.expr: no visible global function definition for ‘read.csv’
    residualsplot: no visible global function definition for ‘barplot’
    residualsplot: no visible global function definition for ‘text’
    residualsplot: no visible global function definition for ‘title’
    residualsplot: no visible global function definition for ‘mtext’
    revisit: no visible global function definition for ‘par’
    revisit: no visible global function definition for ‘qqnorm’
    revisit: no visible global function definition for ‘qqline’
    revisit: no visible global function definition for ‘extendrange’
    revisit: no visible global function definition for ‘plot’
    revisit: no visible global function definition for ‘lines’
    revisit: no visible global function definition for ‘loess.smooth’
    revisit: no visible global function definition for ‘title’
    revisit: no visible global function definition for ‘abline’
    revisit: no visible global function definition for ‘contour’
    revisit: no visible global function definition for ‘heat.colors’
    revisit: no visible global function definition for ‘image’
    revisit: no visible global function definition for ‘points’
    rho.IAPWS95: no visible global function definition for ‘uniroot’
    s2c : do.split: no visible global function definition for ‘head’
    s2c : do.split: no visible global function definition for ‘tail’
    stress: no visible global function definition for ‘read.csv’
    strip: no visible global function definition for ‘rainbow’
    strip: no visible global function definition for ‘par’
    strip: no visible global function definition for ‘lines’
    strip: no visible global function definition for ‘text’
    strip: no visible global function definition for ‘points’
    subcrt: no visible global function definition for ‘capture.output’
    thermo.axis: no visible global function definition for ‘par’
    thermo.axis: no visible global function definition for ‘axis’
    thermo.axis: no visible global function definition for ‘axTicks’
    thermo.axis: no visible global function definition for ‘mtext’
    thermo.plot.new: no visible global function definition for ‘par’
    thermo.plot.new: no visible global function definition for ‘plot.new’
    thermo.plot.new: no visible global function definition for
     ‘plot.window’
    thermo.plot.new: no visible global function definition for ‘box’
    transfer: no visible global function definition for ‘title’
    transfer: no visible global function definition for ‘points’
    uniprot.aa: no visible global function definition for ‘tail’
    water.lines: no visible global function definition for ‘par’
    water.lines: no visible global function definition for ‘abline’
    water.lines: no visible global function definition for ‘lines’
    wjd : X: no visible global function definition for ‘tail’
    wjd: no visible global function definition for ‘tail’
    write.blast: no visible global function definition for ‘write.table’
    yeastgfp: no visible global function definition for ‘read.csv’
    Undefined global functions or variables:
     D abline as.formula axTicks axis barplot box browseURL capture.output
     combn contour cor demo dev.cur dev.off example extendrange head
     heat.colors image installed.packages legend lines lm loess.smooth
     mtext na.omit par plot plot.new plot.window png points qqline qqnorm
     rainbow read.csv rect sd splinefun tail text title uniroot write.csv
     write.table
    Consider adding
     importFrom("grDevices", "dev.cur", "dev.off", "extendrange",
     "heat.colors", "png", "rainbow")
     importFrom("graphics", "abline", "axTicks", "axis", "barplot", "box",
     "contour", "image", "legend", "lines", "mtext", "par",
     "plot", "plot.new", "plot.window", "points", "rect", "text",
     "title")
     importFrom("stats", "D", "as.formula", "cor", "lm", "loess.smooth",
     "na.omit", "qqline", "qqnorm", "sd", "splinefun", "uniroot")
     importFrom("utils", "browseURL", "capture.output", "combn", "demo",
     "example", "head", "installed.packages", "read.csv", "tail",
     "write.csv", "write.table")
    to your NAMESPACE.
Flavors: r-devel-linux-x86_64-debian-clang, r-devel-linux-x86_64-debian-gcc, r-devel-linux-x86_64-fedora-clang, r-devel-linux-x86_64-fedora-gcc, r-devel-windows-ix86+x86_64