CRAN Package Check Results for Package CHNOSZ

Last updated on 2017-06-28 20:48:24.

Flavor Version Tinstall Tcheck Ttotal Status Flags
r-devel-linux-x86_64-debian-clang 1.1.0 3.75 206.32 210.07 OK
r-devel-linux-x86_64-debian-gcc 1.1.0 3.64 197.80 201.44 OK
r-devel-linux-x86_64-fedora-clang 1.1.0 367.36 OK
r-devel-linux-x86_64-fedora-gcc 1.1.0 355.67 OK
r-devel-windows-ix86+x86_64 1.1.0 16.00 452.00 468.00 NOTE
r-patched-linux-x86_64 1.1.0 3.59 210.55 214.14 OK
r-patched-solaris-sparc 1.1.0 2187.30 NOTE
r-patched-solaris-x86 1.1.0 454.50 NOTE
r-release-linux-x86_64 1.1.0 3.46 207.79 211.25 OK
r-release-windows-ix86+x86_64 1.1.0 24.00 476.00 500.00 OK
r-release-osx-x86_64 1.1.0 NOTE
r-oldrel-windows-ix86+x86_64 1.1.0 22.00 517.00 539.00 OK
r-oldrel-osx-x86_64 1.1.0 OK

Check Details

Version: 1.1.0
Check: installed package size
Result: NOTE
     installed size is 5.2Mb
     sub-directories of 1Mb or more:
     doc 2.7Mb
Flavors: r-devel-windows-ix86+x86_64, r-patched-solaris-sparc, r-patched-solaris-x86

Version: 1.1.0
Check: re-building of vignette outputs
Result: NOTE
    Error in re-building vignettes:
     ...
    equilibrate: using boltzmann method
    subcrt: 3 species at 598.15 K and 120.46 bar (wet)
    info.character: found H2O(liq), also available in cr1, cr2, cr3, cr5, cr6, cr7, cr8, cr9, gas, aq
    subcrt: 4 species at 598.15 K and 120.46 bar (wet)
    subcrt: 2 species at 598.15 K and 120.46 bar
    info.character: found H2O(liq), also available in cr1, cr2, cr3, cr5, cr6, cr7, cr8, cr9, gas, aq
    subcrt: 4 species at 598.15 K and 120.46 bar (wet)
    info.character: found H2O(liq), also available in cr1, cr2, cr3, cr5, cr6, cr7, cr8, cr9, gas, aq
    subcrt: 4 species at 598.15 K and 120.46 bar (wet)
    Error in texi2dvi(file = file, pdf = TRUE, clean = clean, quiet = quiet, :
     Running 'texi2dvi' on 'equilibrium.tex' failed.
    LaTeX errors:
    ! LaTeX Error: File `breakurl.sty' not found.
    
    Type X to quit or <RETURN> to proceed,
    or enter new name. (Default extension: sty)
    
    ! Emergency stop.
    <read *>
    
    l.73 ^^M
    
    ! ==> Fatal error occurred, no output PDF file produced!
    Calls: buildVignettes -> texi2pdf -> texi2dvi
    Execution halted
Flavor: r-release-osx-x86_64