CRAN Package Check Results for Package CHsharp

Last updated on 2015-01-30 09:54:16.

Flavor Version Tinstall Tcheck Ttotal Status Flags
r-devel-linux-x86_64-debian-clang 0.3 0.98 9.48 10.46 NOTE
r-devel-linux-x86_64-debian-gcc 0.3 0.96 9.76 10.73 NOTE
r-devel-linux-x86_64-fedora-clang 0.3 22.87 NOTE
r-devel-linux-x86_64-fedora-gcc 0.3 19.93 NOTE
r-devel-osx-x86_64-clang 0.3 26.91 NOTE
r-devel-windows-ix86+x86_64 0.3 10.00 22.00 32.00 NOTE
r-patched-linux-x86_64 0.3 0.97 10.49 11.46 NOTE
r-patched-solaris-sparc 0.3 131.20 NOTE
r-patched-solaris-x86 0.3 32.40 NOTE
r-release-linux-ix86 0.3 1.39 16.30 17.68 NOTE
r-release-linux-x86_64 0.3 1.18 10.32 11.49 NOTE
r-release-osx-x86_64-mavericks 0.3 NOTE
r-release-windows-ix86+x86_64 0.3 6.00 26.00 32.00 NOTE
r-oldrel-windows-ix86+x86_64 0.3 7.00 26.00 33.00 NOTE

Check Details

Version: 0.3
Check: dependencies in R code
Result: NOTE
    Package in Depends field not imported from: ‘KernSmooth’
     These packages need to be imported from (in the NAMESPACE file)
     for when this namespace is loaded but not attached.
Flavors: r-devel-linux-x86_64-debian-clang, r-devel-linux-x86_64-debian-gcc, r-devel-linux-x86_64-fedora-clang, r-devel-linux-x86_64-fedora-gcc, r-devel-osx-x86_64-clang, r-devel-windows-ix86+x86_64

Version: 0.3
Check: dependencies in R code
Result: NOTE
    Package in Depends field not imported from: ‘KernSmooth’
     These packages need to be imported from (in the NAMESPACE file)
     for when this namespace is loaded but not attached.
    See the information on DESCRIPTION files in the chapter ‘Creating R
    packages’ of the ‘Writing R Extensions’ manual.
Flavors: r-patched-linux-x86_64, r-patched-solaris-sparc, r-patched-solaris-x86, r-release-linux-ix86, r-release-linux-x86_64, r-release-osx-x86_64-mavericks, r-release-windows-ix86+x86_64, r-oldrel-windows-ix86+x86_64