CRAN Package Check Results for Package CHsharp

Last updated on 2017-03-24 06:48:02.

Flavor Version Tinstall Tcheck Ttotal Status Flags
r-devel-linux-x86_64-debian-clang 0.4 1.23 14.36 15.59 NOTE
r-devel-linux-x86_64-debian-gcc 0.4 1.16 13.81 14.97 NOTE
r-devel-linux-x86_64-fedora-clang 0.4 22.13 NOTE --no-stop-on-test-error
r-devel-linux-x86_64-fedora-gcc 0.4 24.09 NOTE --no-stop-on-test-error
r-devel-macos-x86_64-clang 0.4 19.77 NOTE --no-stop-on-test-error
r-devel-windows-ix86+x86_64 0.4 6.00 56.00 62.00 OK
r-patched-linux-x86_64 0.4 1.05 13.06 14.11 OK
r-patched-solaris-sparc 0.4 144.90 OK
r-patched-solaris-x86 0.4 32.10 OK
r-release-linux-x86_64 0.4 1.06 12.94 14.00 OK
r-release-osx-x86_64-mavericks 0.4 OK
r-release-windows-ix86+x86_64 0.4 9.00 30.00 39.00 OK
r-oldrel-windows-ix86+x86_64 0.4 8.00 44.00 52.00 OK

Check Details

Version: 0.4
Check: compiled code
Result: NOTE
    File ‘CHsharp/libs/CHsharp.so’:
     Found no calls to: ‘R_registerRoutines’, ‘R_useDynamicSymbols’
    
    It is good practice to register native routines and to disable symbol
    search.
    
    See ‘Writing portable packages’ in the ‘Writing R Extensions’ manual.
Flavors: r-devel-linux-x86_64-debian-clang, r-devel-linux-x86_64-debian-gcc

Version: 0.4
Flags: --no-stop-on-test-error
Check: compiled code
Result: NOTE
    File ‘CHsharp/libs/CHsharp.so’:
     Found no calls to: ‘R_registerRoutines’, ‘R_useDynamicSymbols’
    
    It is good practice to register native routines and to disable symbol
    search.
    
    See ‘Writing portable packages’ in the ‘Writing R Extensions’ manual.
Flavors: r-devel-linux-x86_64-fedora-clang, r-devel-linux-x86_64-fedora-gcc, r-devel-macos-x86_64-clang