CRAN Package Check Results for Package CHsharp

Last updated on 2018-05-21 23:50:44 CEST.

Flavor Version Tinstall Tcheck Ttotal Status Flags
r-devel-linux-x86_64-debian-clang 0.4 1.71 17.99 19.70 NOTE
r-devel-linux-x86_64-debian-gcc 0.4 1.45 15.52 16.97 NOTE
r-devel-linux-x86_64-fedora-clang 0.4 26.21 NOTE
r-devel-linux-x86_64-fedora-gcc 0.4 26.11 NOTE
r-devel-windows-ix86+x86_64 0.4 11.00 40.00 51.00 OK
r-patched-linux-x86_64 0.4 1.87 18.51 20.38 NOTE
r-patched-solaris-x86 0.4 42.00 OK
r-release-linux-x86_64 0.4 1.67 18.67 20.34 NOTE
r-release-windows-ix86+x86_64 0.4 11.00 52.00 63.00 OK
r-release-osx-x86_64 0.4 OK
r-oldrel-windows-ix86+x86_64 0.4 10.00 62.00 72.00 OK
r-oldrel-osx-x86_64 0.4 OK

Check Details

Version: 0.4
Check: compiled code
Result: NOTE
    File ‘CHsharp/libs/CHsharp.so’:
     Found no calls to: ‘R_registerRoutines’, ‘R_useDynamicSymbols’
    
    It is good practice to register native routines and to disable symbol
    search.
    
    See ‘Writing portable packages’ in the ‘Writing R Extensions’ manual.
Flavors: r-devel-linux-x86_64-debian-clang, r-devel-linux-x86_64-debian-gcc, r-devel-linux-x86_64-fedora-clang, r-devel-linux-x86_64-fedora-gcc, r-patched-linux-x86_64, r-release-linux-x86_64