CRAN Package Check Results for Package CHsharp

Last updated on 2017-02-20 17:48:47.

Flavor Version Tinstall Tcheck Ttotal Status Flags
r-devel-linux-x86_64-debian-clang 0.4 1.12 15.22 16.35 NOTE
r-devel-linux-x86_64-debian-gcc 0.4 1.79 14.39 16.18 NOTE
r-devel-linux-x86_64-fedora-clang 0.4 22.17 NOTE --no-stop-on-test-error
r-devel-linux-x86_64-fedora-gcc 0.4 21.31 NOTE --no-stop-on-test-error
r-devel-macos-x86_64-clang 20.43 NOTE --no-stop-on-test-error
r-devel-windows-ix86+x86_64 0.4 8.00 41.00 49.00 OK
r-patched-linux-x86_64 0.4 0.96 13.23 14.19 OK
r-patched-solaris-sparc 0.4 139.20 OK
r-patched-solaris-x86 0.4 28.20 OK
r-release-linux-x86_64 0.4 1.12 12.39 13.51 OK
r-release-osx-x86_64-mavericks 0.4 OK
r-release-windows-ix86+x86_64 0.4 5.00 33.00 38.00 OK
r-oldrel-windows-ix86+x86_64 0.4 6.00 46.00 52.00 OK

Check Details

Version: 0.4
Check: compiled code
Result: NOTE
    File ‘CHsharp/libs/CHsharp.so’:
     Found no calls to: ‘R_registerRoutines’, ‘R_useDynamicSymbols’
    
    It is good practice to register native routines and to disable symbol
    search.
    
    See ‘Writing portable packages’ in the ‘Writing R Extensions’ manual.
Flavors: r-devel-linux-x86_64-debian-clang, r-devel-linux-x86_64-debian-gcc

Version: 0.4
Flags: --no-stop-on-test-error
Check: compiled code
Result: NOTE
    File ‘CHsharp/libs/CHsharp.so’:
     Found no calls to: ‘R_registerRoutines’, ‘R_useDynamicSymbols’
    
    It is good practice to register native routines and to disable symbol
    search.
    
    See ‘Writing portable packages’ in the ‘Writing R Extensions’ manual.
Flavors: r-devel-linux-x86_64-fedora-clang, r-devel-linux-x86_64-fedora-gcc, r-devel-macos-x86_64-clang