CRAN Package Check Results for Package CHsharp

Last updated on 2015-07-04 03:48:03.

Flavor Version Tinstall Tcheck Ttotal Status Flags
r-devel-linux-x86_64-debian-clang 0.3 0.88 8.92 9.80 NOTE
r-devel-linux-x86_64-debian-gcc 0.3 0.86 8.97 9.83 NOTE
r-devel-linux-x86_64-fedora-clang 0.3 17.91 NOTE
r-devel-linux-x86_64-fedora-gcc 0.3 17.59 NOTE
r-devel-osx-x86_64-clang 0.3 20.37 NOTE
r-devel-windows-ix86+x86_64 0.3 9.00 21.00 30.00 NOTE
r-patched-linux-x86_64 0.3 0.91 9.06 9.98 NOTE
r-patched-solaris-sparc 0.3 122.50 NOTE
r-patched-solaris-x86 0.3 28.80 NOTE
r-release-linux-x86_64 0.3 0.92 8.97 9.88 NOTE
r-release-osx-x86_64-mavericks 0.3 NOTE
r-release-windows-ix86+x86_64 0.3 7.00 21.00 28.00 NOTE
r-oldrel-windows-ix86+x86_64 0.3 6.00 26.00 32.00 NOTE

Check Details

Version: 0.3
Check: dependencies in R code
Result: NOTE
    Package in Depends field not imported from: ‘KernSmooth’
     These packages need to be imported from (in the NAMESPACE file)
     for when this namespace is loaded but not attached.
Flavors: r-devel-linux-x86_64-debian-clang, r-devel-linux-x86_64-debian-gcc, r-devel-linux-x86_64-fedora-clang, r-devel-linux-x86_64-fedora-gcc, r-devel-osx-x86_64-clang, r-devel-windows-ix86+x86_64, r-patched-linux-x86_64, r-patched-solaris-sparc, r-patched-solaris-x86, r-release-linux-x86_64, r-release-osx-x86_64-mavericks, r-release-windows-ix86+x86_64, r-oldrel-windows-ix86+x86_64

Version: 0.3
Check: R code for possible problems
Result: NOTE
    sharp1d : <anonymous>: no visible global function definition for
     ‘dnorm’
    Undefined global functions or variables:
     dnorm
Flavors: r-devel-linux-x86_64-debian-clang, r-devel-linux-x86_64-debian-gcc, r-devel-linux-x86_64-fedora-clang, r-devel-linux-x86_64-fedora-gcc, r-devel-windows-ix86+x86_64