CRAN Package Check Results for Package CHsharp

Last updated on 2014-08-27 18:48:17.

Flavor Version Tinstall Tcheck Ttotal Status Flags
r-devel-linux-x86_64-debian-clang 0.3 0.89 9.75 10.64 NOTE
r-devel-linux-x86_64-debian-gcc 0.3 0.93 9.85 10.78 NOTE
r-devel-linux-x86_64-fedora-clang 0.3 20.35 NOTE
r-devel-linux-x86_64-fedora-gcc 0.3 19.35 NOTE
r-devel-osx-x86_64-clang 0.3 23.26 NOTE
r-devel-windows-ix86+x86_64 0.3 6.00 23.00 29.00 NOTE
r-patched-linux-x86_64 0.3 0.93 10.00 10.93 NOTE
r-patched-solaris-sparc 0.3 119.90 NOTE
r-patched-solaris-x86 0.3 31.40 NOTE
r-release-linux-ix86 0.3 1.39 16.48 17.87 NOTE
r-release-linux-x86_64 0.3 0.91 10.35 11.26 NOTE
r-release-osx-x86_64-mavericks 0.3 NOTE
r-release-windows-ix86+x86_64 0.3 5.00 24.00 29.00 NOTE
r-oldrel-windows-ix86+x86_64 0.3 6.00 24.00 30.00 NOTE

Check Details

Version: 0.3
Check: dependencies in R code
Result: NOTE
    Package in Depends field not imported from: ‘KernSmooth’
     These packages need to be imported from (in the NAMESPACE file)
     for when this namespace is loaded but not attached.
    See the information on DESCRIPTION files in the chapter ‘Creating R
    packages’ of the ‘Writing R Extensions’ manual.
Flavors: r-devel-linux-x86_64-debian-clang, r-devel-linux-x86_64-debian-gcc, r-devel-linux-x86_64-fedora-clang, r-devel-linux-x86_64-fedora-gcc, r-devel-osx-x86_64-clang, r-devel-windows-ix86+x86_64, r-patched-linux-x86_64, r-patched-solaris-sparc, r-patched-solaris-x86, r-release-linux-ix86, r-release-linux-x86_64, r-release-osx-x86_64-mavericks, r-release-windows-ix86+x86_64, r-oldrel-windows-ix86+x86_64