CRAN Package Check Results for Package CHsharp

Last updated on 2017-04-29 15:47:48.

Flavor Version Tinstall Tcheck Ttotal Status Flags
r-devel-linux-x86_64-debian-clang 0.4 1.12 14.70 15.82 NOTE
r-devel-linux-x86_64-debian-gcc 0.4 1.05 13.81 14.87 NOTE
r-devel-linux-x86_64-fedora-clang 0.4 22.44 NOTE --no-stop-on-test-error
r-devel-linux-x86_64-fedora-gcc 0.4 21.35 NOTE --no-stop-on-test-error
r-devel-windows-ix86+x86_64 0.4 14.00 45.00 59.00 OK
r-patched-linux-x86_64 0.4 1.04 14.52 15.57 NOTE
r-patched-solaris-sparc 0.4 144.90 OK
r-patched-solaris-x86 0.4 34.20 OK
r-release-linux-x86_64 0.4 1.03 14.63 15.66 NOTE
r-release-windows-ix86+x86_64 0.4 10.00 48.00 58.00 OK
r-release-osx-x86_64 0.4 OK
r-oldrel-windows-ix86+x86_64 0.4 13.00 43.00 56.00 OK
r-oldrel-osx-x86_64 0.4 OK

Check Details

Version: 0.4
Check: compiled code
Result: NOTE
    File ‘CHsharp/libs/CHsharp.so’:
     Found no calls to: ‘R_registerRoutines’, ‘R_useDynamicSymbols’
    
    It is good practice to register native routines and to disable symbol
    search.
    
    See ‘Writing portable packages’ in the ‘Writing R Extensions’ manual.
Flavors: r-devel-linux-x86_64-debian-clang, r-devel-linux-x86_64-debian-gcc, r-patched-linux-x86_64, r-release-linux-x86_64

Version: 0.4
Flags: --no-stop-on-test-error
Check: compiled code
Result: NOTE
    File ‘CHsharp/libs/CHsharp.so’:
     Found no calls to: ‘R_registerRoutines’, ‘R_useDynamicSymbols’
    
    It is good practice to register native routines and to disable symbol
    search.
    
    See ‘Writing portable packages’ in the ‘Writing R Extensions’ manual.
Flavors: r-devel-linux-x86_64-fedora-clang, r-devel-linux-x86_64-fedora-gcc