CRAN Package Check Results for Package CHsharp

Last updated on 2014-11-01 03:48:41.

Flavor Version Tinstall Tcheck Ttotal Status Flags
r-devel-linux-x86_64-debian-clang 0.3 0.96 10.76 11.73 NOTE
r-devel-linux-x86_64-debian-gcc 0.3 1.02 10.53 11.55 NOTE
r-devel-linux-x86_64-fedora-clang 0.3 22.78 NOTE
r-devel-linux-x86_64-fedora-gcc 0.3 20.59 NOTE
r-devel-osx-x86_64-clang 0.3 25.43 NOTE
r-devel-windows-ix86+x86_64 0.3 5.00 24.00 29.00 NOTE
r-patched-linux-x86_64 0.3 1.00 10.53 11.52 NOTE
r-patched-solaris-sparc 0.3 119.90 NOTE
r-patched-solaris-x86 0.3 33.20 NOTE
r-release-linux-ix86 0.3 1.40 16.66 18.06 NOTE
r-release-linux-x86_64 0.3 0.92 11.06 11.98 NOTE
r-release-osx-x86_64-mavericks 0.3 NOTE
r-release-windows-ix86+x86_64 0.3 5.00 25.00 30.00 NOTE
r-oldrel-windows-ix86+x86_64 0.3 5.00 24.00 29.00 NOTE

Check Details

Version: 0.3
Check: dependencies in R code
Result: NOTE
    Package in Depends field not imported from: ‘KernSmooth’
     These packages need to be imported from (in the NAMESPACE file)
     for when this namespace is loaded but not attached.
    See the information on DESCRIPTION files in the chapter ‘Creating R
    packages’ of the ‘Writing R Extensions’ manual.
Flavors: r-devel-linux-x86_64-debian-clang, r-devel-linux-x86_64-debian-gcc, r-devel-linux-x86_64-fedora-clang, r-devel-linux-x86_64-fedora-gcc, r-devel-osx-x86_64-clang, r-devel-windows-ix86+x86_64, r-patched-linux-x86_64, r-patched-solaris-sparc, r-patched-solaris-x86, r-release-linux-ix86, r-release-linux-x86_64, r-release-osx-x86_64-mavericks, r-release-windows-ix86+x86_64, r-oldrel-windows-ix86+x86_64