CRAN Package Check Results for Package CHsharp

Last updated on 2017-10-22 22:48:39.

Flavor Version Tinstall Tcheck Ttotal Status Flags
r-devel-linux-x86_64-debian-clang 0.4 1.03 12.35 13.38 NOTE
r-devel-linux-x86_64-debian-gcc 0.4 1.07 14.88 15.94 NOTE
r-devel-linux-x86_64-fedora-clang 0.4 23.54 NOTE
r-devel-linux-x86_64-fedora-gcc 0.4 22.77 NOTE
r-devel-windows-ix86+x86_64 0.4 8.00 50.00 58.00 OK
r-patched-linux-x86_64 0.4 1.01 13.02 14.03 NOTE
r-patched-solaris-x86 0.4 35.10 OK
r-release-linux-x86_64 0.4 1.21 12.71 13.92 NOTE
r-release-windows-ix86+x86_64 0.4 7.00 40.00 47.00 OK
r-release-osx-x86_64 0.4 OK
r-oldrel-windows-ix86+x86_64 0.4 5.00 41.00 46.00 OK
r-oldrel-osx-x86_64 0.4 OK

Check Details

Version: 0.4
Check: compiled code
Result: NOTE
    File ‘CHsharp/libs/CHsharp.so’:
     Found no calls to: ‘R_registerRoutines’, ‘R_useDynamicSymbols’
    
    It is good practice to register native routines and to disable symbol
    search.
    
    See ‘Writing portable packages’ in the ‘Writing R Extensions’ manual.
Flavors: r-devel-linux-x86_64-debian-clang, r-devel-linux-x86_64-debian-gcc, r-devel-linux-x86_64-fedora-clang, r-devel-linux-x86_64-fedora-gcc, r-patched-linux-x86_64, r-release-linux-x86_64