CRAN Package Check Results for Package CHsharp

Last updated on 2015-08-30 09:47:18.

Flavor Version Tinstall Tcheck Ttotal Status Flags
r-devel-linux-x86_64-debian-clang 0.3 0.82 8.75 9.57 NOTE
r-devel-linux-x86_64-debian-gcc 0.3 0.83 8.75 9.58 NOTE
r-devel-linux-x86_64-fedora-clang 0.3 17.85 NOTE
r-devel-linux-x86_64-fedora-gcc 0.3 17.18 NOTE
r-devel-osx-x86_64-clang 0.3 19.04 NOTE
r-devel-windows-ix86+x86_64 0.3 9.00 25.00 34.00 NOTE
r-patched-linux-x86_64 0.3 0.94 9.54 10.48 NOTE
r-patched-solaris-sparc 0.3 125.10 NOTE
r-patched-solaris-x86 0.3 32.30 NOTE
r-release-linux-x86_64 0.3 0.99 9.32 10.30 NOTE
r-release-osx-x86_64-mavericks 0.3 NOTE
r-release-windows-ix86+x86_64 0.3 8.00 35.00 43.00 NOTE
r-oldrel-windows-ix86+x86_64 0.3 9.00 29.00 38.00 NOTE

Check Details

Version: 0.3
Check: dependencies in R code
Result: NOTE
    Package in Depends field not imported from: ‘KernSmooth’
     These packages need to be imported from (in the NAMESPACE file)
     for when this namespace is loaded but not attached.
Flavors: r-devel-linux-x86_64-debian-clang, r-devel-linux-x86_64-debian-gcc, r-devel-linux-x86_64-fedora-clang, r-devel-linux-x86_64-fedora-gcc, r-devel-osx-x86_64-clang, r-devel-windows-ix86+x86_64, r-patched-linux-x86_64, r-patched-solaris-sparc, r-patched-solaris-x86, r-release-linux-x86_64, r-release-osx-x86_64-mavericks, r-release-windows-ix86+x86_64, r-oldrel-windows-ix86+x86_64

Version: 0.3
Check: R code for possible problems
Result: NOTE
    sharp1d : <anonymous>: no visible global function definition for
     ‘dnorm’
    Undefined global functions or variables:
     dnorm
    Consider adding
     importFrom("stats", "dnorm")
    to your NAMESPACE.
Flavors: r-devel-linux-x86_64-debian-clang, r-devel-linux-x86_64-debian-gcc, r-devel-linux-x86_64-fedora-clang, r-devel-linux-x86_64-fedora-gcc, r-devel-windows-ix86+x86_64