CRAN Package Check Results for Package CHsharp

Last updated on 2017-06-25 10:46:56.

Flavor Version Tinstall Tcheck Ttotal Status Flags
r-devel-linux-x86_64-debian-clang 0.4 1.14 14.59 15.73 NOTE
r-devel-linux-x86_64-debian-gcc 0.4 1.09 14.91 16.00 NOTE
r-devel-linux-x86_64-fedora-clang 0.4 25.81 NOTE
r-devel-linux-x86_64-fedora-gcc 0.4 21.72 NOTE
r-devel-windows-ix86+x86_64 0.4 14.00 51.00 65.00 OK
r-patched-linux-x86_64 0.4 1.03 14.17 15.19 NOTE
r-patched-solaris-sparc 0.4 144.90 OK
r-patched-solaris-x86 0.4 33.20 OK
r-release-linux-x86_64 0.4 1.17 14.84 16.01 NOTE
r-release-windows-ix86+x86_64 0.4 13.00 48.00 61.00 OK
r-release-osx-x86_64 0.4 OK
r-oldrel-windows-ix86+x86_64 0.4 12.00 43.00 55.00 OK
r-oldrel-osx-x86_64 0.4 OK

Check Details

Version: 0.4
Check: compiled code
Result: NOTE
    File ‘CHsharp/libs/CHsharp.so’:
     Found no calls to: ‘R_registerRoutines’, ‘R_useDynamicSymbols’
    
    It is good practice to register native routines and to disable symbol
    search.
    
    See ‘Writing portable packages’ in the ‘Writing R Extensions’ manual.
Flavors: r-devel-linux-x86_64-debian-clang, r-devel-linux-x86_64-debian-gcc, r-devel-linux-x86_64-fedora-clang, r-devel-linux-x86_64-fedora-gcc, r-patched-linux-x86_64, r-release-linux-x86_64