CRAN Package Check Results for Package CHsharp

Last updated on 2017-08-17 12:53:45.

Flavor Version Tinstall Tcheck Ttotal Status Flags
r-devel-linux-x86_64-debian-clang 0.4 1.06 12.22 13.28 NOTE
r-devel-linux-x86_64-debian-gcc 0.4 1.01 13.66 14.67 NOTE
r-devel-linux-x86_64-fedora-clang 0.4 25.78 NOTE
r-devel-linux-x86_64-fedora-gcc 0.4 23.66 NOTE
r-devel-windows-ix86+x86_64 0.4 6.00 37.00 43.00 OK
r-patched-linux-x86_64 0.4 1.08 12.01 13.09 NOTE
r-patched-solaris-x86 0.4 33.90 OK
r-release-linux-x86_64 0.4 1.06 13.53 14.59 NOTE
r-release-windows-ix86+x86_64 0.4 6.00 33.00 39.00 OK
r-release-osx-x86_64 0.4 OK
r-oldrel-windows-ix86+x86_64 0.4 7.00 33.00 40.00 OK
r-oldrel-osx-x86_64 0.4 OK

Check Details

Version: 0.4
Check: compiled code
Result: NOTE
    File ‘CHsharp/libs/CHsharp.so’:
     Found no calls to: ‘R_registerRoutines’, ‘R_useDynamicSymbols’
    
    It is good practice to register native routines and to disable symbol
    search.
    
    See ‘Writing portable packages’ in the ‘Writing R Extensions’ manual.
Flavors: r-devel-linux-x86_64-debian-clang, r-devel-linux-x86_64-debian-gcc, r-devel-linux-x86_64-fedora-clang, r-devel-linux-x86_64-fedora-gcc, r-patched-linux-x86_64, r-release-linux-x86_64