CRAN Package Check Results for Package CHsharp

Last updated on 2015-04-27 10:48:40.

Flavor Version Tinstall Tcheck Ttotal Status Flags
r-devel-linux-x86_64-debian-clang 0.3 0.97 9.32 10.30 NOTE
r-devel-linux-x86_64-debian-gcc 0.3 0.90 9.16 10.06 NOTE
r-devel-linux-x86_64-fedora-clang 0.3 19.86 NOTE
r-devel-linux-x86_64-fedora-gcc 0.3 18.90 NOTE
r-devel-osx-x86_64-clang 0.3 23.41 NOTE
r-devel-windows-ix86+x86_64 0.3 6.00 36.00 42.00 NOTE
r-patched-linux-x86_64 0.3 0.91 9.22 10.13 NOTE
r-patched-solaris-sparc 0.3 151.40 NOTE
r-patched-solaris-x86 0.3 27.90 NOTE
r-release-linux-x86_64 0.3 0.89 9.43 10.32 NOTE
r-release-osx-x86_64-mavericks 0.3 NOTE
r-release-osx-x86_64-snowleopard 0.3 NOTE
r-release-windows-ix86+x86_64 0.3 6.00 29.00 35.00 NOTE
r-oldrel-windows-ix86+x86_64 0.3 5.00 25.00 30.00 NOTE

Check Details

Version: 0.3
Check: dependencies in R code
Result: NOTE
    Package in Depends field not imported from: ‘KernSmooth’
     These packages need to be imported from (in the NAMESPACE file)
     for when this namespace is loaded but not attached.
Flavors: r-devel-linux-x86_64-debian-clang, r-devel-linux-x86_64-debian-gcc, r-devel-linux-x86_64-fedora-clang, r-devel-linux-x86_64-fedora-gcc, r-devel-osx-x86_64-clang, r-devel-windows-ix86+x86_64, r-patched-solaris-sparc, r-patched-solaris-x86, r-release-osx-x86_64-mavericks, r-release-osx-x86_64-snowleopard, r-release-windows-ix86+x86_64, r-oldrel-windows-ix86+x86_64