CRAN Package Check Results for Package CHsharp

Last updated on 2014-04-19 18:47:38.

Flavor Version Tinstall Tcheck Ttotal Status Flags
r-devel-linux-x86_64-debian-clang 0.3 0.96 10.36 11.32 NOTE
r-devel-linux-x86_64-debian-gcc 0.3 0.93 10.36 11.30 NOTE
r-devel-linux-x86_64-fedora-clang 0.3 21.97 NOTE
r-devel-linux-x86_64-fedora-gcc 0.3 20.13 NOTE
r-devel-macosx-x86_64-clang 0.3 25.49 NOTE
r-devel-macosx-x86_64-gcc 0.3 NOTE
r-devel-windows-ix86+x86_64 0.3 5.00 23.00 28.00 NOTE
r-patched-linux-x86_64 0.3 0.91 10.61 11.52 NOTE
r-patched-solaris-sparc 0.3 124.60 NOTE
r-patched-solaris-x86 0.3 32.30 NOTE
r-release-linux-ix86 NOTE
r-release-linux-x86_64 0.3 0.95 10.16 11.12 NOTE
r-release-windows-ix86+x86_64 0.3 7.00 24.00 31.00 NOTE
r-oldrel-windows-ix86+x86_64 0.3 6.00 24.00 30.00 NOTE

Check Details

Version: 0.3
Check: dependencies in R code
Result: NOTE
    Package in Depends field not imported from: ‘KernSmooth’
     These packages need to be imported from (in the NAMESPACE file)
     for when this namespace is loaded but not attached.
    See the information on DESCRIPTION files in the chapter ‘Creating R
    packages’ of the ‘Writing R Extensions’ manual.
Flavors: r-devel-linux-x86_64-debian-clang, r-devel-linux-x86_64-debian-gcc, r-devel-linux-x86_64-fedora-clang, r-devel-linux-x86_64-fedora-gcc, r-devel-macosx-x86_64-clang, r-devel-macosx-x86_64-gcc, r-devel-windows-ix86+x86_64, r-patched-linux-x86_64, r-patched-solaris-sparc, r-patched-solaris-x86, r-release-linux-ix86, r-release-linux-x86_64, r-release-windows-ix86+x86_64, r-oldrel-windows-ix86+x86_64