CRAN Package Check Results for Package CIAAWconsensus

Last updated on 2022-01-26 21:50:03 CET.

Flavor Version Tinstall Tcheck Ttotal Status Flags
r-devel-linux-x86_64-debian-clang 1.3 1.76 43.26 45.02 OK
r-devel-linux-x86_64-debian-gcc 1.3 1.91 33.56 35.47 OK
r-devel-linux-x86_64-fedora-clang 1.3 59.88 NOTE
r-devel-linux-x86_64-fedora-gcc 1.3 46.93 NOTE
r-devel-windows-x86_64-new-UL 1.3 49.00 66.00 115.00 OK
r-devel-windows-x86_64-new-TK 1.3 NOTE
r-patched-linux-x86_64 1.3 2.52 41.37 43.89 OK
r-release-linux-x86_64 1.3 2.43 41.39 43.82 OK
r-release-macos-arm64 1.3 NOTE
r-release-macos-x86_64 1.3 NOTE
r-release-windows-ix86+x86_64 1.3 5.00 53.00 58.00 OK
r-oldrel-macos-x86_64 1.3 NOTE
r-oldrel-windows-ix86+x86_64 1.3 5.00 53.00 58.00 OK

Check Details

Version: 1.3
Check: dependencies in R code
Result: NOTE
    Namespaces in Imports field not imported from:
     ‘Matrix’ ‘stringr’
     All declared Imports should be used.
Flavors: r-devel-linux-x86_64-fedora-clang, r-devel-linux-x86_64-fedora-gcc, r-devel-windows-x86_64-new-TK, r-release-macos-arm64, r-release-macos-x86_64, r-oldrel-macos-x86_64