CRAN Package Check Results for Package CITAN

Last updated on 2015-09-03 12:49:34.

Flavor Version Tinstall Tcheck Ttotal Status Flags
r-devel-linux-x86_64-debian-clang 2014.12-1 4.32 44.47 48.79 NOTE
r-devel-linux-x86_64-debian-gcc 2014.12-1 4.15 44.28 48.43 NOTE
r-devel-linux-x86_64-fedora-clang 2014.12-1 98.10 NOTE
r-devel-linux-x86_64-fedora-gcc 2014.12-1 92.45 NOTE
r-devel-osx-x86_64-clang 2014.12-1 84.07 NOTE
r-devel-windows-ix86+x86_64 2014.12-1 15.00 100.00 115.00 NOTE
r-patched-linux-x86_64 2014.12-1 4.92 46.50 51.42 NOTE
r-patched-solaris-sparc 2014.12-1 652.40 NOTE
r-patched-solaris-x86 2014.12-1 165.80 NOTE
r-release-linux-x86_64 2014.12-1 4.40 46.74 51.14 NOTE
r-release-osx-x86_64-mavericks 2014.12-1 NOTE
r-release-windows-ix86+x86_64 2014.12-1 16.00 107.00 123.00 NOTE
r-oldrel-windows-ix86+x86_64 2014.12-1 25.00 112.00 137.00 NOTE

Check Details

Version: 2014.12-1
Check: R code for possible problems
Result: NOTE
    Scopus_ImportSources : .Scopus_ImportSources_Sources : <anonymous>: no
     visible global function definition for ‘na.omit’
    Scopus_ReadCSV: no visible global function definition for ‘read.csv’
    lbsDescriptiveStats: no visible global function definition for ‘par’
    lbsDescriptiveStats: no visible global function definition for
     ‘dev.interactive’
    lbsDescriptiveStats: no visible global function definition for
     ‘devAskNewPage’
    lbsDescriptiveStats: no visible global function definition for
     ‘barplot’
    lbsDescriptiveStats: no visible global function definition for ‘mtext’
    lbsDescriptiveStats: no visible global function definition for
     ‘as.graphicsAnnot’
    lbsDescriptiveStats: no visible global function definition for
     ‘boxplot’
    lbsDescriptiveStats: no visible global function definition for ‘pie’
    Undefined global functions or variables:
     as.graphicsAnnot barplot boxplot dev.interactive devAskNewPage mtext
     na.omit par pie read.csv
    Consider adding
     importFrom("grDevices", "as.graphicsAnnot", "dev.interactive",
     "devAskNewPage")
     importFrom("graphics", "barplot", "boxplot", "mtext", "par", "pie")
     importFrom("stats", "na.omit")
     importFrom("utils", "read.csv")
    to your NAMESPACE.
Flavors: r-devel-linux-x86_64-debian-clang, r-devel-linux-x86_64-debian-gcc, r-devel-linux-x86_64-fedora-clang, r-devel-linux-x86_64-fedora-gcc, r-devel-windows-ix86+x86_64

Version: 2014.12-1
Check: data for non-ASCII characters
Result: NOTE
     Note: found 500 marked UTF-8 strings
Flavors: r-devel-linux-x86_64-fedora-clang, r-devel-linux-x86_64-fedora-gcc, r-devel-osx-x86_64-clang, r-patched-linux-x86_64, r-patched-solaris-sparc, r-patched-solaris-x86, r-release-linux-x86_64, r-release-osx-x86_64-mavericks, r-release-windows-ix86+x86_64, r-oldrel-windows-ix86+x86_64