CRAN Package Check Results for Package CITAN

Last updated on 2018-05-22 22:48:21 CEST.

Flavor Version Tinstall Tcheck Ttotal Status Flags
r-devel-linux-x86_64-debian-clang 2015.12-2 9.42 85.20 94.62 OK
r-devel-linux-x86_64-debian-gcc 2015.12-2 6.55 66.84 73.39 OK
r-devel-linux-x86_64-fedora-clang 2015.12-2 115.46 OK
r-devel-linux-x86_64-fedora-gcc 2015.12-2 120.93 OK
r-devel-windows-ix86+x86_64 2015.12-2 12.00 116.00 128.00 OK
r-patched-linux-x86_64 2015.12-2 8.48 74.74 83.22 OK
r-patched-solaris-x86 2015.12-2 180.70 OK
r-release-linux-x86_64 2015.12-2 7.08 73.74 80.82 OK
r-release-windows-ix86+x86_64 2015.12-2 16.00 113.00 129.00 OK
r-release-osx-x86_64 2015.12-2 ERROR
r-oldrel-windows-ix86+x86_64 2015.12-2 15.00 114.00 129.00 OK
r-oldrel-osx-x86_64 2015.12-2 ERROR

Check Details

Version: 2015.12-2
Check: package dependencies
Result: ERROR
    Package required but not available: ‘RGtk2’
    
    See section ‘The DESCRIPTION file’ in the ‘Writing R Extensions’
    manual.
Flavors: r-release-osx-x86_64, r-oldrel-osx-x86_64