CRAN Package Check Results for Package CITAN

Last updated on 2014-12-20 03:49:28.

Flavor Version Tinstall Tcheck Ttotal Status Flags
r-devel-linux-x86_64-debian-clang 2014.12-1 5.12 54.34 59.46 NOTE
r-devel-linux-x86_64-debian-gcc 2014.12-1 5.27 53.33 58.60 NOTE
r-devel-linux-x86_64-fedora-clang 2014.12-1 142.37 NOTE
r-devel-linux-x86_64-fedora-gcc 2014.12-1 131.11 NOTE
r-devel-osx-x86_64-clang 2014.12-1 114.31 NOTE
r-devel-windows-ix86+x86_64 2014.12-1 13.00 79.00 92.00 NOTE
r-patched-linux-x86_64 2014.12-1 6.23 59.87 66.10 NOTE
r-patched-solaris-sparc 2014.12-1 765.30 NOTE
r-patched-solaris-x86 2014.12-1 227.80 NOTE
r-release-linux-ix86 2014.12-1 6.75 69.86 76.61 NOTE
r-release-linux-x86_64 2014.12-1 5.66 59.70 65.36 NOTE
r-release-osx-x86_64-mavericks 2014.12-1 ERROR
r-release-osx-x86_64-snowleopard 2014.12-1 NOTE
r-release-windows-ix86+x86_64 2014.12-1 18.00 91.00 109.00 NOTE
r-oldrel-windows-ix86+x86_64 2014.12-1 18.00 88.00 106.00 NOTE

Check Details

Version: 2014.12-1
Check: data for non-ASCII characters
Result: NOTE
     Note: found 500 marked UTF-8 strings
Flavors: r-devel-linux-x86_64-debian-clang, r-devel-linux-x86_64-debian-gcc, r-devel-linux-x86_64-fedora-clang, r-devel-linux-x86_64-fedora-gcc, r-devel-osx-x86_64-clang, r-devel-windows-ix86+x86_64, r-patched-linux-x86_64, r-patched-solaris-sparc, r-patched-solaris-x86, r-release-linux-ix86, r-release-linux-x86_64, r-release-osx-x86_64-snowleopard, r-release-windows-ix86+x86_64, r-oldrel-windows-ix86+x86_64

Version: 2014.12-1
Check: package dependencies
Result: ERROR
    Package required but not available: ‘RGtk2’
    
    See the information on DESCRIPTION files in the chapter ‘Creating R
    packages’ of the ‘Writing R Extensions’ manual.
Flavor: r-release-osx-x86_64-mavericks