CRAN Package Check Results for Package CITAN

Last updated on 2015-07-30 22:49:45.

Flavor Version Tinstall Tcheck Ttotal Status Flags
r-devel-linux-x86_64-debian-clang 2014.12-1 4.52 46.79 51.31 NOTE
r-devel-linux-x86_64-debian-gcc 2014.12-1 4.44 45.10 49.54 NOTE
r-devel-linux-x86_64-fedora-clang 2014.12-1 103.99 NOTE
r-devel-linux-x86_64-fedora-gcc 2014.12-1 97.02 NOTE
r-devel-osx-x86_64-clang 2014.12-1 92.04 NOTE
r-devel-windows-ix86+x86_64 2014.12-1 17.00 71.00 88.00 NOTE
r-patched-linux-x86_64 2014.12-1 4.44 46.53 50.98 NOTE
r-patched-solaris-sparc 2014.12-1 652.40 NOTE
r-patched-solaris-x86 2014.12-1 156.70 NOTE
r-release-linux-x86_64 2014.12-1 4.48 45.66 50.14 NOTE
r-release-osx-x86_64-mavericks 2014.12-1 NOTE
r-release-windows-ix86+x86_64 2014.12-1 19.00 80.00 99.00 NOTE
r-oldrel-windows-ix86+x86_64 2014.12-1 18.00 143.00 161.00 NOTE

Check Details

Version: 2014.12-1
Check: R code for possible problems
Result: NOTE
    Scopus_ImportSources : .Scopus_ImportSources_Sources : <anonymous>: no
     visible global function definition for ‘na.omit’
    Scopus_ReadCSV: no visible global function definition for ‘read.csv’
    lbsDescriptiveStats: no visible global function definition for ‘par’
    lbsDescriptiveStats: no visible global function definition for
     ‘dev.interactive’
    lbsDescriptiveStats: no visible global function definition for
     ‘devAskNewPage’
    lbsDescriptiveStats: no visible global function definition for
     ‘barplot’
    lbsDescriptiveStats: no visible global function definition for ‘mtext’
    lbsDescriptiveStats: no visible global function definition for
     ‘as.graphicsAnnot’
    lbsDescriptiveStats: no visible global function definition for
     ‘boxplot’
    lbsDescriptiveStats: no visible global function definition for ‘pie’
    Undefined global functions or variables:
     as.graphicsAnnot barplot boxplot dev.interactive devAskNewPage mtext
     na.omit par pie read.csv
    Consider adding
     importFrom("grDevices", "as.graphicsAnnot", "dev.interactive",
     "devAskNewPage")
     importFrom("graphics", "barplot", "boxplot", "mtext", "par", "pie")
     importFrom("stats", "na.omit")
     importFrom("utils", "read.csv")
    to your NAMESPACE.
Flavors: r-devel-linux-x86_64-debian-clang, r-devel-linux-x86_64-debian-gcc, r-devel-linux-x86_64-fedora-clang, r-devel-linux-x86_64-fedora-gcc, r-devel-windows-ix86+x86_64

Version: 2014.12-1
Check: data for non-ASCII characters
Result: NOTE
     Note: found 500 marked UTF-8 strings
Flavors: r-devel-linux-x86_64-debian-clang, r-devel-linux-x86_64-debian-gcc, r-devel-linux-x86_64-fedora-clang, r-devel-linux-x86_64-fedora-gcc, r-devel-osx-x86_64-clang, r-devel-windows-ix86+x86_64, r-patched-linux-x86_64, r-patched-solaris-sparc, r-patched-solaris-x86, r-release-linux-x86_64, r-release-osx-x86_64-mavericks, r-release-windows-ix86+x86_64, r-oldrel-windows-ix86+x86_64