CRAN Package Check Results for Package CITAN

Last updated on 2016-08-26 23:48:47.

Flavor Version Tinstall Tcheck Ttotal Status Flags
r-devel-linux-x86_64-debian-clang 2015.12-2 3.94 51.78 55.72 OK
r-devel-linux-x86_64-debian-gcc 2015.12-2 5.85 64.08 69.93 OK
r-devel-linux-x86_64-fedora-clang 2015.12-2 98.85 OK
r-devel-linux-x86_64-fedora-gcc 2015.12-2 100.28 OK
r-devel-osx-x86_64-clang 2015.12-2 76.16 OK
r-devel-windows-ix86+x86_64 2015.12-2 15.00 76.00 91.00 OK
r-patched-linux-x86_64 2015.12-2 4.47 49.26 53.73 OK
r-patched-solaris-sparc 2015.12-2 587.20 OK
r-patched-solaris-x86 2015.12-2 133.10 OK
r-release-linux-x86_64 2015.12-2 4.13 51.64 55.76 OK
r-release-osx-x86_64-mavericks 2015.12-2 WARN
r-release-windows-ix86+x86_64 2015.12-2 18.00 83.00 101.00 OK
r-oldrel-windows-ix86+x86_64 2015.12-2 13.00 87.00 100.00 OK

Check Details

Version: 2015.12-2
Check: dependencies in R code
Result: NOTE
    Invalid MIT-MAGIC-COOKIE-1 key
Flavor: r-release-osx-x86_64-mavericks

Version: 2015.12-2
Check: S3 generic/method consistency
Result: WARN
    Invalid MIT-MAGIC-COOKIE-1 key
    See section ‘Generic functions and methods’ in the ‘Writing R
    Extensions’ manual.
Flavor: r-release-osx-x86_64-mavericks

Version: 2015.12-2
Check: replacement functions
Result: WARN
    Invalid MIT-MAGIC-COOKIE-1 key
    The argument of a replacement function which corresponds to the right
    hand side must be named ‘value’.
Flavor: r-release-osx-x86_64-mavericks

Version: 2015.12-2
Check: foreign function calls
Result: NOTE
    Invalid MIT-MAGIC-COOKIE-1 key
    See chapter ‘System and foreign language interfaces’ in the ‘Writing R
    Extensions’ manual.
Flavor: r-release-osx-x86_64-mavericks

Version: 2015.12-2
Check: R code for possible problems
Result: NOTE
    Invalid MIT-MAGIC-COOKIE-1 key
Flavor: r-release-osx-x86_64-mavericks

Version: 2015.12-2
Check: for missing documentation entries
Result: WARN
    Invalid MIT-MAGIC-COOKIE-1 key
    All user-level objects in a package should have documentation entries.
    See chapter ‘Writing R documentation files’ in the ‘Writing R
    Extensions’ manual.
Flavor: r-release-osx-x86_64-mavericks

Version: 2015.12-2
Check: for code/documentation mismatches
Result: WARN
    Invalid MIT-MAGIC-COOKIE-1 key
    Invalid MIT-MAGIC-COOKIE-1 key
    Invalid MIT-MAGIC-COOKIE-1 key
Flavor: r-release-osx-x86_64-mavericks

Version: 2015.12-2
Check: Rd \usage sections
Result: NOTE
    Invalid MIT-MAGIC-COOKIE-1 key
    The \usage entries for S3 methods should use the \method markup and not
    their full name.
    See chapter ‘Writing R documentation files’ in the ‘Writing R
    Extensions’ manual.
Flavor: r-release-osx-x86_64-mavericks