CRAN Package Check Results for Package CITAN

Last updated on 2015-05-27 17:47:09.

Flavor Version Tinstall Tcheck Ttotal Status Flags
r-devel-linux-x86_64-debian-clang 2014.12-1 4.63 46.41 51.04 NOTE
r-devel-linux-x86_64-debian-gcc 2014.12-1 4.47 44.46 48.93 NOTE
r-devel-linux-x86_64-fedora-clang 2014.12-1 104.30 NOTE
r-devel-linux-x86_64-fedora-gcc 2014.12-1 96.04 NOTE
r-devel-osx-x86_64-clang 2014.12-1 90.95 NOTE
r-devel-windows-ix86+x86_64 2014.12-1 13.00 71.00 84.00 NOTE
r-patched-linux-x86_64 2014.12-1 4.71 43.78 48.48 NOTE
r-patched-solaris-sparc 2014.12-1 653.00 NOTE
r-patched-solaris-x86 2014.12-1 159.20 NOTE
r-release-linux-x86_64 2014.12-1 4.36 45.39 49.75 NOTE
r-release-osx-x86_64-mavericks 2014.12-1 NOTE
r-release-osx-x86_64-snowleopard 2014.12-1 ERROR
r-release-windows-ix86+x86_64 2014.12-1 12.00 72.00 84.00 NOTE
r-oldrel-windows-ix86+x86_64 2014.12-1 17.00 84.00 101.00 NOTE

Check Details

Version: 2014.12-1
Check: data for non-ASCII characters
Result: NOTE
     Note: found 500 marked UTF-8 strings
Flavors: r-devel-linux-x86_64-debian-clang, r-devel-linux-x86_64-debian-gcc, r-devel-linux-x86_64-fedora-clang, r-devel-linux-x86_64-fedora-gcc, r-devel-osx-x86_64-clang, r-devel-windows-ix86+x86_64, r-patched-linux-x86_64, r-patched-solaris-sparc, r-patched-solaris-x86, r-release-linux-x86_64, r-release-osx-x86_64-mavericks, r-release-windows-ix86+x86_64, r-oldrel-windows-ix86+x86_64

Version: 2014.12-1
Check: package dependencies
Result: ERROR
    Package required but not available: ‘agop’
    
    See section ‘The DESCRIPTION file’ in the ‘Writing R Extensions’
    manual.
Flavor: r-release-osx-x86_64-snowleopard