CRAN Package Check Results for Package CITAN

Last updated on 2014-07-29 01:47:20.

Flavor Version Tinstall Tcheck Ttotal Status Flags
r-devel-linux-x86_64-debian-clang 2011.08-1 3.44 35.07 38.51 NOTE
r-devel-linux-x86_64-debian-gcc 2011.08-1 3.54 33.46 37.01 NOTE
r-devel-linux-x86_64-fedora-clang 2011.08-1 79.69 NOTE
r-devel-linux-x86_64-fedora-gcc 2011.08-1 76.17 NOTE
r-devel-osx-x86_64-clang 2011.08-1 72.71 NOTE
r-devel-windows-ix86+x86_64 2011.08-1 14.00 61.00 75.00 NOTE
r-patched-linux-x86_64 2011.08-1 3.63 34.17 37.80 NOTE
r-patched-solaris-sparc 2011.08-1 477.50 NOTE
r-patched-solaris-x86 2011.08-1 113.10 NOTE
r-release-linux-ix86 2011.08-1 4.87 46.24 51.11 NOTE
r-release-linux-x86_64 2011.08-1 3.61 35.65 39.26 NOTE
r-release-osx-x86_64-mavericks 2011.08-1 ERROR
r-release-windows-ix86+x86_64 2011.08-1 14.00 65.00 79.00 NOTE
r-oldrel-windows-ix86+x86_64 2011.08-1 17.00 65.00 82.00 NOTE

Check Details

Version: 2011.08-1
Check: top-level files
Result: NOTE
    File
     LICENSE
    is not mentioned in the DESCRIPTION file.
    File
     inst/LICENSE
    will install at top-level and is not mentioned in the DESCRIPTION file.
Flavors: r-devel-linux-x86_64-debian-clang, r-devel-linux-x86_64-debian-gcc, r-devel-linux-x86_64-fedora-clang, r-devel-linux-x86_64-fedora-gcc, r-devel-osx-x86_64-clang, r-devel-windows-ix86+x86_64, r-patched-linux-x86_64, r-patched-solaris-sparc, r-patched-solaris-x86, r-release-linux-ix86, r-release-linux-x86_64, r-release-windows-ix86+x86_64, r-oldrel-windows-ix86+x86_64

Version: 2011.08-1
Check: dependencies in R code
Result: NOTE
    Packages in Depends field not imported from:
     ADGofTest DBI RGtk2 RSQLite hash
     These packages need to be imported from (in the NAMESPACE file)
     for when this namespace is loaded but not attached.
    There are ::: calls to the package's namespace in its code. A package
     almost never needs to use ::: for its own objects:
     .gtk2.progressBar .gtk2.selectAuthors .gtk2.selectDocuments
     .lbsCheckConnection .lbs_DocumentType_ShortToFull
     .lbs_DocumentTypesFull .lbs_DocumentTypesShort
     .lbs_PrepareRestriction_DocumentTypes
     .lbs_PrepareRestriction_SurveyDescription .lbs_SourceTypesFull
     .lbs_SourceTypesShort
    See the information on DESCRIPTION files in the chapter Creating R
    packages of the Writing R Extensions manual.
Flavors: r-devel-linux-x86_64-debian-clang, r-devel-linux-x86_64-debian-gcc, r-devel-linux-x86_64-fedora-clang, r-devel-linux-x86_64-fedora-gcc, r-devel-osx-x86_64-clang, r-devel-windows-ix86+x86_64, r-patched-linux-x86_64, r-patched-solaris-sparc, r-patched-solaris-x86, r-release-linux-ix86, r-release-linux-x86_64, r-release-windows-ix86+x86_64, r-oldrel-windows-ix86+x86_64

Version: 2011.08-1
Check: foreign function calls
Result: NOTE
    Calls with DUP = FALSE:
     .C("Sstat2", as.double(kappaInv(x)), as.integer(length(x)), out = double(1),
     DUP = FALSE, PACKAGE = "CITAN")
     .C("index_g", as.double(x), as.integer(length(x)), out = double(1),
     DUP = FALSE, PACKAGE = "CITAN")
     .C("index_h", as.double(x), as.integer(length(x)), out = double(1),
     DUP = FALSE, PACKAGE = "CITAN")
     .C("index_h_log", as.double(x), as.integer(length(x)), out = double(1),
     DUP = FALSE, PACKAGE = "CITAN")
     .C("index_lp_finite", as.double(x), as.integer(length(x)), as.double(p),
     integer(length(x) + 1), out = double(2), DUP = FALSE, PACKAGE = "CITAN")
     .C("index_lp_infinite", as.double(x), as.integer(length(x)),
     out = double(2), DUP = FALSE, PACKAGE = "CITAN")
     .C("index_rp_finite", as.double(x), as.integer(length(x)), as.double(p),
     out = double(1), DUP = FALSE, PACKAGE = "CITAN")
     .C("index_rp_infinite", as.double(x), as.integer(length(x)),
     out = double(1), DUP = FALSE, PACKAGE = "CITAN")
     .C("pareto2_dhirsch", out = as.double(x), m, as.double(n), as.double(k),
     as.double(s), DUP = FALSE, PACKAGE = "CITAN")
     .C("pareto2_phirsch", out = as.double(x), m, as.double(n), as.double(k),
     as.double(s), DUP = FALSE, PACKAGE = "CITAN")
    DUP = FALSE is deprecated and may be disabled in future versions of R.
Flavors: r-devel-linux-x86_64-debian-clang, r-devel-linux-x86_64-debian-gcc, r-devel-linux-x86_64-fedora-clang, r-devel-linux-x86_64-fedora-gcc, r-devel-osx-x86_64-clang, r-devel-windows-ix86+x86_64, r-patched-linux-x86_64, r-patched-solaris-sparc, r-patched-solaris-x86, r-release-linux-ix86, r-release-linux-x86_64, r-release-windows-ix86+x86_64

Version: 2011.08-1
Check: Rd \usage sections
Result: NOTE
    S3 methods shown with full name in documentation object 'as.character.authorinfo':
     as.character.authorinfo
    
    S3 methods shown with full name in documentation object 'as.character.docinfo':
     as.character.docinfo
    
    S3 methods shown with full name in documentation object 'plot.citfun':
     plot.citfun
    
    S3 methods shown with full name in documentation object 'print.authorinfo':
     print.authorinfo
    
    S3 methods shown with full name in documentation object 'print.docinfo':
     print.docinfo
    
    The \usage entries for S3 methods should use the \method markup and not
    their full name.
    See the chapter Writing R documentation files in the Writing R
    Extensions manual.
Flavors: r-devel-linux-x86_64-debian-clang, r-devel-linux-x86_64-debian-gcc, r-devel-linux-x86_64-fedora-clang, r-devel-linux-x86_64-fedora-gcc, r-devel-osx-x86_64-clang, r-devel-windows-ix86+x86_64, r-patched-linux-x86_64, r-patched-solaris-sparc, r-patched-solaris-x86, r-release-linux-ix86, r-release-linux-x86_64, r-release-windows-ix86+x86_64, r-oldrel-windows-ix86+x86_64

Version: 2011.08-1
Check: package dependencies
Result: ERROR
    Package required but not available: RGtk2
    
    See the information on DESCRIPTION files in the chapter Creating R
    packages of the Writing R Extensions manual.
Flavor: r-release-osx-x86_64-mavericks