CRAN Package Check Results for Package CITAN

Last updated on 2017-05-24 05:49:52.

Flavor Version Tinstall Tcheck Ttotal Status Flags
r-devel-linux-x86_64-debian-clang 2015.12-2 4.00 48.83 52.83 OK
r-devel-linux-x86_64-debian-gcc 2015.12-2 4.17 47.89 52.06 OK
r-devel-linux-x86_64-fedora-clang 2015.12-2 110.54 OK --no-stop-on-test-error
r-devel-linux-x86_64-fedora-gcc 2015.12-2 106.93 OK --no-stop-on-test-error
r-devel-windows-ix86+x86_64 2015.12-2 12.00 88.00 100.00 OK
r-patched-linux-x86_64 2015.12-2 4.08 48.79 52.87 OK
r-patched-solaris-sparc 2015.12-2 649.70 OK
r-patched-solaris-x86 2015.12-2 164.10 OK
r-release-linux-x86_64 2015.12-2 4.09 48.43 52.52 OK
r-release-windows-ix86+x86_64 2015.12-2 10.00 105.00 115.00 OK
r-release-osx-x86_64 2015.12-2 ERROR
r-oldrel-windows-ix86+x86_64 2015.12-2 14.00 102.00 116.00 OK
r-oldrel-osx-x86_64 2015.12-2 WARN

Check Details

Version: 2015.12-2
Check: package dependencies
Result: ERROR
    Package required but not available: ‘RGtk2’
    
    See section ‘The DESCRIPTION file’ in the ‘Writing R Extensions’
    manual.
Flavor: r-release-osx-x86_64

Version: 2015.12-2
Check: dependencies in R code
Result: NOTE
    Invalid MIT-MAGIC-COOKIE-1 key
Flavor: r-oldrel-osx-x86_64

Version: 2015.12-2
Check: S3 generic/method consistency
Result: WARN
    Invalid MIT-MAGIC-COOKIE-1 key
    See section ‘Generic functions and methods’ in the ‘Writing R
    Extensions’ manual.
Flavor: r-oldrel-osx-x86_64

Version: 2015.12-2
Check: replacement functions
Result: WARN
    Invalid MIT-MAGIC-COOKIE-1 key
    The argument of a replacement function which corresponds to the right
    hand side must be named ‘value’.
Flavor: r-oldrel-osx-x86_64

Version: 2015.12-2
Check: foreign function calls
Result: NOTE
    Invalid MIT-MAGIC-COOKIE-1 key
    See chapter ‘System and foreign language interfaces’ in the ‘Writing R
    Extensions’ manual.
Flavor: r-oldrel-osx-x86_64

Version: 2015.12-2
Check: R code for possible problems
Result: NOTE
    Invalid MIT-MAGIC-COOKIE-1 key
Flavor: r-oldrel-osx-x86_64

Version: 2015.12-2
Check: for missing documentation entries
Result: WARN
    Invalid MIT-MAGIC-COOKIE-1 key
    All user-level objects in a package should have documentation entries.
    See chapter ‘Writing R documentation files’ in the ‘Writing R
    Extensions’ manual.
Flavor: r-oldrel-osx-x86_64

Version: 2015.12-2
Check: for code/documentation mismatches
Result: WARN
    Invalid MIT-MAGIC-COOKIE-1 key
    Invalid MIT-MAGIC-COOKIE-1 key
    Invalid MIT-MAGIC-COOKIE-1 key
Flavor: r-oldrel-osx-x86_64

Version: 2015.12-2
Check: Rd \usage sections
Result: NOTE
    Invalid MIT-MAGIC-COOKIE-1 key
    The \usage entries for S3 methods should use the \method markup and not
    their full name.
    See chapter ‘Writing R documentation files’ in the ‘Writing R
    Extensions’ manual.
Flavor: r-oldrel-osx-x86_64