CRAN Package Check Results for Package CITAN

Last updated on 2014-09-19 15:48:21.

Flavor Version Tinstall Tcheck Ttotal Status Flags
r-devel-linux-x86_64-debian-clang 2011.08-1 3.70 33.72 37.43 NOTE
r-devel-linux-x86_64-debian-gcc 2011.08-1 3.62 33.48 37.10 NOTE
r-devel-linux-x86_64-fedora-clang 2011.08-1 78.51 NOTE
r-devel-linux-x86_64-fedora-gcc 2011.08-1 73.71 NOTE
r-devel-osx-x86_64-clang 2011.08-1 75.39 NOTE
r-devel-windows-ix86+x86_64 2011.08-1 13.00 60.00 73.00 NOTE
r-patched-linux-x86_64 2011.08-1 3.69 36.21 39.90 NOTE
r-patched-solaris-sparc 2011.08-1 505.70 NOTE
r-patched-solaris-x86 2011.08-1 117.80 NOTE
r-release-linux-ix86 2011.08-1 5.35 48.13 53.48 NOTE
r-release-linux-x86_64 2011.08-1 3.83 36.78 40.61 NOTE
r-release-osx-x86_64-mavericks 2011.08-1 ERROR
r-release-windows-ix86+x86_64 2011.08-1 15.00 68.00 83.00 NOTE
r-oldrel-windows-ix86+x86_64 2011.08-1 14.00 69.00 83.00 NOTE

Check Details

Version: 2011.08-1
Check: top-level files
Result: NOTE
    File
     LICENSE
    is not mentioned in the DESCRIPTION file.
    File
     inst/LICENSE
    will install at top-level and is not mentioned in the DESCRIPTION file.
Flavors: r-devel-linux-x86_64-debian-clang, r-devel-linux-x86_64-debian-gcc, r-devel-linux-x86_64-fedora-clang, r-devel-linux-x86_64-fedora-gcc, r-devel-osx-x86_64-clang, r-devel-windows-ix86+x86_64, r-patched-linux-x86_64, r-patched-solaris-sparc, r-patched-solaris-x86, r-release-linux-ix86, r-release-linux-x86_64, r-release-windows-ix86+x86_64, r-oldrel-windows-ix86+x86_64

Version: 2011.08-1
Check: dependencies in R code
Result: NOTE
    Packages in Depends field not imported from:
     ‘ADGofTest’ ‘DBI’ ‘RGtk2’ ‘RSQLite’ ‘hash’
     These packages need to be imported from (in the NAMESPACE file)
     for when this namespace is loaded but not attached.
    There are ::: calls to the package's namespace in its code. A package
     almost never needs to use ::: for its own objects:
     ‘.gtk2.progressBar’ ‘.gtk2.selectAuthors’ ‘.gtk2.selectDocuments’
     ‘.lbsCheckConnection’ ‘.lbs_DocumentType_ShortToFull’
     ‘.lbs_DocumentTypesFull’ ‘.lbs_DocumentTypesShort’
     ‘.lbs_PrepareRestriction_DocumentTypes’
     ‘.lbs_PrepareRestriction_SurveyDescription’ ‘.lbs_SourceTypesFull’
     ‘.lbs_SourceTypesShort’
    See the information on DESCRIPTION files in the chapter ‘Creating R
    packages’ of the ‘Writing R Extensions’ manual.
Flavors: r-devel-linux-x86_64-debian-clang, r-devel-linux-x86_64-debian-gcc, r-devel-linux-x86_64-fedora-clang, r-devel-linux-x86_64-fedora-gcc, r-devel-osx-x86_64-clang, r-devel-windows-ix86+x86_64, r-patched-linux-x86_64, r-patched-solaris-sparc, r-patched-solaris-x86, r-release-linux-ix86, r-release-linux-x86_64, r-release-windows-ix86+x86_64, r-oldrel-windows-ix86+x86_64

Version: 2011.08-1
Check: foreign function calls
Result: NOTE
    Calls with DUP:
     .C("Sstat2", as.double(kappaInv(x)), as.integer(length(x)), out = double(1),
     DUP = FALSE, PACKAGE = "CITAN")
     .C("index_g", as.double(x), as.integer(length(x)), out = double(1),
     DUP = FALSE, PACKAGE = "CITAN")
     .C("index_h", as.double(x), as.integer(length(x)), out = double(1),
     DUP = FALSE, PACKAGE = "CITAN")
     .C("index_h_log", as.double(x), as.integer(length(x)), out = double(1),
     DUP = FALSE, PACKAGE = "CITAN")
     .C("index_lp_finite", as.double(x), as.integer(length(x)), as.double(p),
     integer(length(x) + 1), out = double(2), DUP = FALSE, PACKAGE = "CITAN")
     .C("index_lp_infinite", as.double(x), as.integer(length(x)),
     out = double(2), DUP = FALSE, PACKAGE = "CITAN")
     .C("index_rp_finite", as.double(x), as.integer(length(x)), as.double(p),
     out = double(1), DUP = FALSE, PACKAGE = "CITAN")
     .C("index_rp_infinite", as.double(x), as.integer(length(x)),
     out = double(1), DUP = FALSE, PACKAGE = "CITAN")
     .C("pareto2_dhirsch", out = as.double(x), m, as.double(n), as.double(k),
     as.double(s), DUP = FALSE, PACKAGE = "CITAN")
     .C("pareto2_phirsch", out = as.double(x), m, as.double(n), as.double(k),
     as.double(s), DUP = FALSE, PACKAGE = "CITAN")
    DUP is no longer supported and will be ignored.
Flavors: r-devel-linux-x86_64-debian-clang, r-devel-linux-x86_64-debian-gcc, r-devel-linux-x86_64-fedora-clang, r-devel-linux-x86_64-fedora-gcc, r-devel-osx-x86_64-clang

Version: 2011.08-1
Check: R code for possible problems
Result: NOTE
    .Scopus_ImportSources_Categories: no visible binding for global
     variable ‘Scopus_ASJC’
    .Scopus_ImportSources_Categories: no visible global function definition
     for ‘dbBeginTransaction’
    .Scopus_ImportSources_Categories: no visible global function definition
     for ‘dbCommit’
    .Scopus_ImportSources_Countries: no visible binding for global variable
     ‘Scopus_SourceList’
    .Scopus_ImportSources_Countries: no visible global function definition
     for ‘dbBeginTransaction’
    .Scopus_ImportSources_Countries: no visible global function definition
     for ‘dbCommit’
    .Scopus_ImportSources_Sources: no visible binding for global variable
     ‘Scopus_SourceList’
    .Scopus_ImportSources_Sources: no visible global function definition
     for ‘dbBeginTransaction’
    .Scopus_ImportSources_Sources: no visible global function definition
     for ‘dbSendQuery’
    .Scopus_ImportSources_Sources: no visible global function definition
     for ‘dbClearResult’
    .Scopus_ImportSources_Sources: no visible global function definition
     for ‘dbCommit’
    .gtk2.progressBar: no visible global function definition for
     ‘gtkWindowNew’
    .gtk2.progressBar: no visible global function definition for ‘gtkVBox’
    .gtk2.progressBar: no visible global function definition for
     ‘gtkLabelNew’
    .gtk2.progressBar: no visible global function definition for
     ‘gtkProgressBarNew’
    .gtk2.progressBar: no visible global function definition for
     ‘gtkProgressBarSetText’
    .gtk2.progressBar: no visible global function definition for
     ‘gtkProgressBarSetFraction’
    .gtk2.progressBar: no visible global function definition for
     ‘gObjectSetData’
    .gtk2.progressBar: no visible global function definition for
     ‘gObjectGetData’
    .gtk2.progressBar: no visible global function definition for
     ‘gtkWidgetQueueDraw’
    .gtk2.progressBar: no visible global function definition for
     ‘gtkLabelSetText’
    .gtk2.progressBar: no visible global function definition for
     ‘gtkWidgetDraw’
    .gtk2.selectAuthors: no visible global function definition for
     ‘dbGetQuery’
    .gtk2.selectAuthors: no visible global function definition for
     ‘gtkDialogNewWithButtons’
    .gtk2.selectAuthors: no visible binding for global variable
     ‘GtkResponseType’
    .gtk2.selectAuthors: no visible global function definition for
     ‘rGtkDataFrame’
    .gtk2.selectAuthors: no visible global function definition for
     ‘gtkTreeView’
    .gtk2.selectAuthors : <anonymous>: no visible global function
     definition for ‘gtkCellRendererToggle’
    .gtk2.selectAuthors : <anonymous>: no visible global function
     definition for ‘gtkTreeViewColumn’
    .gtk2.selectAuthors : <anonymous>: no visible global function
     definition for ‘gSignalConnect’
    .gtk2.selectAuthors : <anonymous>: no visible global function
     definition for ‘gtkCellRendererText’
    .gtk2.selectAuthors : <anonymous>: no visible binding for global
     variable ‘GtkWrapMode’
    .gtk2.selectAuthors: no visible global function definition for
     ‘gtkCellRendererToggle’
    .gtk2.selectAuthors: no visible global function definition for
     ‘gtkTreeViewColumn’
    .gtk2.selectAuthors: no visible global function definition for
     ‘gSignalConnect’
    .gtk2.selectAuthors: no visible global function definition for
     ‘gtkCheckVersion’
    .gtk2.selectAuthors: no visible global function definition for
     ‘gtkScrolledWindow’
    .gtk2.selectDocuments: no visible global function definition for
     ‘gtkDialogNewWithButtons’
    .gtk2.selectDocuments: no visible binding for global variable
     ‘GtkResponseType’
    .gtk2.selectDocuments: no visible global function definition for
     ‘rGtkDataFrame’
    .gtk2.selectDocuments: no visible global function definition for
     ‘gtkTreeView’
    .gtk2.selectDocuments : <anonymous>: no visible global function
     definition for ‘gtkCellRendererToggle’
    .gtk2.selectDocuments : <anonymous>: no visible global function
     definition for ‘gtkTreeViewColumn’
    .gtk2.selectDocuments : <anonymous>: no visible global function
     definition for ‘gSignalConnect’
    .gtk2.selectDocuments : <anonymous>: no visible global function
     definition for ‘gtkCellRendererText’
    .gtk2.selectDocuments : <anonymous>: no visible binding for global
     variable ‘GtkWrapMode’
    .gtk2.selectDocuments: no visible global function definition for
     ‘gtkCheckVersion’
    .gtk2.selectDocuments: no visible global function definition for
     ‘gtkScrolledWindow’
    .lbsCheckConnection: no visible global function definition for
     ‘dbGetInfo’
    .lbsDescriptiveStats_PrintStatsSubset: no visible global function
     definition for ‘dbGetQuery’
    .lbsDescriptiveStats_PrintSurveyStats: no visible global function
     definition for ‘dbGetQuery’
    .lbsFindDuplicateAuthors_getDupsGraph: no visible global function
     definition for ‘dbGetQuery’
    .lbsFindDuplicateTitles_getDups: no visible global function definition
     for ‘dbGetQuery’
    .lbsImportDocuments_Add: no visible global function definition for
     ‘dbGetQuery’
    .lbsImportDocuments_Add_Get_idSource: no visible global function
     definition for ‘dbGetQuery’
    .lbsImportDocuments_GetIdLanguage: no visible global function
     definition for ‘dbGetQuery’
    .lbsImportDocuments_GetSurvey: no visible global function definition
     for ‘dbGetQuery’
    .lbs_PrepareRestriction_SurveyDescription: no visible global function
     definition for ‘dbGetQuery’
    Scopus_ImportSources: no visible global function definition for
     ‘dbGetQuery’
    Scopus_ImportSources: no visible binding for global variable
     ‘Scopus_SourceList’
    dbExecQuery: no visible global function definition for ‘dbSendQuery’
    dbExecQuery : <anonymous>: no visible global function definition for
     ‘dbGetException’
    dbExecQuery : <anonymous>: no visible global function definition for
     ‘dbRollback’
    dbExecQuery: no visible global function definition for ‘dbClearResult’
    lbsClear: no visible global function definition for
     ‘dbBeginTransaction’
    lbsClear: no visible global function definition for ‘dbListTables’
    lbsConnect: no visible global function definition for ‘dbDriver’
    lbsConnect: no visible global function definition for ‘dbConnect’
    lbsCreate: no visible global function definition for ‘dbListTables’
    lbsDeleteAllAuthorsDocuments: no visible global function definition for
     ‘dbBeginTransaction’
    lbsDeleteDocuments: no visible global function definition for
     ‘dbBeginTransaction’
    lbsDescriptiveStats: no visible global function definition for
     ‘dbGetQuery’
    lbsGetCitations: no visible global function definition for ‘dbGetQuery’
    lbsGetInfoAuthors: no visible global function definition for
     ‘dbGetQuery’
    lbsGetInfoDocuments: no visible global function definition for
     ‘dbGetQuery’
    lbsImportDocuments: no visible global function definition for
     ‘dbBeginTransaction’
    lbsImportDocuments: no visible global function definition for
     ‘dbCommit’
    lbsMergeAuthors: no visible global function definition for
     ‘dbBeginTransaction’
    lbsSearchAuthors: no visible global function definition for
     ‘dbGetQuery’
    lbsSearchDocuments: no visible global function definition for
     ‘dbGetQuery’
    lbsTidy: no visible global function definition for ‘dbGetQuery’
    pareto2.goftest: no visible global function definition for ‘ad.test’
    sqlSwitchOrNULL: no visible global function definition for ‘hash’
    sqlSwitchOrNULL: no visible global function definition for ‘clear’
Flavors: r-devel-linux-x86_64-debian-clang, r-devel-linux-x86_64-debian-gcc, r-devel-linux-x86_64-fedora-clang, r-devel-linux-x86_64-fedora-gcc, r-devel-osx-x86_64-clang, r-devel-windows-ix86+x86_64

Version: 2011.08-1
Check: Rd \usage sections
Result: NOTE
    S3 methods shown with full name in documentation object 'as.character.authorinfo':
     ‘as.character.authorinfo’
    
    S3 methods shown with full name in documentation object 'as.character.docinfo':
     ‘as.character.docinfo’
    
    S3 methods shown with full name in documentation object 'plot.citfun':
     ‘plot.citfun’
    
    S3 methods shown with full name in documentation object 'print.authorinfo':
     ‘print.authorinfo’
    
    S3 methods shown with full name in documentation object 'print.docinfo':
     ‘print.docinfo’
    
    The \usage entries for S3 methods should use the \method markup and not
    their full name.
    See the chapter ‘Writing R documentation files’ in the ‘Writing R
    Extensions’ manual.
Flavors: r-devel-linux-x86_64-debian-clang, r-devel-linux-x86_64-debian-gcc, r-devel-linux-x86_64-fedora-clang, r-devel-linux-x86_64-fedora-gcc, r-devel-osx-x86_64-clang, r-devel-windows-ix86+x86_64, r-patched-linux-x86_64, r-patched-solaris-sparc, r-patched-solaris-x86, r-release-linux-ix86, r-release-linux-x86_64, r-release-windows-ix86+x86_64, r-oldrel-windows-ix86+x86_64

Version: 2011.08-1
Check: foreign function calls
Result: NOTE
    Calls with DUP = FALSE:
     .C("Sstat2", as.double(kappaInv(x)), as.integer(length(x)), out = double(1),
     DUP = FALSE, PACKAGE = "CITAN")
     .C("index_g", as.double(x), as.integer(length(x)), out = double(1),
     DUP = FALSE, PACKAGE = "CITAN")
     .C("index_h", as.double(x), as.integer(length(x)), out = double(1),
     DUP = FALSE, PACKAGE = "CITAN")
     .C("index_h_log", as.double(x), as.integer(length(x)), out = double(1),
     DUP = FALSE, PACKAGE = "CITAN")
     .C("index_lp_finite", as.double(x), as.integer(length(x)), as.double(p),
     integer(length(x) + 1), out = double(2), DUP = FALSE, PACKAGE = "CITAN")
     .C("index_lp_infinite", as.double(x), as.integer(length(x)),
     out = double(2), DUP = FALSE, PACKAGE = "CITAN")
     .C("index_rp_finite", as.double(x), as.integer(length(x)), as.double(p),
     out = double(1), DUP = FALSE, PACKAGE = "CITAN")
     .C("index_rp_infinite", as.double(x), as.integer(length(x)),
     out = double(1), DUP = FALSE, PACKAGE = "CITAN")
     .C("pareto2_dhirsch", out = as.double(x), m, as.double(n), as.double(k),
     as.double(s), DUP = FALSE, PACKAGE = "CITAN")
     .C("pareto2_phirsch", out = as.double(x), m, as.double(n), as.double(k),
     as.double(s), DUP = FALSE, PACKAGE = "CITAN")
    DUP = FALSE is deprecated and may be disabled in future versions of R.
Flavors: r-devel-windows-ix86+x86_64, r-release-linux-ix86, r-release-linux-x86_64, r-release-windows-ix86+x86_64

Version: 2011.08-1
Check: foreign function calls
Result: NOTE
    Calls with DUP != TRUE:
     .C("Sstat2", as.double(kappaInv(x)), as.integer(length(x)), out = double(1),
     DUP = FALSE, PACKAGE = "CITAN")
     .C("index_g", as.double(x), as.integer(length(x)), out = double(1),
     DUP = FALSE, PACKAGE = "CITAN")
     .C("index_h", as.double(x), as.integer(length(x)), out = double(1),
     DUP = FALSE, PACKAGE = "CITAN")
     .C("index_h_log", as.double(x), as.integer(length(x)), out = double(1),
     DUP = FALSE, PACKAGE = "CITAN")
     .C("index_lp_finite", as.double(x), as.integer(length(x)), as.double(p),
     integer(length(x) + 1), out = double(2), DUP = FALSE, PACKAGE = "CITAN")
     .C("index_lp_infinite", as.double(x), as.integer(length(x)),
     out = double(2), DUP = FALSE, PACKAGE = "CITAN")
     .C("index_rp_finite", as.double(x), as.integer(length(x)), as.double(p),
     out = double(1), DUP = FALSE, PACKAGE = "CITAN")
     .C("index_rp_infinite", as.double(x), as.integer(length(x)),
     out = double(1), DUP = FALSE, PACKAGE = "CITAN")
     .C("pareto2_dhirsch", out = as.double(x), m, as.double(n), as.double(k),
     as.double(s), DUP = FALSE, PACKAGE = "CITAN")
     .C("pareto2_phirsch", out = as.double(x), m, as.double(n), as.double(k),
     as.double(s), DUP = FALSE, PACKAGE = "CITAN")
    DUP = FALSE is deprecated and will be disabled in future versions of R.
Flavors: r-patched-linux-x86_64, r-patched-solaris-sparc, r-patched-solaris-x86

Version: 2011.08-1
Check: package dependencies
Result: ERROR
    Package required but not available: ‘RGtk2’
    
    See the information on DESCRIPTION files in the chapter ‘Creating R
    packages’ of the ‘Writing R Extensions’ manual.
Flavor: r-release-osx-x86_64-mavericks