CRAN Package Check Results for Package CITAN

Last updated on 2015-03-01 19:48:00.

Flavor Version Tinstall Tcheck Ttotal Status Flags
r-devel-linux-x86_64-debian-clang 2014.12-1 5.01 45.22 50.23 NOTE
r-devel-linux-x86_64-debian-gcc 2014.12-1 4.06 46.01 50.08 NOTE
r-devel-linux-x86_64-fedora-clang 2014.12-1 103.16 NOTE
r-devel-linux-x86_64-fedora-gcc 2014.12-1 97.83 NOTE
r-devel-osx-x86_64-clang 2014.12-1 91.84 NOTE
r-devel-windows-ix86+x86_64 2014.12-1 11.00 78.00 89.00 NOTE
r-patched-linux-x86_64 2014.12-1 6.35 61.16 67.51 NOTE
r-patched-solaris-sparc 2014.12-1 861.20 NOTE
r-patched-solaris-x86 2014.12-1 217.00 NOTE
r-release-linux-ix86 2014.12-1 7.02 80.29 87.31 NOTE
r-release-linux-x86_64 2014.12-1 5.90 59.08 64.98 NOTE
r-release-osx-x86_64-mavericks 2014.12-1 ERROR
r-release-osx-x86_64-snowleopard 2014.12-1 NOTE
r-release-windows-ix86+x86_64 2014.12-1 14.00 90.00 104.00 NOTE
r-oldrel-windows-ix86+x86_64 2014.12-1 17.00 134.00 151.00 NOTE

Check Details

Version: 2014.12-1
Check: data for non-ASCII characters
Result: NOTE
     Note: found 500 marked UTF-8 strings
Flavors: r-devel-linux-x86_64-debian-clang, r-devel-linux-x86_64-debian-gcc, r-devel-linux-x86_64-fedora-clang, r-devel-linux-x86_64-fedora-gcc, r-devel-osx-x86_64-clang, r-devel-windows-ix86+x86_64, r-patched-linux-x86_64, r-patched-solaris-sparc, r-patched-solaris-x86, r-release-linux-ix86, r-release-linux-x86_64, r-release-osx-x86_64-snowleopard, r-release-windows-ix86+x86_64, r-oldrel-windows-ix86+x86_64

Version: 2014.12-1
Check: package dependencies
Result: ERROR
    Package required but not available: ‘RGtk2’
    
    See section ‘The DESCRIPTION file’ in the ‘Writing R Extensions’
    manual.
Flavor: r-release-osx-x86_64-mavericks