CRAN Package Check Results for Package CITAN

Last updated on 2015-04-28 17:46:46.

Flavor Version Tinstall Tcheck Ttotal Status Flags
r-devel-linux-x86_64-debian-clang 2014.12-1 4.50 45.63 50.13 NOTE
r-devel-linux-x86_64-debian-gcc 2014.12-1 4.27 45.79 50.06 NOTE
r-devel-linux-x86_64-fedora-clang 2014.12-1 104.60 NOTE
r-devel-linux-x86_64-fedora-gcc 2014.12-1 100.57 NOTE
r-devel-osx-x86_64-clang 2014.12-1 88.31 NOTE
r-devel-windows-ix86+x86_64 2014.12-1 10.00 69.00 79.00 NOTE
r-patched-linux-x86_64 2014.12-1 4.25 45.81 50.06 NOTE
r-patched-solaris-sparc 2014.12-1 654.40 NOTE
r-patched-solaris-x86 2014.12-1 156.70 NOTE
r-release-linux-x86_64 2014.12-1 4.24 45.14 49.38 NOTE
r-release-osx-x86_64-mavericks 2014.12-1 ERROR
r-release-osx-x86_64-snowleopard 2014.12-1 ERROR
r-release-windows-ix86+x86_64 2014.12-1 12.00 71.00 83.00 NOTE
r-oldrel-windows-ix86+x86_64 2014.12-1 15.00 84.00 99.00 NOTE

Check Details

Version: 2014.12-1
Check: data for non-ASCII characters
Result: NOTE
     Note: found 500 marked UTF-8 strings
Flavors: r-devel-linux-x86_64-debian-clang, r-devel-linux-x86_64-debian-gcc, r-devel-linux-x86_64-fedora-clang, r-devel-linux-x86_64-fedora-gcc, r-devel-osx-x86_64-clang, r-devel-windows-ix86+x86_64, r-patched-linux-x86_64, r-patched-solaris-sparc, r-patched-solaris-x86, r-release-linux-x86_64, r-release-windows-ix86+x86_64, r-oldrel-windows-ix86+x86_64

Version: 2014.12-1
Check: package dependencies
Result: ERROR
    Package required but not available: ‘RGtk2’
    
    See section ‘The DESCRIPTION file’ in the ‘Writing R Extensions’
    manual.
Flavor: r-release-osx-x86_64-mavericks

Version: 2014.12-1
Check: package dependencies
Result: ERROR
    Package required but not available: ‘agop’
    
    See section ‘The DESCRIPTION file’ in the ‘Writing R Extensions’
    manual.
Flavor: r-release-osx-x86_64-snowleopard