CRAN Package Check Results for Package CITAN

Last updated on 2016-02-07 12:46:56.

Flavor Version Tinstall Tcheck Ttotal Status Flags
r-devel-linux-x86_64-debian-gcc 2015.12-2 4.02 42.99 47.01 OK
r-devel-linux-x86_64-fedora-clang 2015.12-2 94.90 OK
r-devel-linux-x86_64-fedora-gcc 2015.12-2 90.67 OK
r-devel-osx-x86_64-clang 2015.12-2 100.57 OK
r-devel-windows-ix86+x86_64 2015.12-2 11.00 77.00 88.00 OK
r-patched-linux-x86_64 2015.12-2 4.69 48.60 53.29 OK
r-patched-solaris-sparc 2015.12-2 634.10 OK
r-patched-solaris-x86 2015.12-2 146.40 OK
r-release-linux-x86_64 2015.12-2 4.72 48.97 53.69 OK
r-release-osx-x86_64-mavericks 2015.12-2 OK
r-release-windows-ix86+x86_64 2015.12-2 14.00 76.00 90.00 OK
r-oldrel-windows-ix86+x86_64 2014.12-1 27.00 136.00 163.00 NOTE

Check Details

Version: 2014.12-1
Check: data for non-ASCII characters
Result: NOTE
     Note: found 500 marked UTF-8 strings
Flavor: r-oldrel-windows-ix86+x86_64