CRAN Package Check Results for Package CITAN

Last updated on 2016-09-26 17:48:09.

Flavor Version Tinstall Tcheck Ttotal Status Flags
r-devel-linux-x86_64-debian-clang 2015.12-2 3.67 47.24 50.91 OK
r-devel-linux-x86_64-debian-gcc 2015.12-2 3.74 46.25 49.99 OK
r-devel-linux-x86_64-fedora-clang 2015.12-2 94.09 OK
r-devel-linux-x86_64-fedora-gcc 2015.12-2 89.17 OK
r-devel-macos-x86_64-clang 2015.12-2 71.19 OK
r-devel-windows-ix86+x86_64 2015.12-2 15.00 110.00 125.00 OK
r-patched-linux-x86_64 2015.12-2 3.54 46.75 50.30 OK
r-patched-solaris-sparc 2015.12-2 587.20 OK
r-patched-solaris-x86 2015.12-2 134.20 OK
r-release-linux-x86_64 2015.12-2 3.82 48.87 52.69 OK
r-release-osx-x86_64-mavericks 2015.12-2 WARN
r-release-windows-ix86+x86_64 2015.12-2 24.00 101.00 125.00 OK
r-oldrel-windows-ix86+x86_64 2015.12-2 16.00 117.00 133.00 OK

Check Details

Version: 2015.12-2
Check: dependencies in R code
Result: NOTE
    Invalid MIT-MAGIC-COOKIE-1 key
Flavor: r-release-osx-x86_64-mavericks

Version: 2015.12-2
Check: S3 generic/method consistency
Result: WARN
    Invalid MIT-MAGIC-COOKIE-1 key
    See section ‘Generic functions and methods’ in the ‘Writing R
    Extensions’ manual.
Flavor: r-release-osx-x86_64-mavericks

Version: 2015.12-2
Check: replacement functions
Result: WARN
    Invalid MIT-MAGIC-COOKIE-1 key
    The argument of a replacement function which corresponds to the right
    hand side must be named ‘value’.
Flavor: r-release-osx-x86_64-mavericks

Version: 2015.12-2
Check: foreign function calls
Result: NOTE
    Invalid MIT-MAGIC-COOKIE-1 key
    See chapter ‘System and foreign language interfaces’ in the ‘Writing R
    Extensions’ manual.
Flavor: r-release-osx-x86_64-mavericks

Version: 2015.12-2
Check: R code for possible problems
Result: NOTE
    Invalid MIT-MAGIC-COOKIE-1 key
Flavor: r-release-osx-x86_64-mavericks

Version: 2015.12-2
Check: for missing documentation entries
Result: WARN
    Invalid MIT-MAGIC-COOKIE-1 key
    All user-level objects in a package should have documentation entries.
    See chapter ‘Writing R documentation files’ in the ‘Writing R
    Extensions’ manual.
Flavor: r-release-osx-x86_64-mavericks

Version: 2015.12-2
Check: for code/documentation mismatches
Result: WARN
    Invalid MIT-MAGIC-COOKIE-1 key
    Invalid MIT-MAGIC-COOKIE-1 key
    Invalid MIT-MAGIC-COOKIE-1 key
Flavor: r-release-osx-x86_64-mavericks

Version: 2015.12-2
Check: Rd \usage sections
Result: NOTE
    Invalid MIT-MAGIC-COOKIE-1 key
    The \usage entries for S3 methods should use the \method markup and not
    their full name.
    See chapter ‘Writing R documentation files’ in the ‘Writing R
    Extensions’ manual.
Flavor: r-release-osx-x86_64-mavericks