CRAN Package Check Results for Package CKLRT

Last updated on 2024-03-02 09:50:12 CET.

Flavor Version Tinstall Tcheck Ttotal Status Flags
r-devel-linux-x86_64-debian-clang 0.2.3 51.60 80.00 131.60 NOTE
r-devel-linux-x86_64-debian-gcc 0.2.3 56.95 63.70 120.65 NOTE
r-devel-linux-x86_64-fedora-clang 0.2.3 180.66 NOTE
r-devel-windows-x86_64 0.2.3 42.00 111.00 153.00 NOTE
r-patched-linux-x86_64 0.2.3 48.84 80.45 129.29 NOTE
r-release-linux-x86_64 0.2.3 72.61 82.31 154.92 NOTE
r-release-macos-arm64 0.2.3 57.00 NOTE
r-release-macos-x86_64 0.2.3 89.00 NOTE
r-release-windows-x86_64 0.2.3 64.00 132.00 196.00 NOTE
r-oldrel-macos-arm64 0.2.3 48.00 NOTE
r-oldrel-windows-x86_64 0.2.3 48.00 114.00 162.00 NOTE

Check Details

Version: 0.2.3
Check: LazyData
Result: NOTE 'LazyData' is specified without a 'data' directory Flavors: r-devel-linux-x86_64-debian-clang, r-devel-linux-x86_64-debian-gcc, r-devel-linux-x86_64-fedora-clang, r-devel-windows-x86_64, r-patched-linux-x86_64, r-release-linux-x86_64, r-release-macos-arm64, r-release-macos-x86_64, r-release-windows-x86_64, r-oldrel-macos-arm64, r-oldrel-windows-x86_64

Version: 0.2.3
Check: installed package size
Result: NOTE installed size is 14.6Mb sub-directories of 1Mb or more: libs 14.3Mb Flavors: r-release-macos-arm64, r-release-macos-x86_64, r-oldrel-macos-arm64