CRAN Package Check Results for Package CKMRpop

Last updated on 2022-01-25 17:53:32 CET.

Flavor Version Tinstall Tcheck Ttotal Status Flags
r-devel-linux-x86_64-debian-clang 0.1.3 39.59 192.65 232.24 OK
r-devel-linux-x86_64-debian-gcc 0.1.3 30.52 152.48 183.00 OK
r-devel-linux-x86_64-fedora-clang 0.1.3 299.86 NOTE
r-devel-linux-x86_64-fedora-gcc 0.1.3 283.64 OK
r-devel-windows-x86_64-new-UL 0.1.3 143.00 239.00 382.00 NOTE
r-devel-windows-x86_64-new-TK 0.1.3 OK
r-patched-linux-x86_64 0.1.3 24.66 176.94 201.60 OK
r-release-linux-x86_64 0.1.3 26.82 178.23 205.05 OK
r-release-macos-arm64 0.1.3 NOTE
r-release-macos-x86_64 0.1.3 NOTE
r-release-windows-ix86+x86_64 0.1.3 97.00 264.00 361.00 NOTE
r-oldrel-macos-x86_64 0.1.3 NOTE
r-oldrel-windows-ix86+x86_64 0.1.3 98.00 268.00 366.00 NOTE

Check Details

Version: 0.1.3
Check: installed package size
Result: NOTE
     installed size is 6.9Mb
     sub-directories of 1Mb or more:
     data 1.1Mb
     doc 3.6Mb
     help 1.0Mb
     libs 1.1Mb
Flavors: r-devel-linux-x86_64-fedora-clang, r-devel-windows-x86_64-new-UL, r-release-macos-arm64, r-release-macos-x86_64, r-release-windows-ix86+x86_64, r-oldrel-macos-x86_64, r-oldrel-windows-ix86+x86_64