CRAN Package Check Results for Package CLSOCP

Last updated on 2016-09-28 08:57:33.

Flavor Version Tinstall Tcheck Ttotal Status Flags
r-devel-linux-x86_64-debian-clang 1.0 2.13 32.51 34.64 NOTE
r-devel-linux-x86_64-debian-gcc 1.0 1.95 30.13 32.08 NOTE
r-devel-linux-x86_64-fedora-clang 1.0 62.40 NOTE
r-devel-linux-x86_64-fedora-gcc 1.0 58.01 NOTE
r-devel-macos-x86_64-clang 1.0 47.09 NOTE
r-devel-windows-ix86+x86_64 1.0 6.00 68.00 74.00 NOTE
r-patched-linux-x86_64 1.0 2.31 31.06 33.36 NOTE
r-patched-solaris-sparc 1.0 366.90 NOTE
r-patched-solaris-x86 1.0 81.90 NOTE
r-release-linux-x86_64 1.0 2.11 33.26 35.37 NOTE
r-release-osx-x86_64-mavericks 1.0 NOTE
r-release-windows-ix86+x86_64 1.0 8.00 48.00 56.00 NOTE
r-oldrel-windows-ix86+x86_64 1.0 8.00 67.00 75.00 OK

Check Details

Version: 1.0
Check: R code for possible problems
Result: NOTE
    socp: no visible global function definition for ‘as’
    Undefined global functions or variables:
     as
    Consider adding
     importFrom("methods", "as")
    to your NAMESPACE file (and ensure that your DESCRIPTION Imports field
    contains 'methods').
Flavors: r-devel-linux-x86_64-debian-clang, r-devel-linux-x86_64-debian-gcc, r-devel-linux-x86_64-fedora-clang, r-devel-linux-x86_64-fedora-gcc, r-devel-macos-x86_64-clang, r-devel-windows-ix86+x86_64, r-patched-linux-x86_64, r-patched-solaris-sparc, r-patched-solaris-x86, r-release-linux-x86_64, r-release-osx-x86_64-mavericks, r-release-windows-ix86+x86_64

Version: 1.0
Check: Rd line widths
Result: NOTE
    Rd file 'socp.Rd':
     \usage lines wider than 90 characters:
     socp(A, b, c, kvec, type = rep('q',length(kvec)), use_sparse=TRUE, gamma_fac=.95, delta0 = .75, sigma0 = .25, mu0 = 0.01, zero_tol = 1e ... [TRUNCATED]
    
    These lines will be truncated in the PDF manual.
Flavors: r-devel-linux-x86_64-debian-clang, r-devel-linux-x86_64-debian-gcc, r-devel-linux-x86_64-fedora-clang, r-devel-linux-x86_64-fedora-gcc, r-patched-linux-x86_64, r-release-linux-x86_64