CRAN Package Check Results for Package CLSOCP

Last updated on 2016-05-01 21:46:43.

Flavor Version Tinstall Tcheck Ttotal Status Flags
r-devel-linux-x86_64-debian-gcc 1.0 2.57 29.54 32.11 NOTE
r-devel-linux-x86_64-fedora-clang 1.0 62.90 NOTE
r-devel-linux-x86_64-fedora-gcc 1.0 57.67 NOTE
r-devel-osx-x86_64-clang 1.0 66.46 NOTE
r-devel-windows-ix86+x86_64 1.0 7.00 58.00 65.00 NOTE
r-patched-linux-x86_64 1.0 2.44 29.26 31.70 NOTE
r-patched-solaris-sparc 1.0 361.40 NOTE
r-patched-solaris-x86 1.0 82.10 NOTE
r-release-linux-x86_64 1.0 2.69 32.62 35.31 NOTE
r-release-osx-x86_64-mavericks 1.0 OK
r-release-windows-ix86+x86_64 1.0 10.00 68.00 78.00 OK
r-oldrel-windows-ix86+x86_64 1.0 12.00 59.00 71.00 OK

Check Details

Version: 1.0
Check: R code for possible problems
Result: NOTE
    socp: no visible global function definition for ‘as’
    Undefined global functions or variables:
     as
    Consider adding
     importFrom("methods", "as")
    to your NAMESPACE file (and ensure that your DESCRIPTION Imports field
    contains 'methods').
Flavors: r-devel-linux-x86_64-debian-gcc, r-devel-linux-x86_64-fedora-clang, r-devel-linux-x86_64-fedora-gcc, r-devel-osx-x86_64-clang, r-devel-windows-ix86+x86_64, r-patched-linux-x86_64, r-patched-solaris-sparc, r-patched-solaris-x86

Version: 1.0
Check: Rd line widths
Result: NOTE
    Rd file 'socp.Rd':
     \usage lines wider than 90 characters:
     socp(A, b, c, kvec, type = rep('q',length(kvec)), use_sparse=TRUE, gamma_fac=.95, delta0 = .75, sigma0 = .25, mu0 = 0.01, zero_tol = 1e ... [TRUNCATED]
    
    These lines will be truncated in the PDF manual.
Flavors: r-devel-linux-x86_64-debian-gcc, r-devel-linux-x86_64-fedora-clang, r-devel-linux-x86_64-fedora-gcc, r-patched-linux-x86_64, r-release-linux-x86_64