CRAN Package Check Results for Package CLSOCP

Last updated on 2017-05-24 22:47:01.

Flavor Version Tinstall Tcheck Ttotal Status Flags
r-devel-linux-x86_64-debian-clang 1.0 2.43 33.36 35.78 NOTE
r-devel-linux-x86_64-debian-gcc 1.0 2.17 32.43 34.60 NOTE
r-devel-linux-x86_64-fedora-clang 1.0 75.01 NOTE --no-stop-on-test-error
r-devel-linux-x86_64-fedora-gcc 1.0 71.82 NOTE --no-stop-on-test-error
r-devel-windows-ix86+x86_64 1.0 6.00 85.00 91.00 NOTE
r-patched-linux-x86_64 1.0 2.19 32.55 34.74 NOTE
r-patched-solaris-sparc 1.0 422.30 NOTE
r-patched-solaris-x86 1.0 104.10 NOTE
r-release-linux-x86_64 1.0 2.35 32.77 35.12 NOTE
r-release-windows-ix86+x86_64 1.0 6.00 78.00 84.00 NOTE
r-release-osx-x86_64 1.0 NOTE
r-oldrel-windows-ix86+x86_64 1.0 7.00 68.00 75.00 NOTE
r-oldrel-osx-x86_64 1.0 NOTE

Check Details

Version: 1.0
Check: R code for possible problems
Result: NOTE
    socp: no visible global function definition for ‘as’
    Undefined global functions or variables:
     as
    Consider adding
     importFrom("methods", "as")
    to your NAMESPACE file (and ensure that your DESCRIPTION Imports field
    contains 'methods').
Flavors: r-devel-linux-x86_64-debian-clang, r-devel-linux-x86_64-debian-gcc, r-devel-windows-ix86+x86_64, r-patched-linux-x86_64, r-patched-solaris-sparc, r-patched-solaris-x86, r-release-linux-x86_64, r-release-windows-ix86+x86_64, r-release-osx-x86_64, r-oldrel-windows-ix86+x86_64, r-oldrel-osx-x86_64

Version: 1.0
Check: Rd line widths
Result: NOTE
    Rd file 'socp.Rd':
     \usage lines wider than 90 characters:
     socp(A, b, c, kvec, type = rep('q',length(kvec)), use_sparse=TRUE, gamma_fac=.95, delta0 = .75, sigma0 = .25, mu0 = 0.01, zero_tol = 1e ... [TRUNCATED]
    
    These lines will be truncated in the PDF manual.
Flavors: r-devel-linux-x86_64-debian-clang, r-devel-linux-x86_64-debian-gcc, r-patched-linux-x86_64, r-release-linux-x86_64

Version: 1.0
Flags: --no-stop-on-test-error
Check: R code for possible problems
Result: NOTE
    socp: no visible global function definition for ‘as’
    Undefined global functions or variables:
     as
    Consider adding
     importFrom("methods", "as")
    to your NAMESPACE file (and ensure that your DESCRIPTION Imports field
    contains 'methods').
Flavors: r-devel-linux-x86_64-fedora-clang, r-devel-linux-x86_64-fedora-gcc

Version: 1.0
Flags: --no-stop-on-test-error
Check: Rd line widths
Result: NOTE
    Rd file 'socp.Rd':
     \usage lines wider than 90 characters:
     socp(A, b, c, kvec, type = rep('q',length(kvec)), use_sparse=TRUE, gamma_fac=.95, delta0 = .75, sigma0 = .25, mu0 = 0.01, zero_tol = 1e ... [TRUNCATED]
    
    These lines will be truncated in the PDF manual.
Flavors: r-devel-linux-x86_64-fedora-clang, r-devel-linux-x86_64-fedora-gcc