CRAN Package Check Results for Package CLSOCP

Last updated on 2014-09-30 05:47:33.

Flavor Version Tinstall Tcheck Ttotal Status Flags
r-devel-linux-x86_64-debian-clang 1.0 3.06 35.92 38.98 NOTE
r-devel-linux-x86_64-debian-gcc 1.0 3.00 35.48 38.49 NOTE
r-devel-linux-x86_64-fedora-clang 1.0 91.21 NOTE
r-devel-linux-x86_64-fedora-gcc 1.0 107.23 NOTE
r-devel-osx-x86_64-clang 1.0 71.71 OK
r-devel-windows-ix86+x86_64 1.0 7.00 58.00 65.00 OK
r-patched-linux-x86_64 1.0 3.18 36.83 40.01 NOTE
r-patched-solaris-sparc 1.0 498.40 OK
r-patched-solaris-x86 1.0 122.50 OK
r-release-linux-ix86 1.0 4.04 46.35 50.38 OK
r-release-linux-x86_64 1.0 3.18 39.37 42.55 NOTE
r-release-osx-x86_64-mavericks 1.0 OK
r-release-windows-ix86+x86_64 1.0 8.00 50.00 58.00 OK
r-oldrel-windows-ix86+x86_64 1.0 9.00 49.00 58.00 OK

Check Details

Version: 1.0
Check: Rd line widths
Result: NOTE
    Rd file 'socp.Rd':
     \usage lines wider than 90 characters:
     socp(A, b, c, kvec, type = rep('q',length(kvec)), use_sparse=TRUE, gamma_fac=.95, delta0 = .75, sigma0 = .25, mu0 = 0.01, zero_tol = 1e ... [TRUNCATED]
    
    These lines will be truncated in the PDF manual.
Flavors: r-devel-linux-x86_64-debian-clang, r-devel-linux-x86_64-debian-gcc, r-devel-linux-x86_64-fedora-clang, r-devel-linux-x86_64-fedora-gcc, r-patched-linux-x86_64, r-release-linux-x86_64