CRAN Package Check Results for Package CLSOCP

Last updated on 2014-08-22 13:46:48.

Flavor Version Tinstall Tcheck Ttotal Status Flags
r-devel-linux-x86_64-debian-clang 1.0 3.36 36.88 40.24 OK
r-devel-linux-x86_64-debian-gcc 1.0 3.00 35.03 38.03 OK
r-devel-linux-x86_64-fedora-clang 1.0 91.95 NOTE
r-devel-linux-x86_64-fedora-gcc 1.0 90.51 NOTE
r-devel-osx-x86_64-clang 1.0 74.21 OK
r-devel-windows-ix86+x86_64 1.0 8.00 51.00 59.00 OK
r-patched-linux-x86_64 1.0 3.07 36.90 39.97 OK
r-patched-solaris-sparc 1.0 498.40 OK
r-patched-solaris-x86 1.0 122.50 OK
r-release-linux-ix86 1.0 3.79 45.72 49.51 OK
r-release-linux-x86_64 1.0 4.37 37.18 41.55 OK
r-release-osx-x86_64-mavericks 1.0 OK
r-release-windows-ix86+x86_64 1.0 8.00 49.00 57.00 OK
r-oldrel-windows-ix86+x86_64 1.0 9.00 47.00 56.00 OK

Check Details

Version: 1.0
Check: Rd line widths
Result: NOTE
    Rd file 'socp.Rd':
     \usage lines wider than 90 characters:
     socp(A, b, c, kvec, type = rep('q',length(kvec)), use_sparse=TRUE, gamma_fac=.95, delta0 = .75, sigma0 = .25, mu0 = 0.01, zero_tol = 1e ... [TRUNCATED]
    
    These lines will be truncated in the PDF manual.
Flavors: r-devel-linux-x86_64-fedora-clang, r-devel-linux-x86_64-fedora-gcc