CRAN Package Check Results for Package CLSOCP

Last updated on 2017-06-22 19:46:49.

Flavor Version Tinstall Tcheck Ttotal Status Flags
r-devel-linux-x86_64-debian-clang 1.0 2.22 31.08 33.30 NOTE
r-devel-linux-x86_64-debian-gcc 1.0 2.60 36.16 38.76 NOTE
r-devel-linux-x86_64-fedora-clang 1.0 84.34 NOTE
r-devel-linux-x86_64-fedora-gcc 1.0 73.06 NOTE
r-devel-windows-ix86+x86_64 1.0 8.00 57.00 65.00 NOTE
r-patched-linux-x86_64 1.0 2.52 33.63 36.15 NOTE
r-patched-solaris-sparc 1.0 422.30 NOTE
r-patched-solaris-x86 1.0 107.70 NOTE
r-release-linux-x86_64 1.0 2.49 33.45 35.94 NOTE
r-release-windows-ix86+x86_64 1.0 10.00 73.00 83.00 NOTE
r-release-osx-x86_64 1.0 NOTE
r-oldrel-windows-ix86+x86_64 1.0 8.00 51.00 59.00 NOTE
r-oldrel-osx-x86_64 1.0 NOTE

Check Details

Version: 1.0
Check: R code for possible problems
Result: NOTE
    socp: no visible global function definition for ‘as’
    Undefined global functions or variables:
     as
    Consider adding
     importFrom("methods", "as")
    to your NAMESPACE file (and ensure that your DESCRIPTION Imports field
    contains 'methods').
Flavors: r-devel-linux-x86_64-debian-clang, r-devel-linux-x86_64-debian-gcc, r-devel-linux-x86_64-fedora-clang, r-devel-linux-x86_64-fedora-gcc, r-devel-windows-ix86+x86_64, r-patched-linux-x86_64, r-patched-solaris-sparc, r-patched-solaris-x86, r-release-linux-x86_64, r-release-windows-ix86+x86_64, r-release-osx-x86_64, r-oldrel-windows-ix86+x86_64, r-oldrel-osx-x86_64

Version: 1.0
Check: Rd line widths
Result: NOTE
    Rd file 'socp.Rd':
     \usage lines wider than 90 characters:
     socp(A, b, c, kvec, type = rep('q',length(kvec)), use_sparse=TRUE, gamma_fac=.95, delta0 = .75, sigma0 = .25, mu0 = 0.01, zero_tol = 1e ... [TRUNCATED]
    
    These lines will be truncated in the PDF manual.
Flavors: r-devel-linux-x86_64-debian-clang, r-devel-linux-x86_64-debian-gcc, r-devel-linux-x86_64-fedora-clang, r-devel-linux-x86_64-fedora-gcc, r-patched-linux-x86_64, r-release-linux-x86_64