CRAN Package Check Results for Package CLSOCP

Last updated on 2014-12-21 01:46:55.

Flavor Version Tinstall Tcheck Ttotal Status Flags
r-devel-linux-x86_64-debian-clang 1.0 3.07 35.79 38.86 NOTE
r-devel-linux-x86_64-debian-gcc 1.0 2.90 36.19 39.09 NOTE
r-devel-linux-x86_64-fedora-clang 1.0 95.74 NOTE
r-devel-linux-x86_64-fedora-gcc 1.0 86.69 NOTE
r-devel-osx-x86_64-clang 1.0 76.03 OK
r-devel-windows-ix86+x86_64 1.0 9.00 50.00 59.00 OK
r-patched-linux-x86_64 1.0 3.25 38.42 41.67 NOTE
r-patched-solaris-sparc 1.0 498.40 OK
r-patched-solaris-x86 1.0 124.50 OK
r-release-linux-ix86 1.0 3.64 44.60 48.24 OK
r-release-linux-x86_64 1.0 3.28 38.58 41.86 NOTE
r-release-osx-x86_64-mavericks 1.0 OK
r-release-windows-ix86+x86_64 1.0 9.00 52.00 61.00 OK
r-oldrel-windows-ix86+x86_64 1.0 9.00 53.00 62.00 OK

Check Details

Version: 1.0
Check: Rd line widths
Result: NOTE
    Rd file 'socp.Rd':
     \usage lines wider than 90 characters:
     socp(A, b, c, kvec, type = rep('q',length(kvec)), use_sparse=TRUE, gamma_fac=.95, delta0 = .75, sigma0 = .25, mu0 = 0.01, zero_tol = 1e ... [TRUNCATED]
    
    These lines will be truncated in the PDF manual.
Flavors: r-devel-linux-x86_64-debian-clang, r-devel-linux-x86_64-debian-gcc, r-devel-linux-x86_64-fedora-clang, r-devel-linux-x86_64-fedora-gcc, r-patched-linux-x86_64, r-release-linux-x86_64