CRAN Package Check Results for Package CLSOCP

Last updated on 2014-11-21 19:47:57.

Flavor Version Tinstall Tcheck Ttotal Status Flags
r-devel-linux-x86_64-debian-clang 1.0 3.09 36.32 39.41 NOTE
r-devel-linux-x86_64-debian-gcc 1.0 2.94 35.22 38.16 NOTE
r-devel-linux-x86_64-fedora-clang 1.0 97.90 NOTE
r-devel-linux-x86_64-fedora-gcc 1.0 86.60 NOTE
r-devel-osx-x86_64-clang 1.0 77.92 OK
r-devel-windows-ix86+x86_64 1.0 9.00 51.00 60.00 OK
r-patched-linux-x86_64 1.0 3.37 37.55 40.92 NOTE
r-patched-solaris-sparc 1.0 498.40 OK
r-patched-solaris-x86 1.0 120.70 OK
r-release-linux-ix86 1.0 3.60 44.06 47.67 OK
r-release-linux-x86_64 1.0 3.17 37.61 40.78 NOTE
r-release-osx-x86_64-mavericks 1.0 OK
r-release-windows-ix86+x86_64 1.0 10.00 50.00 60.00 OK
r-oldrel-windows-ix86+x86_64 1.0 8.00 46.00 54.00 OK

Check Details

Version: 1.0
Check: Rd line widths
Result: NOTE
    Rd file 'socp.Rd':
     \usage lines wider than 90 characters:
     socp(A, b, c, kvec, type = rep('q',length(kvec)), use_sparse=TRUE, gamma_fac=.95, delta0 = .75, sigma0 = .25, mu0 = 0.01, zero_tol = 1e ... [TRUNCATED]
    
    These lines will be truncated in the PDF manual.
Flavors: r-devel-linux-x86_64-debian-clang, r-devel-linux-x86_64-debian-gcc, r-devel-linux-x86_64-fedora-clang, r-devel-linux-x86_64-fedora-gcc, r-patched-linux-x86_64, r-release-linux-x86_64