CRAN Package Check Results for Package CLSOCP

Last updated on 2016-12-05 16:47:10.

Flavor Version Tinstall Tcheck Ttotal Status Flags
r-devel-linux-x86_64-debian-clang 1.0 2.23 35.69 37.92 NOTE
r-devel-linux-x86_64-debian-gcc 1.0 2.13 34.66 36.78 NOTE
r-devel-linux-x86_64-fedora-clang 1.0 71.90 NOTE --no-stop-on-test-error
r-devel-linux-x86_64-fedora-gcc 1.0 70.70 NOTE --no-stop-on-test-error
r-devel-macos-x86_64-clang 1.0 54.57 NOTE
r-devel-windows-ix86+x86_64 1.0 6.00 73.00 79.00 NOTE
r-patched-linux-x86_64 1.0 2.12 27.66 29.79 NOTE
r-patched-solaris-sparc 1.0 366.90 NOTE
r-patched-solaris-x86 1.0 81.40 NOTE
r-release-linux-x86_64 1.0 2.04 30.74 32.78 NOTE
r-release-osx-x86_64-mavericks 1.0 NOTE
r-release-windows-ix86+x86_64 1.0 8.00 50.00 58.00 NOTE
r-oldrel-windows-ix86+x86_64 1.0 9.00 51.00 60.00 OK

Check Details

Version: 1.0
Check: R code for possible problems
Result: NOTE
    socp: no visible global function definition for ‘as’
    Undefined global functions or variables:
     as
    Consider adding
     importFrom("methods", "as")
    to your NAMESPACE file (and ensure that your DESCRIPTION Imports field
    contains 'methods').
Flavors: r-devel-linux-x86_64-debian-clang, r-devel-linux-x86_64-debian-gcc, r-devel-macos-x86_64-clang, r-devel-windows-ix86+x86_64, r-patched-linux-x86_64, r-patched-solaris-sparc, r-patched-solaris-x86, r-release-linux-x86_64, r-release-osx-x86_64-mavericks, r-release-windows-ix86+x86_64

Version: 1.0
Check: Rd line widths
Result: NOTE
    Rd file 'socp.Rd':
     \usage lines wider than 90 characters:
     socp(A, b, c, kvec, type = rep('q',length(kvec)), use_sparse=TRUE, gamma_fac=.95, delta0 = .75, sigma0 = .25, mu0 = 0.01, zero_tol = 1e ... [TRUNCATED]
    
    These lines will be truncated in the PDF manual.
Flavors: r-devel-linux-x86_64-debian-clang, r-devel-linux-x86_64-debian-gcc, r-patched-linux-x86_64, r-release-linux-x86_64

Version: 1.0
Flags: --no-stop-on-test-error
Check: R code for possible problems
Result: NOTE
    socp: no visible global function definition for ‘as’
    Undefined global functions or variables:
     as
    Consider adding
     importFrom("methods", "as")
    to your NAMESPACE file (and ensure that your DESCRIPTION Imports field
    contains 'methods').
Flavors: r-devel-linux-x86_64-fedora-clang, r-devel-linux-x86_64-fedora-gcc

Version: 1.0
Flags: --no-stop-on-test-error
Check: Rd line widths
Result: NOTE
    Rd file 'socp.Rd':
     \usage lines wider than 90 characters:
     socp(A, b, c, kvec, type = rep('q',length(kvec)), use_sparse=TRUE, gamma_fac=.95, delta0 = .75, sigma0 = .25, mu0 = 0.01, zero_tol = 1e ... [TRUNCATED]
    
    These lines will be truncated in the PDF manual.
Flavors: r-devel-linux-x86_64-fedora-clang, r-devel-linux-x86_64-fedora-gcc