CRAN Package Check Results for Package CLSOCP

Last updated on 2014-04-24 03:47:41.

Flavor Version Tinstall Tcheck Ttotal Status Flags
r-devel-linux-x86_64-debian-clang 1.0 3.53 39.42 42.94 OK
r-devel-linux-x86_64-debian-gcc 1.0 3.38 37.88 41.26 OK
r-devel-linux-x86_64-fedora-clang 1.0 95.59 NOTE
r-devel-linux-x86_64-fedora-gcc 1.0 90.77 NOTE
r-devel-osx-x86_64-clang 1.0 79.95 OK
r-devel-osx-x86_64-gcc 1.0 OK
r-devel-windows-ix86+x86_64 1.0 9.00 52.00 61.00 OK
r-patched-linux-x86_64 1.0 3.24 37.56 40.80 OK
r-patched-solaris-sparc 1.0 510.80 OK
r-patched-solaris-x86 1.0 124.20 OK
r-release-linux-ix86 1.0 5.00 60.00 65.00 OK
r-release-linux-x86_64 1.0 3.28 38.74 42.02 OK
r-release-osx-x86_64-mavericks 1.0 WARN
r-release-windows-ix86+x86_64 1.0 8.00 52.00 60.00 OK
r-oldrel-windows-ix86+x86_64 1.0 7.00 48.00 55.00 OK

Check Details

Version: 1.0
Check: Rd line widths
Result: NOTE
    Rd file 'socp.Rd':
     \usage lines wider than 90 characters:
     socp(A, b, c, kvec, type = rep('q',length(kvec)), use_sparse=TRUE, gamma_fac=.95, delta0 = .75, sigma0 = .25, mu0 = 0.01, zero_tol = 1e ... [TRUNCATED]
    
    These lines will be truncated in the PDF manual.
Flavors: r-devel-linux-x86_64-fedora-clang, r-devel-linux-x86_64-fedora-gcc

Version: 1.0
Check: PDF version of manual
Result: WARNING
    LaTeX errors when creating PDF version.
    This typically indicates Rd problems.
    LaTeX errors found:
    ! LaTeX Error: File `upquote.sty' not found.
    
    Type X to quit or <RETURN> to proceed,
    or enter new name. (Default extension: sty)
    
    245c64c4/Rd2.tex:8: ==> Fatal error occurred, no output PDF file produced!
Flavor: r-release-osx-x86_64-mavericks