CRAN Package Check Results for Package CLSOCP

Last updated on 2015-05-03 16:46:27.

Flavor Version Tinstall Tcheck Ttotal Status Flags
r-devel-linux-x86_64-debian-clang 1.0 2.50 31.76 34.26 NOTE
r-devel-linux-x86_64-debian-gcc 1.0 2.42 30.66 33.08 NOTE
r-devel-linux-x86_64-fedora-clang 1.0 70.20 NOTE
r-devel-linux-x86_64-fedora-gcc 1.0 67.91 NOTE
r-devel-osx-x86_64-clang 1.0 59.94 OK
r-devel-windows-ix86+x86_64 1.0 7.00 47.00 54.00 OK
r-patched-linux-x86_64 1.0 2.56 30.60 33.16 NOTE
r-patched-solaris-sparc 1.0 418.50 OK
r-patched-solaris-x86 1.0 93.70 OK
r-release-linux-x86_64 1.0 2.48 31.52 33.99 NOTE
r-release-osx-x86_64-mavericks 1.0 OK
r-release-osx-x86_64-snowleopard 1.0 OK
r-release-windows-ix86+x86_64 1.0 7.00 48.00 55.00 OK
r-oldrel-windows-ix86+x86_64 1.0 9.00 53.00 62.00 OK

Check Details

Version: 1.0
Check: Rd line widths
Result: NOTE
    Rd file 'socp.Rd':
     \usage lines wider than 90 characters:
     socp(A, b, c, kvec, type = rep('q',length(kvec)), use_sparse=TRUE, gamma_fac=.95, delta0 = .75, sigma0 = .25, mu0 = 0.01, zero_tol = 1e ... [TRUNCATED]
    
    These lines will be truncated in the PDF manual.
Flavors: r-devel-linux-x86_64-debian-clang, r-devel-linux-x86_64-debian-gcc, r-devel-linux-x86_64-fedora-clang, r-devel-linux-x86_64-fedora-gcc, r-patched-linux-x86_64, r-release-linux-x86_64