CRAN Package Check Results for Package CLSOCP

Last updated on 2014-07-24 17:48:58.

Flavor Version Tinstall Tcheck Ttotal Status Flags
r-devel-linux-x86_64-debian-clang 1.0 3.48 36.71 40.19 OK
r-devel-linux-x86_64-debian-gcc 1.0 3.08 35.70 38.78 OK
r-devel-linux-x86_64-fedora-clang 1.0 93.78 NOTE
r-devel-linux-x86_64-fedora-gcc 1.0 89.52 NOTE
r-devel-osx-x86_64-clang 1.0 74.21 OK
r-devel-windows-ix86+x86_64 1.0 9.00 53.00 62.00 OK
r-patched-linux-x86_64 1.0 4.08 36.64 40.72 OK
r-patched-solaris-sparc 1.0 510.80 OK
r-patched-solaris-x86 1.0 119.40 OK
r-release-linux-ix86 1.0 3.80 49.62 53.42 OK
r-release-linux-x86_64 1.0 3.32 37.57 40.89 OK
r-release-osx-x86_64-mavericks 1.0 OK
r-release-windows-ix86+x86_64 1.0 7.00 49.00 56.00 OK
r-oldrel-windows-ix86+x86_64 1.0 8.00 47.00 55.00 OK

Check Details

Version: 1.0
Check: Rd line widths
Result: NOTE
    Rd file 'socp.Rd':
     \usage lines wider than 90 characters:
     socp(A, b, c, kvec, type = rep('q',length(kvec)), use_sparse=TRUE, gamma_fac=.95, delta0 = .75, sigma0 = .25, mu0 = 0.01, zero_tol = 1e ... [TRUNCATED]
    
    These lines will be truncated in the PDF manual.
Flavors: r-devel-linux-x86_64-fedora-clang, r-devel-linux-x86_64-fedora-gcc