CRAN Package Check Results for Package CLSOCP

Last updated on 2015-08-31 08:46:43.

Flavor Version Tinstall Tcheck Ttotal Status Flags
r-devel-linux-x86_64-debian-clang 1.0 2.63 29.26 31.88 NOTE
r-devel-linux-x86_64-debian-gcc 1.0 2.36 28.44 30.80 NOTE
r-devel-linux-x86_64-fedora-clang 1.0 65.64 NOTE
r-devel-linux-x86_64-fedora-gcc 1.0 62.13 NOTE
r-devel-osx-x86_64-clang 1.0 55.06 OK
r-devel-windows-ix86+x86_64 1.0 10.00 52.00 62.00 NOTE
r-patched-linux-x86_64 1.0 3.23 31.83 35.06 NOTE
r-patched-solaris-sparc 1.0 421.60 OK
r-patched-solaris-x86 1.0 97.40 OK
r-release-linux-x86_64 1.0 2.53 30.65 33.18 NOTE
r-release-osx-x86_64-mavericks 1.0 OK
r-release-windows-ix86+x86_64 1.0 9.00 70.00 79.00 OK
r-oldrel-windows-ix86+x86_64 1.0 11.00 61.00 72.00 OK

Check Details

Version: 1.0
Check: R code for possible problems
Result: NOTE
    socp: no visible global function definition for ‘as’
    Undefined global functions or variables:
     as
    Consider adding
     importFrom("methods", "as")
    to your NAMESPACE (and ensure that your DESCRIPTION Imports field
    contains 'methods').
Flavors: r-devel-linux-x86_64-debian-clang, r-devel-linux-x86_64-debian-gcc, r-devel-linux-x86_64-fedora-clang, r-devel-linux-x86_64-fedora-gcc, r-devel-windows-ix86+x86_64

Version: 1.0
Check: Rd line widths
Result: NOTE
    Rd file 'socp.Rd':
     \usage lines wider than 90 characters:
     socp(A, b, c, kvec, type = rep('q',length(kvec)), use_sparse=TRUE, gamma_fac=.95, delta0 = .75, sigma0 = .25, mu0 = 0.01, zero_tol = 1e ... [TRUNCATED]
    
    These lines will be truncated in the PDF manual.
Flavors: r-devel-linux-x86_64-debian-clang, r-devel-linux-x86_64-debian-gcc, r-devel-linux-x86_64-fedora-clang, r-devel-linux-x86_64-fedora-gcc, r-patched-linux-x86_64, r-release-linux-x86_64