CRAN Package Check Results for Package CLSOCP

Last updated on 2015-03-05 12:47:55.

Flavor Version Tinstall Tcheck Ttotal Status Flags
r-devel-linux-x86_64-debian-clang 1.0 2.64 31.85 34.50 NOTE
r-devel-linux-x86_64-debian-gcc 1.0 2.28 30.03 32.31 NOTE
r-devel-linux-x86_64-fedora-clang 1.0 68.78 NOTE
r-devel-linux-x86_64-fedora-gcc 1.0 64.81 NOTE
r-devel-osx-x86_64-clang 1.0 63.29 OK
r-devel-windows-ix86+x86_64 1.0 7.00 44.00 51.00 OK
r-patched-linux-x86_64 1.0 3.25 37.65 40.90 NOTE
r-patched-solaris-sparc 1.0 545.30 OK
r-patched-solaris-x86 1.0 123.10 OK
r-release-linux-ix86 1.0 3.67 47.48 51.15 NOTE
r-release-linux-x86_64 1.0 3.18 37.46 40.63 NOTE
r-release-osx-x86_64-mavericks 1.0 OK
r-release-windows-ix86+x86_64 1.0 9.00 57.00 66.00 OK
r-oldrel-windows-ix86+x86_64 1.0 8.00 52.00 60.00 OK

Check Details

Version: 1.0
Check: Rd line widths
Result: NOTE
    Rd file 'socp.Rd':
     \usage lines wider than 90 characters:
     socp(A, b, c, kvec, type = rep('q',length(kvec)), use_sparse=TRUE, gamma_fac=.95, delta0 = .75, sigma0 = .25, mu0 = 0.01, zero_tol = 1e ... [TRUNCATED]
    
    These lines will be truncated in the PDF manual.
Flavors: r-devel-linux-x86_64-debian-clang, r-devel-linux-x86_64-debian-gcc, r-devel-linux-x86_64-fedora-clang, r-devel-linux-x86_64-fedora-gcc, r-patched-linux-x86_64, r-release-linux-ix86, r-release-linux-x86_64