CRAN Package Check Results for Package CLSOCP

Last updated on 2016-07-30 08:48:07.

Flavor Version Tinstall Tcheck Ttotal Status Flags
r-devel-linux-x86_64-debian-clang 1.0 2.46 29.94 32.40 NOTE
r-devel-linux-x86_64-debian-gcc 1.0 2.35 29.62 31.98 NOTE
r-devel-linux-x86_64-fedora-clang 1.0 77.80 NOTE
r-devel-linux-x86_64-fedora-gcc 1.0 60.46 NOTE
r-devel-osx-x86_64-clang 1.0 50.85 NOTE
r-devel-windows-ix86+x86_64 1.0 6.00 58.00 64.00 NOTE
r-patched-linux-x86_64 1.0 3.57 33.47 37.04 NOTE
r-patched-solaris-sparc 1.0 366.90 NOTE
r-patched-solaris-x86 1.0 80.70 NOTE
r-release-linux-x86_64 1.0 2.98 34.28 37.26 NOTE
r-release-osx-x86_64-mavericks 1.0 NOTE
r-release-windows-ix86+x86_64 1.0 9.00 69.00 78.00 NOTE
r-oldrel-windows-ix86+x86_64 1.0 10.00 75.00 85.00 OK

Check Details

Version: 1.0
Check: R code for possible problems
Result: NOTE
    socp: no visible global function definition for ‘as’
    Undefined global functions or variables:
     as
    Consider adding
     importFrom("methods", "as")
    to your NAMESPACE file (and ensure that your DESCRIPTION Imports field
    contains 'methods').
Flavors: r-devel-linux-x86_64-debian-clang, r-devel-linux-x86_64-debian-gcc, r-devel-linux-x86_64-fedora-clang, r-devel-linux-x86_64-fedora-gcc, r-devel-osx-x86_64-clang, r-devel-windows-ix86+x86_64, r-patched-linux-x86_64, r-patched-solaris-sparc, r-patched-solaris-x86, r-release-linux-x86_64, r-release-osx-x86_64-mavericks, r-release-windows-ix86+x86_64

Version: 1.0
Check: Rd line widths
Result: NOTE
    Rd file 'socp.Rd':
     \usage lines wider than 90 characters:
     socp(A, b, c, kvec, type = rep('q',length(kvec)), use_sparse=TRUE, gamma_fac=.95, delta0 = .75, sigma0 = .25, mu0 = 0.01, zero_tol = 1e ... [TRUNCATED]
    
    These lines will be truncated in the PDF manual.
Flavors: r-devel-linux-x86_64-debian-clang, r-devel-linux-x86_64-debian-gcc, r-devel-linux-x86_64-fedora-clang, r-devel-linux-x86_64-fedora-gcc, r-patched-linux-x86_64, r-release-linux-x86_64