CRAN Package Check Results for Package CLUSTShiny

Last updated on 2020-02-26 07:51:37 CET.

Flavor Version Tinstall Tcheck Ttotal Status Flags
r-devel-linux-x86_64-debian-clang 0.1.0 2.01 17.41 19.42 OK
r-devel-linux-x86_64-debian-gcc 0.1.0 1.73 13.93 15.66 OK
r-devel-linux-x86_64-fedora-clang 0.1.0 24.90 NOTE
r-devel-linux-x86_64-fedora-gcc 0.1.0 24.41 NOTE
r-devel-windows-ix86+x86_64 0.1.0 8.00 27.00 35.00 OK
r-devel-windows-ix86+x86_64-gcc8 0.1.0 8.00 27.00 35.00 OK
r-patched-linux-x86_64 0.1.0 1.53 15.91 17.44 OK
r-patched-solaris-x86 0.1.0 34.90 NOTE
r-release-linux-x86_64 0.1.0 1.55 16.00 17.55 OK
r-release-windows-ix86+x86_64 0.1.0 4.00 31.00 35.00 OK
r-release-osx-x86_64 0.1.0 NOTE
r-oldrel-windows-ix86+x86_64 0.1.0 3.00 31.00 34.00 OK
r-oldrel-osx-x86_64 0.1.0 NOTE

Check Details

Version: 0.1.0
Check: dependencies in R code
Result: NOTE
    Namespaces in Imports field not imported from:
     ‘MASS’ ‘cluster’ ‘datasets’ ‘dplyr’ ‘klaR’ ‘psycho’ ‘shiny’
     All declared Imports should be used.
Flavors: r-devel-linux-x86_64-fedora-clang, r-devel-linux-x86_64-fedora-gcc, r-patched-solaris-x86, r-release-osx-x86_64, r-oldrel-osx-x86_64