CRAN Package Check Results for Package CMC

Last updated on 2015-07-04 08:50:13.

Flavor Version Tinstall Tcheck Ttotal Status Flags
r-devel-linux-x86_64-debian-clang 1.0 0.50 8.40 8.90 NOTE
r-devel-linux-x86_64-debian-gcc 1.0 0.54 8.43 8.97 NOTE
r-devel-linux-x86_64-fedora-clang 1.0 16.12 NOTE
r-devel-linux-x86_64-fedora-gcc 1.0 15.54 NOTE
r-devel-osx-x86_64-clang 1.0 17.90 NOTE
r-devel-windows-ix86+x86_64 1.0 4.00 14.00 18.00 NOTE
r-patched-linux-x86_64 1.0 0.52 8.68 9.20 NOTE
r-patched-solaris-sparc 1.0 125.20 NOTE
r-patched-solaris-x86 1.0 26.00 NOTE
r-release-linux-x86_64 1.0 0.66 8.60 9.26 NOTE
r-release-osx-x86_64-mavericks 1.0 NOTE
r-release-windows-ix86+x86_64 1.0 3.00 15.00 18.00 NOTE
r-oldrel-windows-ix86+x86_64 1.0 4.00 21.00 25.00 OK

Check Details

Version: 1.0
Check: DESCRIPTION meta-information
Result: NOTE
    Malformed Description field: should contain one or more complete sentences.
Flavors: r-devel-linux-x86_64-debian-clang, r-devel-linux-x86_64-debian-gcc, r-devel-linux-x86_64-fedora-clang, r-devel-linux-x86_64-fedora-gcc, r-devel-osx-x86_64-clang, r-devel-windows-ix86+x86_64, r-patched-linux-x86_64, r-patched-solaris-sparc, r-patched-solaris-x86, r-release-linux-x86_64, r-release-osx-x86_64-mavericks, r-release-windows-ix86+x86_64

Version: 1.0
Check: R code for possible problems
Result: NOTE
    alpha.cronbach: no visible global function definition for ‘cov’
    alpha.curve: no visible global function definition for ‘plot’
    alpha.curve: no visible global function definition for ‘text’
    Undefined global functions or variables:
     cov plot text
Flavors: r-devel-linux-x86_64-debian-clang, r-devel-linux-x86_64-debian-gcc, r-devel-linux-x86_64-fedora-clang, r-devel-linux-x86_64-fedora-gcc