CRAN Package Check Results for Package CMC

Last updated on 2016-02-09 12:47:33.

Flavor Version Tinstall Tcheck Ttotal Status Flags
r-devel-linux-x86_64-debian-gcc 1.0 0.50 7.70 8.20 NOTE
r-devel-linux-x86_64-fedora-clang 1.0 14.68 NOTE
r-devel-linux-x86_64-fedora-gcc 1.0 13.74 NOTE
r-devel-osx-x86_64-clang 1.0 18.25 NOTE
r-devel-windows-ix86+x86_64 1.0 4.00 18.00 22.00 NOTE
r-patched-linux-x86_64 1.0 0.54 8.15 8.69 NOTE
r-patched-solaris-sparc 1.0 97.80 NOTE
r-patched-solaris-x86 1.0 22.10 NOTE
r-release-linux-x86_64 1.0 0.54 8.45 8.99 NOTE
r-release-osx-x86_64-mavericks 1.0 NOTE
r-release-windows-ix86+x86_64 1.0 2.00 14.00 16.00 NOTE
r-oldrel-windows-ix86+x86_64 1.0 4.00 21.00 25.00 OK

Check Details

Version: 1.0
Check: DESCRIPTION meta-information
Result: NOTE
    Malformed Description field: should contain one or more complete sentences.
Flavors: r-devel-linux-x86_64-debian-gcc, r-devel-linux-x86_64-fedora-clang, r-devel-linux-x86_64-fedora-gcc, r-devel-osx-x86_64-clang, r-devel-windows-ix86+x86_64, r-patched-linux-x86_64, r-patched-solaris-sparc, r-patched-solaris-x86, r-release-linux-x86_64, r-release-osx-x86_64-mavericks, r-release-windows-ix86+x86_64

Version: 1.0
Check: R code for possible problems
Result: NOTE
    alpha.cronbach: no visible global function definition for ‘cov’
    alpha.curve: no visible global function definition for ‘plot’
    alpha.curve: no visible global function definition for ‘text’
    Undefined global functions or variables:
     cov plot text
    Consider adding
     importFrom("graphics", "plot", "text")
     importFrom("stats", "cov")
    to your NAMESPACE file.
Flavors: r-devel-linux-x86_64-debian-gcc, r-devel-linux-x86_64-fedora-clang, r-devel-linux-x86_64-fedora-gcc, r-devel-osx-x86_64-clang, r-devel-windows-ix86+x86_64