CRAN Package Check Results for Package CMC

Last updated on 2015-03-29 19:48:36.

Flavor Version Tinstall Tcheck Ttotal Status Flags
r-devel-linux-x86_64-debian-clang 1.0 0.52 8.95 9.47 NOTE
r-devel-linux-x86_64-debian-gcc 1.0 0.52 8.64 9.16 NOTE
r-devel-linux-x86_64-fedora-clang 1.0 17.85 NOTE
r-devel-linux-x86_64-fedora-gcc 1.0 16.30 NOTE
r-devel-osx-x86_64-clang 1.0 24.37 NOTE
r-prerel-windows-ix86+x86_64 1.0 3.00 15.00 18.00 NOTE
r-prerel-linux-x86_64 1.0 0.52 8.99 9.51 NOTE
r-prerel-solaris-sparc 1.0 118.60 NOTE
r-prerel-solaris-x86 1.0 25.40 NOTE
r-release-linux-x86_64 1.0 0.55 9.78 10.32 OK
r-release-osx-x86_64-mavericks 1.0 OK
r-release-windows-ix86+x86_64 1.0 4.00 21.00 25.00 OK
r-oldrel-windows-ix86+x86_64 1.0 2.00 15.00 17.00 OK

Check Details

Version: 1.0
Check: DESCRIPTION meta-information
Result: NOTE
    Malformed Description field: should contain one or more complete sentences.
Flavors: r-devel-linux-x86_64-debian-clang, r-devel-linux-x86_64-debian-gcc, r-devel-linux-x86_64-fedora-clang, r-devel-linux-x86_64-fedora-gcc, r-devel-osx-x86_64-clang, r-prerel-windows-ix86+x86_64, r-prerel-linux-x86_64, r-prerel-solaris-sparc, r-prerel-solaris-x86