CRAN Package Check Results for Package CMC

Last updated on 2017-05-24 11:49:38.

Flavor Version Tinstall Tcheck Ttotal Status Flags
r-devel-linux-x86_64-debian-clang 1.0 0.63 13.57 14.20 NOTE
r-devel-linux-x86_64-debian-gcc 1.0 0.61 13.39 14.00 NOTE
r-devel-linux-x86_64-fedora-clang 1.0 18.43 NOTE --no-stop-on-test-error
r-devel-linux-x86_64-fedora-gcc 1.0 17.34 NOTE --no-stop-on-test-error
r-devel-windows-ix86+x86_64 1.0 4.00 34.00 38.00 NOTE
r-patched-linux-x86_64 1.0 0.57 13.27 13.84 NOTE
r-patched-solaris-sparc 1.0 111.50 NOTE
r-patched-solaris-x86 1.0 28.50 NOTE
r-release-linux-x86_64 1.0 0.63 12.79 13.41 NOTE
r-release-windows-ix86+x86_64 1.0 2.00 26.00 28.00 NOTE
r-release-osx-x86_64 1.0 NOTE
r-oldrel-windows-ix86+x86_64 1.0 2.00 24.00 26.00 NOTE
r-oldrel-osx-x86_64 1.0 NOTE

Check Details

Version: 1.0
Check: DESCRIPTION meta-information
Result: NOTE
    Malformed Description field: should contain one or more complete sentences.
Flavors: r-devel-linux-x86_64-debian-clang, r-devel-linux-x86_64-debian-gcc, r-devel-windows-ix86+x86_64, r-patched-linux-x86_64, r-patched-solaris-sparc, r-patched-solaris-x86, r-release-linux-x86_64, r-release-windows-ix86+x86_64, r-release-osx-x86_64, r-oldrel-windows-ix86+x86_64, r-oldrel-osx-x86_64

Version: 1.0
Check: R code for possible problems
Result: NOTE
    alpha.cronbach: no visible global function definition for ‘cov’
    alpha.curve: no visible global function definition for ‘plot’
    alpha.curve: no visible global function definition for ‘text’
    Undefined global functions or variables:
     cov plot text
    Consider adding
     importFrom("graphics", "plot", "text")
     importFrom("stats", "cov")
    to your NAMESPACE file.
Flavors: r-devel-linux-x86_64-debian-clang, r-devel-linux-x86_64-debian-gcc, r-devel-windows-ix86+x86_64, r-patched-linux-x86_64, r-patched-solaris-sparc, r-patched-solaris-x86, r-release-linux-x86_64, r-release-windows-ix86+x86_64, r-release-osx-x86_64, r-oldrel-windows-ix86+x86_64, r-oldrel-osx-x86_64

Version: 1.0
Flags: --no-stop-on-test-error
Check: DESCRIPTION meta-information
Result: NOTE
    Malformed Description field: should contain one or more complete sentences.
Flavors: r-devel-linux-x86_64-fedora-clang, r-devel-linux-x86_64-fedora-gcc

Version: 1.0
Flags: --no-stop-on-test-error
Check: R code for possible problems
Result: NOTE
    alpha.cronbach: no visible global function definition for ‘cov’
    alpha.curve: no visible global function definition for ‘plot’
    alpha.curve: no visible global function definition for ‘text’
    Undefined global functions or variables:
     cov plot text
    Consider adding
     importFrom("graphics", "plot", "text")
     importFrom("stats", "cov")
    to your NAMESPACE file.
Flavors: r-devel-linux-x86_64-fedora-clang, r-devel-linux-x86_64-fedora-gcc