CRAN Package Check Results for Package CMC

Last updated on 2016-10-01 10:47:30.

Flavor Version Tinstall Tcheck Ttotal Status Flags
r-devel-linux-x86_64-debian-clang 1.0 0.61 11.96 12.57 NOTE
r-devel-linux-x86_64-debian-gcc 1.0 0.62 10.66 11.28 NOTE
r-devel-linux-x86_64-fedora-clang 1.0 19.93 NOTE
r-devel-linux-x86_64-fedora-gcc 1.0 14.49 NOTE
r-devel-macos-x86_64-clang 1.0 14.42 NOTE
r-devel-windows-ix86+x86_64 1.0 3.00 24.00 27.00 NOTE
r-patched-linux-x86_64 1.0 0.58 11.22 11.79 NOTE
r-patched-solaris-sparc 1.0 99.40 NOTE
r-patched-solaris-x86 1.0 22.60 NOTE
r-release-linux-x86_64 1.0 0.59 10.73 11.32 NOTE
r-release-osx-x86_64-mavericks 1.0 NOTE
r-release-windows-ix86+x86_64 1.0 2.00 24.00 26.00 NOTE
r-oldrel-windows-ix86+x86_64 1.0 2.00 14.00 16.00 NOTE

Check Details

Version: 1.0
Check: DESCRIPTION meta-information
Result: NOTE
    Malformed Description field: should contain one or more complete sentences.
Flavors: r-devel-linux-x86_64-debian-clang, r-devel-linux-x86_64-debian-gcc, r-devel-linux-x86_64-fedora-clang, r-devel-linux-x86_64-fedora-gcc, r-devel-macos-x86_64-clang, r-devel-windows-ix86+x86_64, r-patched-linux-x86_64, r-patched-solaris-sparc, r-patched-solaris-x86, r-release-linux-x86_64, r-release-osx-x86_64-mavericks, r-release-windows-ix86+x86_64, r-oldrel-windows-ix86+x86_64

Version: 1.0
Check: R code for possible problems
Result: NOTE
    alpha.cronbach: no visible global function definition for ‘cov’
    alpha.curve: no visible global function definition for ‘plot’
    alpha.curve: no visible global function definition for ‘text’
    Undefined global functions or variables:
     cov plot text
    Consider adding
     importFrom("graphics", "plot", "text")
     importFrom("stats", "cov")
    to your NAMESPACE file.
Flavors: r-devel-linux-x86_64-debian-clang, r-devel-linux-x86_64-debian-gcc, r-devel-linux-x86_64-fedora-clang, r-devel-linux-x86_64-fedora-gcc, r-devel-macos-x86_64-clang, r-devel-windows-ix86+x86_64, r-patched-linux-x86_64, r-patched-solaris-sparc, r-patched-solaris-x86, r-release-linux-x86_64, r-release-osx-x86_64-mavericks, r-release-windows-ix86+x86_64