CRAN Package Check Results for Package CMC

Last updated on 2015-05-30 08:48:32.

Flavor Version Tinstall Tcheck Ttotal Status Flags
r-devel-linux-x86_64-debian-clang 1.0 0.55 8.41 8.96 NOTE
r-devel-linux-x86_64-debian-gcc 1.0 0.52 8.63 9.15 NOTE
r-devel-linux-x86_64-fedora-clang 1.0 17.90 NOTE
r-devel-linux-x86_64-fedora-gcc 1.0 16.30 NOTE
r-devel-osx-x86_64-clang 1.0 21.57 NOTE
r-devel-windows-ix86+x86_64 1.0 2.00 15.00 17.00 NOTE
r-patched-linux-x86_64 1.0 0.54 8.52 9.06 NOTE
r-patched-solaris-sparc 1.0 125.20 NOTE
r-patched-solaris-x86 1.0 26.50 NOTE
r-release-linux-x86_64 1.0 0.60 9.21 9.82 NOTE
r-release-osx-x86_64-mavericks 1.0 NOTE
r-release-osx-x86_64-snowleopard 1.0 NOTE
r-release-windows-ix86+x86_64 1.0 2.00 13.00 15.00 NOTE
r-oldrel-windows-ix86+x86_64 1.0 4.00 21.00 25.00 OK

Check Details

Version: 1.0
Check: DESCRIPTION meta-information
Result: NOTE
    Malformed Description field: should contain one or more complete sentences.
Flavors: r-devel-linux-x86_64-debian-clang, r-devel-linux-x86_64-debian-gcc, r-devel-linux-x86_64-fedora-clang, r-devel-linux-x86_64-fedora-gcc, r-devel-osx-x86_64-clang, r-devel-windows-ix86+x86_64, r-patched-linux-x86_64, r-patched-solaris-sparc, r-patched-solaris-x86, r-release-linux-x86_64, r-release-osx-x86_64-mavericks, r-release-osx-x86_64-snowleopard, r-release-windows-ix86+x86_64