Last updated on 2022-07-04 11:51:03 CEST.
Flavor | Version | Tinstall | Tcheck | Ttotal | Status | Flags |
---|---|---|---|---|---|---|
r-devel-linux-x86_64-debian-clang | 0.1-2 | 3.06 | 29.71 | 32.77 | OK | |
r-devel-linux-x86_64-debian-gcc | 0.1-2 | 2.19 | 22.59 | 24.78 | OK | |
r-devel-linux-x86_64-fedora-clang | 0.1-2 | 50.44 | NOTE | |||
r-devel-linux-x86_64-fedora-gcc | 0.1-2 | 48.66 | OK | |||
r-devel-windows-x86_64 | 0.1-2 | 11.00 | 57.00 | 68.00 | OK | |
r-patched-linux-x86_64 | 0.1-2 | 2.86 | 29.06 | 31.92 | OK | |
r-release-linux-x86_64 | 0.1-2 | 2.92 | 28.52 | 31.44 | OK | |
r-release-macos-arm64 | 0.1-2 | 15.00 | OK | |||
r-release-macos-x86_64 | 0.1-2 | 22.00 | OK | |||
r-release-windows-x86_64 | 0.1-2 | 11.00 | 52.00 | 63.00 | OK | |
r-oldrel-macos-arm64 | 0.1-2 | 24.00 | OK | |||
r-oldrel-macos-x86_64 | 0.1-2 | 24.00 | OK | |||
r-oldrel-windows-ix86+x86_64 | 0.1-2 | 7.00 | 49.00 | 56.00 | OK |
Version: 0.1-2
Check: Rd cross-references
Result: NOTE
Undeclared package ‘wavethresh’ in Rd xrefs
Flavor: r-devel-linux-x86_64-fedora-clang