CRAN Package Check Results for Package CNVassoc

Last updated on 2016-12-09 20:50:12.

Flavor Version Tinstall Tcheck Ttotal Status Flags
r-devel-linux-x86_64-debian-clang 2.2 6.41 93.73 100.14 OK
r-devel-linux-x86_64-debian-gcc 2.2 6.14 91.25 97.38 OK
r-devel-linux-x86_64-fedora-clang 2.2 186.90 NOTE --no-stop-on-test-error
r-devel-linux-x86_64-fedora-gcc 2.2 184.25 NOTE --no-stop-on-test-error
r-devel-macos-x86_64-clang 2.2 126.63 NOTE --no-stop-on-test-error
r-devel-windows-ix86+x86_64 2.2 21.00 221.00 242.00 OK
r-patched-linux-x86_64 2.2 5.09 81.52 86.61 OK
r-patched-solaris-sparc 2.2 993.10 OK
r-patched-solaris-x86 2.2 187.90 OK
r-release-linux-x86_64 2.2 5.39 82.85 88.24 OK
r-release-osx-x86_64-mavericks 2.2 OK
r-release-windows-ix86+x86_64 2.2 23.00 146.00 169.00 OK
r-oldrel-windows-ix86+x86_64 2.2 43.00 202.00 245.00 OK

Check Details

Version: 2.2
Flags: --no-stop-on-test-error
Check: package dependencies
Result: NOTE
    Package suggested but not available for checking: ‘CNVtools’
Flavors: r-devel-linux-x86_64-fedora-clang, r-devel-linux-x86_64-fedora-gcc, r-devel-macos-x86_64-clang