CRAN Package Check Results for Package CNVassoc

Last updated on 2017-02-25 08:49:10.

Flavor Version Tinstall Tcheck Ttotal Status Flags
r-devel-linux-x86_64-debian-clang 2.2 6.30 81.17 87.48 NOTE
r-devel-linux-x86_64-debian-gcc 2.2 5.75 77.06 82.81 NOTE
r-devel-linux-x86_64-fedora-clang 2.2 183.42 NOTE --no-stop-on-test-error
r-devel-linux-x86_64-fedora-gcc 2.2 208.54 NOTE --no-stop-on-test-error
r-devel-macos-x86_64-clang 2.2 128.41 NOTE --no-stop-on-test-error
r-devel-windows-ix86+x86_64 2.2 48.00 212.00 260.00 OK
r-patched-linux-x86_64 2.2 5.54 70.58 76.12 OK
r-patched-solaris-sparc 2.2 977.70 OK
r-patched-solaris-x86 2.2 198.50 OK
r-release-linux-x86_64 2.2 5.45 70.49 75.94 OK
r-release-osx-x86_64-mavericks 2.2 OK
r-release-windows-ix86+x86_64 2.2 47.00 153.00 200.00 OK
r-oldrel-windows-ix86+x86_64 2.2 43.00 327.00 370.00 OK

Check Details

Version: 2.2
Check: compiled code
Result: NOTE
    File ‘CNVassoc/libs/CNVassoc.so’:
     Found no call to: ‘R_useDynamicSymbols’
    
    It is good practice to register native routines and to disable symbol
    search.
    
    See ‘Writing portable packages’ in the ‘Writing R Extensions’ manual.
Flavors: r-devel-linux-x86_64-debian-clang, r-devel-linux-x86_64-debian-gcc

Version: 2.2
Flags: --no-stop-on-test-error
Check: package dependencies
Result: NOTE
    Package suggested but not available for checking: ‘CNVtools’
Flavors: r-devel-linux-x86_64-fedora-clang, r-devel-linux-x86_64-fedora-gcc, r-devel-macos-x86_64-clang

Version: 2.2
Flags: --no-stop-on-test-error
Check: compiled code
Result: NOTE
    File ‘CNVassoc/libs/CNVassoc.so’:
     Found no call to: ‘R_useDynamicSymbols’
    
    It is good practice to register native routines and to disable symbol
    search.
    
    See ‘Writing portable packages’ in the ‘Writing R Extensions’ manual.
Flavors: r-devel-linux-x86_64-fedora-clang, r-devel-linux-x86_64-fedora-gcc, r-devel-macos-x86_64-clang