CRAN Package Check Results for Package CNVassoc

Last updated on 2017-03-27 06:48:00.

Flavor Version Tinstall Tcheck Ttotal Status Flags
r-devel-linux-x86_64-debian-clang 2.2 6.44 79.78 86.22 NOTE
r-devel-linux-x86_64-debian-gcc 2.2 6.10 76.87 82.97 NOTE
r-devel-linux-x86_64-fedora-clang 2.2 185.60 NOTE --no-stop-on-test-error
r-devel-linux-x86_64-fedora-gcc 2.2 201.69 NOTE --no-stop-on-test-error
r-devel-macos-x86_64-clang 2.2 126.56 NOTE --no-stop-on-test-error
r-patched-linux-x86_64 2.2 5.66 77.69 83.35 NOTE
r-patched-solaris-sparc 2.2 1083.30 OK
r-patched-solaris-x86 2.2 228.80 OK
r-release-linux-x86_64 2.2 5.25 72.81 78.06 OK
r-release-osx-x86_64-mavericks 2.2 OK
r-release-windows-ix86+x86_64 2.2 39.00 187.00 226.00 OK
r-oldrel-windows-ix86+x86_64 2.2 28.00 190.00 218.00 OK

Check Details

Version: 2.2
Check: compiled code
Result: NOTE
    File ‘CNVassoc/libs/CNVassoc.so’:
     Found no call to: ‘R_useDynamicSymbols’
    
    It is good practice to register native routines and to disable symbol
    search.
    
    See ‘Writing portable packages’ in the ‘Writing R Extensions’ manual.
Flavors: r-devel-linux-x86_64-debian-clang, r-devel-linux-x86_64-debian-gcc, r-patched-linux-x86_64

Version: 2.2
Flags: --no-stop-on-test-error
Check: package dependencies
Result: NOTE
    Package suggested but not available for checking: ‘CNVtools’
Flavors: r-devel-linux-x86_64-fedora-clang, r-devel-linux-x86_64-fedora-gcc, r-devel-macos-x86_64-clang

Version: 2.2
Flags: --no-stop-on-test-error
Check: compiled code
Result: NOTE
    File ‘CNVassoc/libs/CNVassoc.so’:
     Found no call to: ‘R_useDynamicSymbols’
    
    It is good practice to register native routines and to disable symbol
    search.
    
    See ‘Writing portable packages’ in the ‘Writing R Extensions’ manual.
Flavors: r-devel-linux-x86_64-fedora-clang, r-devel-linux-x86_64-fedora-gcc, r-devel-macos-x86_64-clang