CRAN Package Check Results for Package CNVassoc

Last updated on 2017-01-21 10:48:18.

Flavor Version Tinstall Tcheck Ttotal Status Flags
r-devel-linux-x86_64-debian-clang 2.2 6.26 89.00 95.27 OK
r-devel-linux-x86_64-debian-gcc 2.2 5.96 87.85 93.81 OK
r-devel-linux-x86_64-fedora-clang 2.2 183.15 NOTE --no-stop-on-test-error
r-devel-linux-x86_64-fedora-gcc 2.2 181.84 NOTE --no-stop-on-test-error
r-devel-macos-x86_64-clang 2.2 124.54 NOTE --no-stop-on-test-error
r-devel-windows-ix86+x86_64 2.2 29.00 148.00 177.00 OK
r-patched-linux-x86_64 2.2 5.53 79.11 84.64 OK
r-patched-solaris-sparc 2.2 977.70 OK
r-patched-solaris-x86 2.2 194.70 OK
r-release-linux-x86_64 2.2 5.29 80.08 85.37 OK
r-release-osx-x86_64-mavericks 2.2 OK
r-release-windows-ix86+x86_64 2.2 31.00 193.00 224.00 OK
r-oldrel-windows-ix86+x86_64 2.2 43.00 249.00 292.00 OK

Check Details

Version: 2.2
Flags: --no-stop-on-test-error
Check: package dependencies
Result: NOTE
    Package suggested but not available for checking: ‘CNVtools’
Flavors: r-devel-linux-x86_64-fedora-clang, r-devel-linux-x86_64-fedora-gcc, r-devel-macos-x86_64-clang