CRAN Package Check Results for Package COBRA

Last updated on 2015-07-04 21:46:25.

Flavor Version Tinstall Tcheck Ttotal Status Flags
r-devel-linux-x86_64-debian-clang 0.99.4 0.75 14.86 15.61 NOTE
r-devel-linux-x86_64-debian-gcc 0.99.4 0.75 14.62 15.37 NOTE
r-devel-linux-x86_64-fedora-clang 0.99.4 28.31 NOTE
r-devel-linux-x86_64-fedora-gcc 0.99.4 26.51 NOTE
r-devel-osx-x86_64-clang 0.99.4 28.80 NOTE
r-devel-windows-ix86+x86_64 0.99.4 8.00 34.00 42.00 NOTE
r-patched-linux-x86_64 0.99.4 0.74 15.74 16.48 NOTE
r-patched-solaris-sparc 0.99.4 201.60 NOTE
r-patched-solaris-x86 0.99.4 41.50 NOTE
r-release-linux-x86_64 0.99.4 0.84 14.88 15.72 NOTE
r-release-osx-x86_64-mavericks 0.99.4 NOTE
r-release-windows-ix86+x86_64 0.99.4 7.00 39.00 46.00 NOTE
r-oldrel-windows-ix86+x86_64 0.99.4 9.00 55.00 64.00 NOTE

Check Details

Version: 0.99.4
Check: dependencies in R code
Result: NOTE
    'library' or 'require' calls in package code:
     ‘lars’ ‘randomForest’ ‘ridge’ ‘snowfall’ ‘tree’
     Please use :: or requireNamespace() instead.
     See section 'Suggested packages' in the 'Writing R Extensions' manual.
Flavors: r-devel-linux-x86_64-debian-clang, r-devel-linux-x86_64-debian-gcc, r-devel-linux-x86_64-fedora-clang, r-devel-linux-x86_64-fedora-gcc, r-devel-osx-x86_64-clang, r-devel-windows-ix86+x86_64, r-patched-linux-x86_64, r-patched-solaris-sparc, r-patched-solaris-x86, r-release-linux-x86_64, r-release-osx-x86_64-mavericks, r-release-windows-ix86+x86_64, r-oldrel-windows-ix86+x86_64

Version: 0.99.4
Check: R code for possible problems
Result: NOTE
    COBRA : COBRA.lars: no visible global function definition for ‘lars’
    COBRA : COBRA.lars: no visible global function definition for
     ‘predict.lars’
    COBRA : COBRA.tree: no visible global function definition for ‘tree’
    COBRA : COBRA.tree: no visible global function definition for
     ‘as.formula’
    COBRA : COBRA.tree: no visible global function definition for ‘predict’
    COBRA : COBRA.ridge: no visible global function definition for
     ‘linearRidge’
    COBRA : COBRA.ridge: no visible global function definition for
     ‘as.formula’
    COBRA : COBRA.ridge: no visible global function definition for
     ‘predict’
    COBRA : COBRA.randomForest: no visible global function definition for
     ‘randomForest’
    COBRA : COBRA.randomForest: no visible global function definition for
     ‘predict’
    COBRA: no visible global function definition for ‘sfInit’
    COBRA: no visible global function definition for ‘sfLibrary’
    COBRA: no visible global function definition for ‘sfExportAll’
    COBRA: no visible global function definition for ‘sfSapply’
    COBRA: no visible global function definition for ‘sfStop’
    COBRA: no visible global function definition for ‘write.table’
    COBRA: no visible global function definition for ‘pdf’
    COBRA: no visible global function definition for ‘plot’
    COBRA: no visible global function definition for ‘points’
    COBRA: no visible global function definition for ‘legend’
    COBRA: no visible global function definition for ‘abline’
    COBRA: no visible global function definition for ‘lines’
    COBRA: no visible global function definition for ‘dev.off’
    COBRA: no visible global function definition for ‘dev.new’
    Undefined global functions or variables:
     abline as.formula dev.new dev.off lars legend linearRidge lines pdf
     plot points predict predict.lars randomForest sfExportAll sfInit
     sfLibrary sfSapply sfStop tree write.table
Flavors: r-devel-linux-x86_64-debian-clang, r-devel-linux-x86_64-debian-gcc, r-devel-linux-x86_64-fedora-clang, r-devel-linux-x86_64-fedora-gcc, r-devel-windows-ix86+x86_64

Version: 0.99.4
Check: R code for possible problems
Result: NOTE
    COBRA : COBRA.lars: no visible global function definition for ‘lars’
    COBRA : COBRA.lars: no visible global function definition for
     ‘predict.lars’
    COBRA : COBRA.tree: no visible global function definition for ‘tree’
    COBRA : COBRA.ridge: no visible global function definition for
     ‘linearRidge’
    COBRA : COBRA.randomForest: no visible global function definition for
     ‘randomForest’
    COBRA: no visible global function definition for ‘sfInit’
    COBRA: no visible global function definition for ‘sfLibrary’
    COBRA: no visible global function definition for ‘sfExportAll’
    COBRA: no visible global function definition for ‘sfSapply’
    COBRA: no visible global function definition for ‘sfStop’
    Undefined global functions or variables:
     lars linearRidge predict.lars randomForest sfExportAll sfInit
     sfLibrary sfSapply sfStop tree
Flavor: r-devel-osx-x86_64-clang

Version: 0.99.4
Check: R code for possible problems
Result: NOTE
    COBRA : COBRA.lars: no visible global function definition for ‘lars’
    COBRA : COBRA.lars: no visible global function definition for
     ‘predict.lars’
    COBRA : COBRA.tree: no visible global function definition for ‘tree’
    COBRA : COBRA.ridge: no visible global function definition for
     ‘linearRidge’
    COBRA : COBRA.randomForest: no visible global function definition for
     ‘randomForest’
    COBRA: no visible global function definition for ‘sfInit’
    COBRA: no visible global function definition for ‘sfLibrary’
    COBRA: no visible global function definition for ‘sfExportAll’
    COBRA: no visible global function definition for ‘sfSapply’
    COBRA: no visible global function definition for ‘sfStop’
Flavors: r-patched-linux-x86_64, r-patched-solaris-sparc, r-patched-solaris-x86, r-release-linux-x86_64, r-release-osx-x86_64-mavericks, r-release-windows-ix86+x86_64, r-oldrel-windows-ix86+x86_64