CRAN Package Check Results for Package COBRA

Last updated on 2015-02-28 19:51:02.

Flavor Version Tinstall Tcheck Ttotal Status Flags
r-devel-linux-x86_64-debian-clang 0.99.4 0.80 15.03 15.83 NOTE
r-devel-linux-x86_64-debian-gcc 0.99.4 0.77 14.78 15.55 NOTE
r-devel-linux-x86_64-fedora-clang 0.99.4 29.75 NOTE
r-devel-linux-x86_64-fedora-gcc 0.99.4 27.94 NOTE
r-devel-osx-x86_64-clang 0.99.4 32.60 NOTE
r-devel-windows-ix86+x86_64 0.99.4 7.00 35.00 42.00 NOTE
r-patched-linux-x86_64 0.99.4 0.80 15.94 16.74 NOTE
r-patched-solaris-sparc 0.99.4 218.70 NOTE
r-patched-solaris-x86 0.99.4 45.30 NOTE
r-release-linux-ix86 0.99.4 1.20 26.33 27.53 NOTE
r-release-linux-x86_64 0.99.4 0.80 15.49 16.29 NOTE
r-release-osx-x86_64-mavericks 0.99.4 NOTE
r-release-windows-ix86+x86_64 0.99.4 5.00 37.00 42.00 NOTE
r-oldrel-windows-ix86+x86_64 0.99.4 5.00 43.00 48.00 OK

Check Details

Version: 0.99.4
Check: dependencies in R code
Result: NOTE
    'library' or 'require' calls in package code:
     ‘lars’ ‘randomForest’ ‘ridge’ ‘snowfall’ ‘tree’
     Please use :: or requireNamespace() instead.
     See section 'Suggested packages' in the 'Writing R Extensions' manual.
Flavors: r-devel-linux-x86_64-debian-clang, r-devel-linux-x86_64-debian-gcc, r-devel-linux-x86_64-fedora-clang, r-devel-linux-x86_64-fedora-gcc, r-devel-osx-x86_64-clang, r-devel-windows-ix86+x86_64, r-patched-linux-x86_64, r-patched-solaris-sparc, r-patched-solaris-x86

Version: 0.99.4
Check: R code for possible problems
Result: NOTE
    COBRA : COBRA.lars: no visible global function definition for ‘lars’
    COBRA : COBRA.lars: no visible global function definition for
     ‘predict.lars’
    COBRA : COBRA.tree: no visible global function definition for ‘tree’
    COBRA : COBRA.ridge: no visible global function definition for
     ‘linearRidge’
    COBRA : COBRA.randomForest: no visible global function definition for
     ‘randomForest’
    COBRA: no visible global function definition for ‘sfInit’
    COBRA: no visible global function definition for ‘sfLibrary’
    COBRA: no visible global function definition for ‘sfExportAll’
    COBRA: no visible global function definition for ‘sfSapply’
    COBRA: no visible global function definition for ‘sfStop’
Flavors: r-devel-linux-x86_64-debian-clang, r-devel-linux-x86_64-debian-gcc, r-devel-linux-x86_64-fedora-clang, r-devel-linux-x86_64-fedora-gcc, r-devel-osx-x86_64-clang, r-devel-windows-ix86+x86_64, r-patched-linux-x86_64, r-patched-solaris-sparc, r-patched-solaris-x86, r-release-linux-ix86, r-release-linux-x86_64, r-release-osx-x86_64-mavericks, r-release-windows-ix86+x86_64