CRAN Package Check Results for Package COBRA

Last updated on 2014-12-22 21:47:12.

Flavor Version Tinstall Tcheck Ttotal Status Flags
r-devel-linux-x86_64-debian-clang 0.99.4 0.84 16.32 17.16 NOTE
r-devel-linux-x86_64-debian-gcc 0.99.4 0.77 15.41 16.18 NOTE
r-devel-linux-x86_64-fedora-clang 0.99.4 34.26 NOTE
r-devel-linux-x86_64-fedora-gcc 0.99.4 30.38 NOTE
r-devel-osx-x86_64-clang 0.99.4 33.40 NOTE
r-devel-windows-ix86+x86_64 0.99.4 4.00 36.00 40.00 NOTE
r-patched-linux-x86_64 0.99.4 0.81 16.07 16.88 NOTE
r-patched-solaris-sparc 0.99.4 200.90 NOTE
r-patched-solaris-x86 0.99.4 45.30 NOTE
r-release-linux-ix86 0.99.4 1.20 23.86 25.06 NOTE
r-release-linux-x86_64 0.99.4 0.83 16.26 17.09 NOTE
r-release-osx-x86_64-mavericks 0.99.4 OK
r-release-windows-ix86+x86_64 0.99.4 5.00 39.00 44.00 NOTE
r-oldrel-windows-ix86+x86_64 0.99.4 5.00 40.00 45.00 OK

Check Details

Version: 0.99.4
Check: R code for possible problems
Result: NOTE
    COBRA : COBRA.lars: no visible global function definition for ‘lars’
    COBRA : COBRA.lars: no visible global function definition for
     ‘predict.lars’
    COBRA : COBRA.tree: no visible global function definition for ‘tree’
    COBRA : COBRA.ridge: no visible global function definition for
     ‘linearRidge’
    COBRA : COBRA.randomForest: no visible global function definition for
     ‘randomForest’
    COBRA: no visible global function definition for ‘sfInit’
    COBRA: no visible global function definition for ‘sfLibrary’
    COBRA: no visible global function definition for ‘sfExportAll’
    COBRA: no visible global function definition for ‘sfSapply’
    COBRA: no visible global function definition for ‘sfStop’
Flavors: r-devel-linux-x86_64-debian-clang, r-devel-linux-x86_64-debian-gcc, r-devel-linux-x86_64-fedora-clang, r-devel-linux-x86_64-fedora-gcc, r-devel-osx-x86_64-clang, r-devel-windows-ix86+x86_64, r-patched-linux-x86_64, r-patched-solaris-sparc, r-patched-solaris-x86, r-release-linux-ix86, r-release-linux-x86_64, r-release-windows-ix86+x86_64