CRAN Package Check Results for Package COBRA

Last updated on 2015-01-28 01:48:00.

Flavor Version Tinstall Tcheck Ttotal Status Flags
r-devel-linux-x86_64-debian-clang 0.99.4 0.82 15.77 16.59 NOTE
r-devel-linux-x86_64-debian-gcc 0.99.4 0.78 14.86 15.63 NOTE
r-devel-linux-x86_64-fedora-clang 0.99.4 32.89 NOTE
r-devel-linux-x86_64-fedora-gcc 0.99.4 32.61 NOTE
r-devel-osx-x86_64-clang 0.99.4 34.75 NOTE
r-devel-windows-ix86+x86_64 0.99.4 6.00 34.00 40.00 NOTE
r-patched-linux-x86_64 0.99.4 0.81 15.72 16.53 NOTE
r-patched-solaris-sparc 0.99.4 201.00 NOTE
r-patched-solaris-x86 0.99.4 44.30 NOTE
r-release-linux-ix86 0.99.4 1.18 23.74 24.92 NOTE
r-release-linux-x86_64 0.99.4 0.83 15.64 16.48 NOTE
r-release-osx-x86_64-mavericks 0.99.4 NOTE
r-release-windows-ix86+x86_64 0.99.4 5.00 38.00 43.00 NOTE
r-oldrel-windows-ix86+x86_64 0.99.4 4.00 56.00 60.00 OK

Check Details

Version: 0.99.4
Check: dependencies in R code
Result: NOTE
    'library' or 'require' calls in package code:
     ‘lars’ ‘randomForest’ ‘ridge’ ‘snowfall’ ‘tree’
     Please use :: or requireNamespace() instead.
     See section 'Suggested packages' in the 'Writing R Extensions' manual.
Flavors: r-devel-linux-x86_64-debian-clang, r-devel-linux-x86_64-debian-gcc, r-devel-linux-x86_64-fedora-clang, r-devel-linux-x86_64-fedora-gcc, r-devel-osx-x86_64-clang, r-devel-windows-ix86+x86_64

Version: 0.99.4
Check: R code for possible problems
Result: NOTE
    COBRA : COBRA.lars: no visible global function definition for ‘lars’
    COBRA : COBRA.lars: no visible global function definition for
     ‘predict.lars’
    COBRA : COBRA.tree: no visible global function definition for ‘tree’
    COBRA : COBRA.ridge: no visible global function definition for
     ‘linearRidge’
    COBRA : COBRA.randomForest: no visible global function definition for
     ‘randomForest’
    COBRA: no visible global function definition for ‘sfInit’
    COBRA: no visible global function definition for ‘sfLibrary’
    COBRA: no visible global function definition for ‘sfExportAll’
    COBRA: no visible global function definition for ‘sfSapply’
    COBRA: no visible global function definition for ‘sfStop’
Flavors: r-devel-linux-x86_64-debian-clang, r-devel-linux-x86_64-debian-gcc, r-devel-linux-x86_64-fedora-clang, r-devel-linux-x86_64-fedora-gcc, r-devel-osx-x86_64-clang, r-devel-windows-ix86+x86_64, r-patched-linux-x86_64, r-patched-solaris-sparc, r-patched-solaris-x86, r-release-linux-ix86, r-release-linux-x86_64, r-release-osx-x86_64-mavericks, r-release-windows-ix86+x86_64