CRAN Package Check Results for Package COBRA

Last updated on 2014-08-21 15:47:39.

Flavor Version Tinstall Tcheck Ttotal Status Flags
r-devel-linux-x86_64-debian-clang 0.99.4 0.72 15.84 16.56 OK
r-devel-linux-x86_64-debian-gcc 0.99.4 0.72 17.04 17.75 OK
r-devel-linux-x86_64-fedora-clang 0.99.4 34.29 NOTE
r-devel-linux-x86_64-fedora-gcc 0.99.4 29.05 NOTE
r-devel-osx-x86_64-clang 0.99.4 32.22 NOTE
r-devel-windows-ix86+x86_64 0.99.4 4.00 35.00 39.00 OK
r-patched-linux-x86_64 0.99.4 0.72 15.09 15.81 OK
r-patched-solaris-sparc 0.99.4 188.30 OK
r-patched-solaris-x86 0.99.4 43.30 OK
r-release-linux-ix86 0.99.4 1.18 24.62 25.80 OK
r-release-linux-x86_64 0.99.4 0.75 15.52 16.27 OK
r-release-osx-x86_64-mavericks 0.99.4 OK
r-release-windows-ix86+x86_64 0.99.4 4.00 34.00 38.00 OK
r-oldrel-windows-ix86+x86_64 0.99.4 5.00 36.00 41.00 OK

Check Details

Version: 0.99.4
Check: R code for possible problems
Result: NOTE
    COBRA : COBRA.lars: no visible global function definition for ‘lars’
    COBRA : COBRA.lars: no visible global function definition for
     ‘predict.lars’
    COBRA : COBRA.tree: no visible global function definition for ‘tree’
    COBRA : COBRA.ridge: no visible global function definition for
     ‘linearRidge’
    COBRA : COBRA.randomForest: no visible global function definition for
     ‘randomForest’
    COBRA: no visible global function definition for ‘sfInit’
    COBRA: no visible global function definition for ‘sfLibrary’
    COBRA: no visible global function definition for ‘sfExportAll’
    COBRA: no visible global function definition for ‘sfSapply’
    COBRA: no visible global function definition for ‘sfStop’
Flavors: r-devel-linux-x86_64-fedora-clang, r-devel-linux-x86_64-fedora-gcc, r-devel-osx-x86_64-clang