CRAN Package Check Results for Package COBRA

Last updated on 2014-04-24 11:48:43.

Flavor Version Tinstall Tcheck Ttotal Status Flags
r-devel-linux-x86_64-debian-clang 0.99.4 0.78 16.42 17.21 OK
r-devel-linux-x86_64-debian-gcc 0.99.4 0.78 15.95 16.73 OK
r-devel-linux-x86_64-fedora-clang 0.99.4 31.79 OK
r-devel-linux-x86_64-fedora-gcc 0.99.4 30.23 OK
r-devel-osx-x86_64-clang 0.99.4 34.62 OK
r-devel-osx-x86_64-gcc 0.99.4 OK
r-devel-windows-ix86+x86_64 0.99.4 4.00 34.00 38.00 OK
r-patched-linux-x86_64 0.99.4 0.76 15.86 16.62 OK
r-patched-solaris-sparc 0.99.4 189.50 OK
r-patched-solaris-x86 0.99.4 44.90 OK
r-release-linux-ix86 0.99.4 1.00 31.00 32.00 OK
r-release-linux-x86_64 0.99.4 0.78 15.85 16.62 OK
r-release-osx-x86_64-mavericks 0.99.4 WARN
r-release-windows-ix86+x86_64 0.99.4 4.00 35.00 39.00 OK
r-oldrel-windows-ix86+x86_64 0.99.4 6.00 35.00 41.00 OK

Check Details

Version: 0.99.4
Check: PDF version of manual
Result: WARNING
    LaTeX errors when creating PDF version.
    This typically indicates Rd problems.
    LaTeX errors found:
    ! LaTeX Error: File `upquote.sty' not found.
    
    Type X to quit or <RETURN> to proceed,
    or enter new name. (Default extension: sty)
    
    456f1e/Rd2.tex:8: ==> Fatal error occurred, no output PDF file produced!
Flavor: r-release-osx-x86_64-mavericks