CRAN Package Check Results for Package COBRA

Last updated on 2014-09-20 20:46:31.

Flavor Version Tinstall Tcheck Ttotal Status Flags
r-devel-linux-x86_64-debian-clang 0.99.4 0.70 15.39 16.10 NOTE
r-devel-linux-x86_64-debian-gcc 0.99.4 0.70 15.22 15.92 NOTE
r-devel-linux-x86_64-fedora-clang 0.99.4 30.80 NOTE
r-devel-linux-x86_64-fedora-gcc 0.99.4 25.72 NOTE
r-devel-osx-x86_64-clang 0.99.4 34.80 NOTE
r-devel-windows-ix86+x86_64 0.99.4 5.00 31.00 36.00 NOTE
r-patched-linux-x86_64 0.99.4 0.72 15.63 16.35 OK
r-patched-solaris-sparc 0.99.4 188.30 OK
r-patched-solaris-x86 0.99.4 43.00 OK
r-release-linux-ix86 0.99.4 1.18 24.95 26.13 OK
r-release-linux-x86_64 0.99.4 0.76 15.61 16.38 OK
r-release-osx-x86_64-mavericks 0.99.4 OK
r-release-windows-ix86+x86_64 0.99.4 4.00 35.00 39.00 OK
r-oldrel-windows-ix86+x86_64 0.99.4 5.00 36.00 41.00 OK

Check Details

Version: 0.99.4
Check: R code for possible problems
Result: NOTE
    COBRA : COBRA.lars: no visible global function definition for ‘lars’
    COBRA : COBRA.lars: no visible global function definition for
     ‘predict.lars’
    COBRA : COBRA.tree: no visible global function definition for ‘tree’
    COBRA : COBRA.ridge: no visible global function definition for
     ‘linearRidge’
    COBRA : COBRA.randomForest: no visible global function definition for
     ‘randomForest’
    COBRA: no visible global function definition for ‘sfInit’
    COBRA: no visible global function definition for ‘sfLibrary’
    COBRA: no visible global function definition for ‘sfExportAll’
    COBRA: no visible global function definition for ‘sfSapply’
    COBRA: no visible global function definition for ‘sfStop’
Flavors: r-devel-linux-x86_64-debian-clang, r-devel-linux-x86_64-debian-gcc, r-devel-linux-x86_64-fedora-clang, r-devel-linux-x86_64-fedora-gcc, r-devel-osx-x86_64-clang, r-devel-windows-ix86+x86_64