CRAN Package Check Results for Package COBRA

Last updated on 2014-10-26 03:47:28.

Flavor Version Tinstall Tcheck Ttotal Status Flags
r-devel-linux-x86_64-debian-clang 0.99.4 0.86 15.89 16.76 NOTE
r-devel-linux-x86_64-debian-gcc 0.99.4 0.80 16.10 16.90 NOTE
r-devel-linux-x86_64-fedora-clang 0.99.4 31.71 NOTE
r-devel-linux-x86_64-fedora-gcc 0.99.4 30.01 NOTE
r-devel-osx-x86_64-clang 0.99.4 33.35 NOTE
r-devel-windows-ix86+x86_64 0.99.4 4.00 37.00 41.00 NOTE
r-patched-linux-x86_64 0.99.4 0.82 16.09 16.91 NOTE
r-patched-solaris-sparc 0.99.4 194.00 NOTE
r-patched-solaris-x86 0.99.4 44.50 NOTE
r-release-linux-ix86 0.99.4 1.17 24.82 25.99 OK
r-release-linux-x86_64 0.99.4 0.76 15.72 16.48 OK
r-release-osx-x86_64-mavericks 0.99.4 OK
r-release-windows-ix86+x86_64 0.99.4 5.00 33.00 38.00 OK
r-oldrel-windows-ix86+x86_64 0.99.4 5.00 38.00 43.00 OK

Check Details

Version: 0.99.4
Check: R code for possible problems
Result: NOTE
    COBRA : COBRA.lars: no visible global function definition for ‘lars’
    COBRA : COBRA.lars: no visible global function definition for
     ‘predict.lars’
    COBRA : COBRA.tree: no visible global function definition for ‘tree’
    COBRA : COBRA.ridge: no visible global function definition for
     ‘linearRidge’
    COBRA : COBRA.randomForest: no visible global function definition for
     ‘randomForest’
    COBRA: no visible global function definition for ‘sfInit’
    COBRA: no visible global function definition for ‘sfLibrary’
    COBRA: no visible global function definition for ‘sfExportAll’
    COBRA: no visible global function definition for ‘sfSapply’
    COBRA: no visible global function definition for ‘sfStop’
Flavors: r-devel-linux-x86_64-debian-clang, r-devel-linux-x86_64-debian-gcc, r-devel-linux-x86_64-fedora-clang, r-devel-linux-x86_64-fedora-gcc, r-devel-osx-x86_64-clang, r-devel-windows-ix86+x86_64, r-patched-linux-x86_64, r-patched-solaris-sparc, r-patched-solaris-x86