CRAN Package Check Results for Package COBRA

Last updated on 2015-04-27 23:47:20.

Flavor Version Tinstall Tcheck Ttotal Status Flags
r-devel-linux-x86_64-debian-clang 0.99.4 0.81 15.34 16.15 NOTE
r-devel-linux-x86_64-debian-gcc 0.99.4 0.77 15.09 15.86 NOTE
r-devel-linux-x86_64-fedora-clang 0.99.4 29.60 NOTE
r-devel-linux-x86_64-fedora-gcc 0.99.4 27.97 NOTE
r-devel-osx-x86_64-clang 0.99.4 32.36 NOTE
r-devel-windows-ix86+x86_64 0.99.4 5.00 52.00 57.00 NOTE
r-patched-linux-x86_64 0.99.4 0.76 15.02 15.78 NOTE
r-patched-solaris-sparc 0.99.4 200.70 NOTE
r-patched-solaris-x86 0.99.4 40.50 NOTE
r-release-linux-x86_64 0.99.4 0.80 14.95 15.76 NOTE
r-release-osx-x86_64-mavericks 0.99.4 NOTE
r-release-osx-x86_64-snowleopard 0.99.4 NOTE
r-release-windows-ix86+x86_64 0.99.4 6.00 46.00 52.00 NOTE
r-oldrel-windows-ix86+x86_64 0.99.4 4.00 38.00 42.00 NOTE

Check Details

Version: 0.99.4
Check: dependencies in R code
Result: NOTE
    'library' or 'require' calls in package code:
     ‘lars’ ‘randomForest’ ‘ridge’ ‘snowfall’ ‘tree’
     Please use :: or requireNamespace() instead.
     See section 'Suggested packages' in the 'Writing R Extensions' manual.
Flavors: r-devel-linux-x86_64-debian-clang, r-devel-linux-x86_64-debian-gcc, r-devel-linux-x86_64-fedora-clang, r-devel-linux-x86_64-fedora-gcc, r-devel-osx-x86_64-clang, r-devel-windows-ix86+x86_64, r-patched-solaris-sparc, r-patched-solaris-x86, r-release-linux-x86_64, r-release-osx-x86_64-mavericks, r-release-osx-x86_64-snowleopard, r-release-windows-ix86+x86_64, r-oldrel-windows-ix86+x86_64

Version: 0.99.4
Check: R code for possible problems
Result: NOTE
    COBRA : COBRA.lars: no visible global function definition for ‘lars’
    COBRA : COBRA.lars: no visible global function definition for
     ‘predict.lars’
    COBRA : COBRA.tree: no visible global function definition for ‘tree’
    COBRA : COBRA.ridge: no visible global function definition for
     ‘linearRidge’
    COBRA : COBRA.randomForest: no visible global function definition for
     ‘randomForest’
    COBRA: no visible global function definition for ‘sfInit’
    COBRA: no visible global function definition for ‘sfLibrary’
    COBRA: no visible global function definition for ‘sfExportAll’
    COBRA: no visible global function definition for ‘sfSapply’
    COBRA: no visible global function definition for ‘sfStop’
Flavors: r-devel-linux-x86_64-debian-clang, r-devel-linux-x86_64-debian-gcc, r-devel-linux-x86_64-fedora-clang, r-devel-linux-x86_64-fedora-gcc, r-devel-osx-x86_64-clang, r-devel-windows-ix86+x86_64, r-patched-solaris-sparc, r-patched-solaris-x86, r-release-linux-x86_64, r-release-osx-x86_64-mavericks, r-release-osx-x86_64-snowleopard, r-release-windows-ix86+x86_64, r-oldrel-windows-ix86+x86_64