CRAN Package Check Results for Package COINr

Last updated on 2021-12-08 07:50:46 CET.

Flavor Version Tinstall Tcheck Ttotal Status Flags
r-devel-linux-x86_64-debian-clang 0.6.1 14.57 161.97 176.54 OK
r-devel-linux-x86_64-debian-gcc 0.6.1 12.09 119.76 131.85 OK
r-devel-linux-x86_64-fedora-clang 0.6.1 214.70 OK
r-devel-linux-x86_64-fedora-gcc 0.6.1 202.53 OK
r-devel-windows-x86_64-new-UL 0.6.1 33.00 220.00 253.00 OK
r-devel-windows-x86_64-new-TK 0.6.1 OK
r-devel-windows-x86_64-old 0.6.1 27.00 201.00 228.00 OK
r-patched-linux-x86_64 0.6.1 16.42 152.90 169.32 OK
r-release-linux-x86_64 0.6.1 10.95 152.26 163.21 OK
r-release-macos-arm64 0.6.1 OK
r-release-macos-x86_64 0.6.1 OK
r-release-windows-ix86+x86_64 0.6.1 20.00 190.00 210.00 OK
r-oldrel-macos-x86_64 0.6.1 OK
r-oldrel-windows-ix86+x86_64 0.6.1 5.00 8.00 13.00 ERROR

Check Details

Version: 0.6.1
Check: whether package can be installed
Result: ERROR
    Installation failed.
Flavor: r-oldrel-windows-ix86+x86_64