CRAN Package Check Results for Package CONDOP

Last updated on 2019-12-10 16:47:43 CET.

Flavor Version Tinstall Tcheck Ttotal Status Flags
r-devel-linux-x86_64-debian-clang 1.0 35.26 235.79 271.05 OK
r-devel-linux-x86_64-debian-gcc 1.0 32.76 181.29 214.05 OK
r-devel-linux-x86_64-fedora-clang 1.0 357.55 NOTE
r-devel-linux-x86_64-fedora-gcc 1.0 321.35 OK
r-devel-windows-ix86+x86_64 1.0 63.00 215.00 278.00 NOTE
r-devel-windows-ix86+x86_64-gcc8 1.0 85.00 208.00 293.00 NOTE
r-patched-linux-x86_64 1.0 33.24 208.04 241.28 OK
r-patched-solaris-x86 1.0 483.60 NOTE
r-release-linux-x86_64 1.0 32.18 205.51 237.69 OK
r-release-windows-ix86+x86_64 1.0 58.00 208.00 266.00 NOTE
r-release-osx-x86_64 1.0 ERROR
r-oldrel-windows-ix86+x86_64 1.0 42.00 188.00 230.00 NOTE
r-oldrel-osx-x86_64 1.0 NOTE

Check Details

Version: 1.0
Check: installed package size
Result: NOTE
     installed size is 9.4Mb
     sub-directories of 1Mb or more:
     data 6.5Mb
     extdata 2.6Mb
Flavors: r-devel-linux-x86_64-fedora-clang, r-devel-windows-ix86+x86_64, r-devel-windows-ix86+x86_64-gcc8, r-patched-solaris-x86, r-release-windows-ix86+x86_64, r-oldrel-windows-ix86+x86_64, r-oldrel-osx-x86_64

Version: 1.0
Check: whether package can be installed
Result: ERROR
    Installation failed.
Flavor: r-release-osx-x86_64