CRAN Package Check Results for Package CONDOP

Last updated on 2019-08-21 02:49:03 CEST.

Flavor Version Tinstall Tcheck Ttotal Status Flags
r-devel-linux-x86_64-debian-clang 1.0 33.92 213.75 247.67 OK
r-devel-linux-x86_64-debian-gcc 1.0 29.75 166.05 195.80 OK
r-devel-linux-x86_64-fedora-clang 1.0 318.58 NOTE
r-devel-linux-x86_64-fedora-gcc 1.0 297.68 OK
r-devel-windows-ix86+x86_64 1.0 91.00 282.00 373.00 NOTE
r-patched-linux-x86_64 1.0 32.42 207.78 240.20 OK
r-patched-solaris-x86 1.0 498.60 NOTE
r-release-linux-x86_64 1.0 31.43 204.76 236.19 OK
r-release-windows-ix86+x86_64 1.0 71.00 198.00 269.00 NOTE
r-release-osx-x86_64 1.0 ERROR
r-oldrel-windows-ix86+x86_64 1.0 58.00 276.00 334.00 NOTE
r-oldrel-osx-x86_64 1.0 NOTE

Check Details

Version: 1.0
Check: installed package size
Result: NOTE
     installed size is 9.4Mb
     sub-directories of 1Mb or more:
     data 6.5Mb
     extdata 2.6Mb
Flavors: r-devel-linux-x86_64-fedora-clang, r-devel-windows-ix86+x86_64, r-patched-solaris-x86, r-release-windows-ix86+x86_64, r-oldrel-windows-ix86+x86_64, r-oldrel-osx-x86_64

Version: 1.0
Check: package dependencies
Result: ERROR
    Packages required but not available:
     'GenomicRanges', 'GenomeInfoDb', 'S4Vectors', 'IRanges'
    
    See section ‘The DESCRIPTION file’ in the ‘Writing R Extensions’
    manual.
Flavor: r-release-osx-x86_64